{"id":410,"date":"2022-03-23T09:17:00","date_gmt":"2022-03-23T09:17:00","guid":{"rendered":"https:\/\/libreriahistoriasdebolsillo.com\/index.php\/about-us\/"},"modified":"2024-05-08T18:12:27","modified_gmt":"2024-05-09T00:12:27","slug":"about-us","status":"publish","type":"page","link":"https:\/\/libreriahistoriasdebolsillo.com\/index.php\/about-us\/","title":{"rendered":"Acerca de nosotros"},"content":{"rendered":"\n<div class=\"wp-block-stackable-carousel stk-block-carousel stk--is-slide stk--arrows-justify-space-between stk--arrows-align-center stk-block stk-cc17c7e\" data-slides-to-show=\"\" data-block-id=\"cc17c7e\"><style>@media screen and (max-width:689px){.stk-cc17c7e{margin-bottom:0px !important}}<\/style><div class=\"stk-block-carousel__content-wrapper\"><div class=\"stk-row stk-inner-blocks stk-block-content stk-block-carousel__slider-wrapper stk-content-align stk-cc17c7e-column\"><div class=\"stk-block-carousel__slider\" role=\"list\" data-autoplay=\"4000\" data-label-slide-of=\"Slide %%d of %%d\">\n<div class=\"wp-block-stackable-column stk-block-column stk-column stk-block stk-7f8db53\" data-v=\"4\" data-block-id=\"7f8db53\"><div class=\"stk-column-wrapper stk-block-column__content stk-container stk-7f8db53-container stk--no-background stk--no-padding\"><div class=\"stk-block-content stk-inner-blocks stk-7f8db53-inner-blocks\">\n<div class=\"wp-block-stackable-image stk-block-image stk-block stk-b7a90af\" data-block-id=\"b7a90af\"><figure><span class=\"stk-img-wrapper stk-image--shape-stretch\"><img loading=\"lazy\" decoding=\"async\" class=\"stk-img wp-image-4788\" src=\"http:\/\/libreriahistoriasdebolsillo.com\/wp-content\/uploads\/2024\/05\/Imagen-de-WhatsApp-2024-05-08-a-las-19.09.46_5afe5298.jpg\" width=\"1280\" height=\"720\" srcset=\"https:\/\/libreriahistoriasdebolsillo.com\/wp-content\/uploads\/2024\/05\/Imagen-de-WhatsApp-2024-05-08-a-las-19.09.46_5afe5298.jpg 1280w, https:\/\/libreriahistoriasdebolsillo.com\/wp-content\/uploads\/2024\/05\/Imagen-de-WhatsApp-2024-05-08-a-las-19.09.46_5afe5298-300x169.jpg 300w, https:\/\/libreriahistoriasdebolsillo.com\/wp-content\/uploads\/2024\/05\/Imagen-de-WhatsApp-2024-05-08-a-las-19.09.46_5afe5298-1024x576.jpg 1024w, https:\/\/libreriahistoriasdebolsillo.com\/wp-content\/uploads\/2024\/05\/Imagen-de-WhatsApp-2024-05-08-a-las-19.09.46_5afe5298-768x432.jpg 768w, https:\/\/libreriahistoriasdebolsillo.com\/wp-content\/uploads\/2024\/05\/Imagen-de-WhatsApp-2024-05-08-a-las-19.09.46_5afe5298-600x338.jpg 600w\" sizes=\"auto, (max-width: 1280px) 100vw, 1280px\" \/><\/span><\/figure><\/div>\n<\/div><\/div><\/div>\n\n\n\n<div class=\"wp-block-stackable-column stk-block-column stk-column stk-block stk-269a1ca stk-block-background stk--has-background-overlay\" data-v=\"4\" data-block-id=\"269a1ca\"><style>.stk-269a1ca{background-image:url(http:\/\/libreriahistoriasdebolsillo.com\/wp-content\/uploads\/2024\/05\/Imagen-de-WhatsApp-2024-05-08-a-las-19.09.45_252f2963.jpg) !important}<\/style><div class=\"stk-column-wrapper stk-block-column__content stk-container stk-269a1ca-container stk--no-background stk--no-padding\"><div class=\"stk-block-content stk-inner-blocks stk-269a1ca-inner-blocks\"><\/div><\/div><\/div>\n\n\n\n<div class=\"wp-block-stackable-column stk-block-column stk-column stk-block stk-019b84f stk-block-background stk--has-background-overlay\" data-v=\"4\" data-block-id=\"019b84f\"><style>.stk-019b84f{background-image:url(http:\/\/libreriahistoriasdebolsillo.com\/wp-content\/uploads\/2024\/05\/Imagen-de-WhatsApp-2024-05-08-a-las-19.09.45_0c6e9fe8.jpg) !important}<\/style><div class=\"stk-column-wrapper stk-block-column__content stk-container stk-019b84f-container stk--no-background stk--no-padding\"><div class=\"stk-block-content stk-inner-blocks stk-019b84f-inner-blocks\"><\/div><\/div><\/div>\n\n\n\n<div class=\"wp-block-stackable-column stk-block-column stk-column stk-block stk-64568cd stk-block-background stk--has-background-overlay\" data-v=\"4\" data-block-id=\"64568cd\"><style>.stk-64568cd{background-image:url(http:\/\/libreriahistoriasdebolsillo.com\/wp-content\/uploads\/2024\/05\/Imagen-de-WhatsApp-2024-05-08-a-las-19.09.45_09808b63.jpg) !important}<\/style><div class=\"stk-column-wrapper stk-block-column__content stk-container stk-64568cd-container stk--no-background stk--no-padding\"><div class=\"stk-block-content stk-inner-blocks stk-64568cd-inner-blocks\"><\/div><\/div><\/div>\n<\/div><div class=\"stk-block-carousel__buttons\"><button class=\"stk-block-carousel__button stk-block-carousel__button__prev\" aria-label=\"Previous slide\"><svg aria-hidden=\"true\" focusable=\"false\" data-prefix=\"fas\" data-icon=\"chevron-left\" class=\"svg-inline--fa fa-chevron-left\" xmlns=\"http:\/\/www.w3.org\/2000\/svg\" viewBox=\"0 0 320 512\" width=\"32\" height=\"32\"><path d=\"M34.52 239.03L228.87 44.69c9.37-9.37 24.57-9.37 33.94 0l22.67 22.67c9.36 9.36 9.37 24.52.04 33.9L131.49 256l154.02 154.75c9.34 9.38 9.32 24.54-.04 33.9l-22.67 22.67c-9.37 9.37-24.57 9.37-33.94 0L34.52 272.97c-9.37-9.37-9.37-24.57 0-33.94z\"><\/path><\/svg><\/button><button class=\"stk-block-carousel__button stk-block-carousel__button__next\" aria-label=\"Next slide\"><svg aria-hidden=\"true\" focusable=\"false\" data-prefix=\"fas\" data-icon=\"chevron-right\" class=\"svg-inline--fa fa-chevron-right\" xmlns=\"http:\/\/www.w3.org\/2000\/svg\" viewBox=\"0 0 320 512\" width=\"32\" height=\"32\"><path d=\"M285.476 272.971L91.132 467.314c-9.373 9.373-24.569 9.373-33.941 0l-22.667-22.667c-9.357-9.357-9.375-24.522-.04-33.901L188.505 256 34.484 101.255c-9.335-9.379-9.317-24.544.04-33.901l22.667-22.667c9.373-9.373 24.569-9.373 33.941 0L285.475 239.03c9.373 9.372 9.373 24.568.001 33.941z\"><\/path><\/svg><\/button><\/div><\/div><div class=\"stk-block-carousel__dots\" role=\"list\" data-label=\"Slide %%d\"><\/div><\/div><\/div>\n\n\n\n<div class=\"wp-block-stackable-spacer stk-block-spacer stk--no-padding stk-block stk-6090630\" data-block-id=\"6090630\"><style>.stk-6090630{height:31px !important}@media screen and (max-width:999px){.stk-6090630{height:80px !important}}@media screen and (max-width:689px){.stk-6090630{height:29px !important}}<\/style><\/div>\n\n\n\n<div class=\"wp-block-stackable-text stk-block-text stk-block stk-e10fc06\" data-block-id=\"e10fc06\"><style>.stk-e10fc06{margin-bottom:19px !important}.stk-e10fc06 .stk-block-text__text{font-size:15px !important;line-height:0.1em !important;text-transform:uppercase !important;font-style:normal !important;font-family:\"Baloo Bhaijaan 2\",Sans-serif !important;letter-spacing:2.2px !important}@media screen and (max-width:999px){.stk-e10fc06 .stk-block-text__text{font-size:15px !important}}<\/style><p class=\"stk-block-text__text has-text-align-center\"><strong>somos una librer\u00eda ubicada en p<\/strong><strong>iedras negras, coah. <\/strong><\/p><\/div>\n\n\n\n<div class=\"wp-block-stackable-text stk-block-text stk-block stk-dd7ad22\" data-block-id=\"dd7ad22\"><style>.stk-dd7ad22{margin-bottom:19px !important}.stk-dd7ad22 .stk-block-text__text{font-size:15px !important;line-height:0.1em !important;text-transform:uppercase !important;font-style:normal !important;font-family:\"Baloo Bhaijaan 2\",Sans-serif !important;letter-spacing:2.2px !important}@media screen and (max-width:999px){.stk-dd7ad22 .stk-block-text__text{font-size:15px !important}}<\/style><p class=\"stk-block-text__text has-text-align-center\"><strong>nos distinguimos por ser una librer\u00eda aliada y parte de la comunidad lgbtq+<\/strong><\/p><\/div>\n\n\n\n<div class=\"wp-block-stackable-text stk-block-text stk-block stk-cf96965\" data-block-id=\"cf96965\"><p class=\"stk-block-text__text\"><\/p><\/div>\n\n\n\n<div class=\"wp-block-stackable-text stk-block-text stk-block stk-6fe6068\" data-block-id=\"6fe6068\"><p class=\"stk-block-text__text has-text-align-center\"><strong>Historias de bolsillo naci\u00f3 un 13 de Octubre de 2021<\/strong>, <strong>aunque al inicio era una librer\u00eda super peque\u00f1a en un local de 3&#215;4 metros, logro crecer r\u00e1pidamente gracias a la comunidad lectora de la ciudad (y tambi\u00e9n a lectores de ciudades vecinas), actualmente librer\u00eda Historias de bolsillo sigue creciendo tanto en el tama\u00f1o como en la cantidad de lectores que la visitan, nuestro publico es muy variado ya que tratamos de satisfacer los gustos de todos los lectores que nos visitan. Hoy en d\u00eda contamos con un club de lectura oficial de la librer\u00eda con reuniones mensuales organizadas dentro de la misma librer\u00eda y tambi\u00e9n colaboramos con cafeter\u00edas organizando, dirigiendo y participando en clubs de lectura. Si te quedaste hasta este punto leyendo y conociendo la historia de la librer\u00eda, sabr\u00e1s que constantemente ofrecemos descuentos en d\u00edas especiales del a\u00f1o y ofertas flash que en esta web se ver\u00e1n reflejados como cupones de descuento, as\u00ed que te invitamos a que te registres y crees una cuenta para que puedas obtener estos cupones de descuento especiales.<\/strong><\/p><\/div>\n\n\n\n<div class=\"wp-block-stackable-spacer stk-block-spacer stk--no-padding stk-block stk-b53b987\" data-block-id=\"b53b987\"><style>.stk-b53b987{height:37px !important}@media screen and (max-width:999px){.stk-b53b987{height:100px !important}}<\/style><\/div>\n\n\n\n<div class=\"wp-block-stackable-map stk-block-map stk-block stk-94b1e92 stk-block-background\" data-block-id=\"94b1e92\"><style>.stk-94b1e92{background-color:var(--theme-palette-color-1,#ffcd05) !important}.stk-94b1e92:before{background-color:var(--theme-palette-color-1,#ffcd05) !important}<\/style><iframe\n\t\t\t\t\t\ttitle=\"Embedded content from Google Maps Platform.\"\n\t\t\t\t\t\tsrc=\"https:\/\/maps.google.com\/maps?q=Av. Roman Cepeda 401, Buena Vista Nte, 26040 Piedras Negras, Coah., M\u00e9xico&#038;t=&#038;z=15&#038;ie=UTF8&#038;output=embed\"\n\t\t\t\t\t\tstyle=\"border:0;width:100%;max-width:none;max-height:none;height:100%;\"\n\t\t\t\t\t\taria-hidden=\"false\"\n\t\t\t\t\t\ttabIndex=\"0\"\n\t\t\t\t\t\tallowfullscreen\n\t\t\t\t\t\tloading=\"lazy\"\n\t\t\t\t\t\tframeBorder=\"0\"\n\t\t\t\t\t><\/iframe><\/div>\n","protected":false},"excerpt":{"rendered":"<p>somos una librer\u00eda ubicada en piedras negras, coah. nos distinguimos por ser una librer\u00eda aliada y parte de la comunidad lgbtq+ Historias de bolsillo naci\u00f3 un 13 de Octubre de 2021, aunque al inicio era una librer\u00eda super peque\u00f1a en un local de 3&#215;4 metros, logro crecer r\u00e1pidamente gracias a la comunidad lectora de la [&hellip;]<\/p>\n","protected":false},"author":1,"featured_media":0,"parent":0,"menu_order":0,"comment_status":"closed","ping_status":"closed","template":"","meta":{"_joinchat":[],"footnotes":""},"class_list":["post-410","page","type-page","status-publish","hentry"],"blocksy_meta":{"page_title_panel":"","has_hero_section":"disabled","d62764b6e9bb0aaea5ca5b89dbc46beb":"","hero_section":"type-1","hero_elements":[{"id":"custom_title","enabled":true,"heading_tag":"h1","title":"Home"},{"id":"custom_description","enabled":true,"description_visibility":{"desktop":true,"tablet":true,"mobile":false}},{"id":"custom_meta","enabled":false,"meta_elements":[{"id":"author","enabled":true,"label":"By","has_author_avatar":"yes","avatar_size":25},{"id":"post_date","enabled":true,"label":"On","date_format_source":"default","date_format":"M j, Y"},{"id":"updated_date","enabled":false,"label":"On","date_format_source":"default","date_format":"M j, Y"},{"id":"categories","enabled":false,"label":"In","style":"simple"},{"id":"comments","enabled":true}],"page_meta_elements":{"joined":true,"articles_count":true,"comments":true}},{"id":"breadcrumbs","enabled":false}],"fae67ca3721c76f07332a34e2e1279c1":"","hero_alignment1":"CT_CSS_SKIP_RULE","hero_margin":40,"hero_alignment2":"center","hero_vertical_alignment":"center","265681bca8ef66c998345d5f49e0a641":"","hero_structure":"narrow","9fd6ae2320326ef29e9de4a6fabe4476":"","page_title_bg_type":"featured_image","custom_hero_background":{"attachment_id":null},"parallax":{"desktop":false,"tablet":false,"mobile":false},"7b759c92badcf9bd8e5dad0e24feb678":"","hero_height":"250px","pageTitleFont":{"family":"Default","variation":"Default","size":"30px","line-height":"CT_CSS_SKIP_RULE","letter-spacing":"CT_CSS_SKIP_RULE","text-transform":"CT_CSS_SKIP_RULE","text-decoration":"CT_CSS_SKIP_RULE"},"pageTitleFontColor":{"default":{"color":"CT_CSS_SKIP_RULEDEFAULT"}},"pageMetaFont":{"family":"Default","variation":"n6","size":"12px","line-height":"1.3","letter-spacing":"CT_CSS_SKIP_RULE","text-transform":"uppercase","text-decoration":"CT_CSS_SKIP_RULE"},"pageMetaFontColor":{"default":{"color":"CT_CSS_SKIP_RULEDEFAULT"},"hover":{"color":"CT_CSS_SKIP_RULEDEFAULT"}},"page_meta_button_type_font_colors":{"default":{"color":"CT_CSS_SKIP_RULEDEFAULT"},"hover":{"color":"CT_CSS_SKIP_RULEDEFAULT"}},"page_meta_button_type_background_colors":{"default":{"color":"CT_CSS_SKIP_RULEDEFAULT"},"hover":{"color":"CT_CSS_SKIP_RULEDEFAULT"}},"pageExcerptFont":{"family":"Default","variation":"Default","size":"CT_CSS_SKIP_RULE","line-height":"CT_CSS_SKIP_RULE","letter-spacing":"CT_CSS_SKIP_RULE","text-transform":"CT_CSS_SKIP_RULE","text-decoration":"CT_CSS_SKIP_RULE"},"pageExcerptColor":{"default":{"color":"CT_CSS_SKIP_RULEDEFAULT"}},"breadcrumbsFont":{"family":"Default","variation":"Default","size":"CT_CSS_SKIP_RULE","line-height":"CT_CSS_SKIP_RULE","letter-spacing":"CT_CSS_SKIP_RULE","text-transform":"CT_CSS_SKIP_RULE","text-decoration":"CT_CSS_SKIP_RULE"},"breadcrumbsFontColor":{"default":{"color":"CT_CSS_SKIP_RULEDEFAULT"},"initial":{"color":"CT_CSS_SKIP_RULEDEFAULT"},"hover":{"color":"CT_CSS_SKIP_RULEDEFAULT"}},"pageTitleOverlay":{"background_type":"color","background_pattern":"type-1","background_image":{"attachment_id":null,"x":0,"y":0},"gradient":"linear-gradient(135deg,rgba(6,147,227,1) 0%,rgb(155,81,224) 100%)","background_repeat":"repeat","background_size":"auto","background_attachment":"scroll","patternColor":{"default":{"color":"#e5e7ea"}},"overlayColor":{"default":{"color":"CT_CSS_SKIP_RULE"}},"backgroundColor":{"default":{"color":"CT_CSS_SKIP_RULE"}}},"pageTitleBackground":{"background_type":"color","background_pattern":"type-1","background_image":{"attachment_id":null,"x":0,"y":0},"gradient":"linear-gradient(135deg,rgba(6,147,227,1) 0%,rgb(155,81,224) 100%)","background_repeat":"repeat","background_size":"auto","background_attachment":"scroll","patternColor":{"default":{"color":"#e5e7ea"}},"overlayColor":{"default":{"color":"CT_CSS_SKIP_RULE"}},"backgroundColor":{"default":{"color":"var(--theme-palette-color-6)"}}},"pageTitlePadding":{"top":"50px","bottom":"50px","left":"auto","right":"auto","linked":true},"f4fc0fcaa853d290d42c96e8f6d5b869":"","page_structure_type":"default","0b26d651a8d2ebb2a14a963ba8c4895c":"","content_style_source":"inherit","content_style":"wide","vertical_spacing_source":"custom","content_area_spacing":"none","background":{"background_type":"color","background_pattern":"type-1","background_image":{"attachment_id":null,"x":0,"y":0},"gradient":"linear-gradient(135deg,rgba(6,147,227,1) 0%,rgb(155,81,224) 100%)","background_repeat":"repeat","background_size":"auto","background_attachment":"scroll","patternColor":{"default":{"color":"#e5e7ea"}},"overlayColor":{"default":{"color":"CT_CSS_SKIP_RULE"}},"backgroundColor":{"default":{"color":"CT_CSS_SKIP_RULE"}}},"content_background":{"background_type":"color","background_pattern":"type-1","background_image":{"attachment_id":null,"x":0,"y":0},"gradient":"linear-gradient(135deg,rgba(6,147,227,1) 0%,rgb(155,81,224) 100%)","background_repeat":"repeat","background_size":"auto","background_attachment":"scroll","patternColor":{"default":{"color":"#e5e7ea"}},"overlayColor":{"default":{"color":"CT_CSS_SKIP_RULE"}},"backgroundColor":{"default":{"color":"var(--theme-palette-color-8)"}}},"content_boxed_shadow":{"inherit":false,"blur":18,"spread":-6,"v_offset":12,"h_offset":0,"inset":false,"enable":true,"color":{"color":"rgba(34, 56, 101, 0.04)"}},"boxed_content_spacing":{"desktop":{"top":"40px","bottom":"40px","left":"40px","right":"40px","linked":true},"tablet":{"top":"35px","bottom":"35px","left":"35px","right":"35px","linked":true},"mobile":{"top":"20px","bottom":"20px","left":"20px","right":"20px","linked":true}},"content_boxed_radius":{"top":"3px","bottom":"3px","left":"3px","right":"3px","linked":true},"d5f159e47b7a7b57e3af8576c3a511fa":"","disable_featured_image":"no","disable_share_box":"no","disable_header":"no","disable_footer":"no","styles_descriptor":{"styles":{"desktop":"","tablet":"","mobile":""},"google_fonts":[],"version":6}},"_links":{"self":[{"href":"https:\/\/libreriahistoriasdebolsillo.com\/index.php\/wp-json\/wp\/v2\/pages\/410","targetHints":{"allow":["GET"]}}],"collection":[{"href":"https:\/\/libreriahistoriasdebolsillo.com\/index.php\/wp-json\/wp\/v2\/pages"}],"about":[{"href":"https:\/\/libreriahistoriasdebolsillo.com\/index.php\/wp-json\/wp\/v2\/types\/page"}],"author":[{"embeddable":true,"href":"https:\/\/libreriahistoriasdebolsillo.com\/index.php\/wp-json\/wp\/v2\/users\/1"}],"replies":[{"embeddable":true,"href":"https:\/\/libreriahistoriasdebolsillo.com\/index.php\/wp-json\/wp\/v2\/comments?post=410"}],"version-history":[{"count":16,"href":"https:\/\/libreriahistoriasdebolsillo.com\/index.php\/wp-json\/wp\/v2\/pages\/410\/revisions"}],"predecessor-version":[{"id":4792,"href":"https:\/\/libreriahistoriasdebolsillo.com\/index.php\/wp-json\/wp\/v2\/pages\/410\/revisions\/4792"}],"wp:attachment":[{"href":"https:\/\/libreriahistoriasdebolsillo.com\/index.php\/wp-json\/wp\/v2\/media?parent=410"}],"curies":[{"name":"wp","href":"https:\/\/api.w.org\/{rel}","templated":true}]}}