{"id":1008,"date":"2023-11-21T11:54:19","date_gmt":"2023-11-21T17:54:19","guid":{"rendered":"https:\/\/libreriahistoriasdebolsillo.com\/?post_type=product&#038;p=1008"},"modified":"2024-07-18T16:25:15","modified_gmt":"2024-07-18T22:25:15","slug":"rearma-tu-vida-hoy","status":"publish","type":"product","link":"https:\/\/libreriahistoriasdebolsillo.com\/index.php\/producto\/rearma-tu-vida-hoy\/","title":{"rendered":"Rearma tu vida hoy"},"content":{"rendered":"<p>La vida a veces nos lanza cambios inesperados, pero con un poco de ayuda puedes aprender a reunir tu fuerza interior y recuperarte de la adversidad. Si tienes dificultades para lidiar con grandes cambios, o quisieras tener la resistencia para manejar la presi\u00f3n con mayor facilidad, no busques m\u00e1s. Rearma tu vida hoy te ofrece consejos, frases positivas y actividades divertidas para que logres una versi\u00f3n de ti m\u00e1s flexible, fuerte y resiliente.<\/p>\n","protected":false},"excerpt":{"rendered":"<p>Anna Barnes<\/p>\n","protected":false},"featured_media":1009,"template":"","meta":{"_joinchat":[]},"product_brand":[],"product_cat":[58,41],"product_tag":[48],"class_list":{"0":"post-1008","1":"product","2":"type-product","3":"status-publish","4":"has-post-thumbnail","6":"product_cat-desarrollo-humano-y-superacion","7":"product_cat-desarrollo-humano","8":"product_tag-vr-editoras","10":"first","11":"instock","12":"shipping-taxable","13":"purchasable","14":"product-type-simple"},"_links":{"self":[{"href":"https:\/\/libreriahistoriasdebolsillo.com\/index.php\/wp-json\/wp\/v2\/product\/1008","targetHints":{"allow":["GET"]}}],"collection":[{"href":"https:\/\/libreriahistoriasdebolsillo.com\/index.php\/wp-json\/wp\/v2\/product"}],"about":[{"href":"https:\/\/libreriahistoriasdebolsillo.com\/index.php\/wp-json\/wp\/v2\/types\/product"}],"wp:featuredmedia":[{"embeddable":true,"href":"https:\/\/libreriahistoriasdebolsillo.com\/index.php\/wp-json\/wp\/v2\/media\/1009"}],"wp:attachment":[{"href":"https:\/\/libreriahistoriasdebolsillo.com\/index.php\/wp-json\/wp\/v2\/media?parent=1008"}],"wp:term":[{"taxonomy":"product_brand","embeddable":true,"href":"https:\/\/libreriahistoriasdebolsillo.com\/index.php\/wp-json\/wp\/v2\/product_brand?post=1008"},{"taxonomy":"product_cat","embeddable":true,"href":"https:\/\/libreriahistoriasdebolsillo.com\/index.php\/wp-json\/wp\/v2\/product_cat?post=1008"},{"taxonomy":"product_tag","embeddable":true,"href":"https:\/\/libreriahistoriasdebolsillo.com\/index.php\/wp-json\/wp\/v2\/product_tag?post=1008"}],"curies":[{"name":"wp","href":"https:\/\/api.w.org\/{rel}","templated":true}]}}