{"id":1023,"date":"2023-11-21T12:12:33","date_gmt":"2023-11-21T18:12:33","guid":{"rendered":"https:\/\/libreriahistoriasdebolsillo.com\/?post_type=product&#038;p=1023"},"modified":"2024-07-26T16:45:29","modified_gmt":"2024-07-26T22:45:29","slug":"olfato-millonario","status":"publish","type":"product","link":"https:\/\/libreriahistoriasdebolsillo.com\/index.php\/producto\/olfato-millonario\/","title":{"rendered":"Olfato millonario"},"content":{"rendered":"<p>Del exitoso autor de\u00a0<em>Mente millonaria<\/em>\u00a0e<em>\u00a0Impuso Millonario<\/em>, este libro nos da las claves para leer el nuevo panorama laboral, econ\u00f3mico y profesional. Aqu\u00ed encontrar\u00e1s consejos invaluables, historias de la vida real, ejercicios y m\u00e9todos pr\u00e1cticos para adaptarte a los cambios.\u00a0<em>Olfato millonario<\/em>\u00a0ser\u00e1 tu mejor gu\u00eda para fortalecer tu salud financiera y emocional, aprender a ver las crisis como oportunidades y sacarles ventaja.<\/p>\n","protected":false},"excerpt":{"rendered":"<p>Gerardo Garcia Manjarrez<\/p>\n","protected":false},"featured_media":1024,"template":"","meta":{"_joinchat":[]},"product_brand":[],"product_cat":[58,41],"product_tag":[48],"class_list":{"0":"post-1023","1":"product","2":"type-product","3":"status-publish","4":"has-post-thumbnail","6":"product_cat-desarrollo-humano-y-superacion","7":"product_cat-desarrollo-humano","8":"product_tag-vr-editoras","10":"first","11":"instock","12":"shipping-taxable","13":"purchasable","14":"product-type-simple"},"_links":{"self":[{"href":"https:\/\/libreriahistoriasdebolsillo.com\/index.php\/wp-json\/wp\/v2\/product\/1023","targetHints":{"allow":["GET"]}}],"collection":[{"href":"https:\/\/libreriahistoriasdebolsillo.com\/index.php\/wp-json\/wp\/v2\/product"}],"about":[{"href":"https:\/\/libreriahistoriasdebolsillo.com\/index.php\/wp-json\/wp\/v2\/types\/product"}],"wp:featuredmedia":[{"embeddable":true,"href":"https:\/\/libreriahistoriasdebolsillo.com\/index.php\/wp-json\/wp\/v2\/media\/1024"}],"wp:attachment":[{"href":"https:\/\/libreriahistoriasdebolsillo.com\/index.php\/wp-json\/wp\/v2\/media?parent=1023"}],"wp:term":[{"taxonomy":"product_brand","embeddable":true,"href":"https:\/\/libreriahistoriasdebolsillo.com\/index.php\/wp-json\/wp\/v2\/product_brand?post=1023"},{"taxonomy":"product_cat","embeddable":true,"href":"https:\/\/libreriahistoriasdebolsillo.com\/index.php\/wp-json\/wp\/v2\/product_cat?post=1023"},{"taxonomy":"product_tag","embeddable":true,"href":"https:\/\/libreriahistoriasdebolsillo.com\/index.php\/wp-json\/wp\/v2\/product_tag?post=1023"}],"curies":[{"name":"wp","href":"https:\/\/api.w.org\/{rel}","templated":true}]}}