{"id":1034,"date":"2023-11-21T12:21:10","date_gmt":"2023-11-21T18:21:10","guid":{"rendered":"https:\/\/libreriahistoriasdebolsillo.com\/?post_type=product&#038;p=1034"},"modified":"2025-09-01T14:00:54","modified_gmt":"2025-09-01T20:00:54","slug":"padre-rico-padre-pobre-ed-25-aniversario","status":"publish","type":"product","link":"https:\/\/libreriahistoriasdebolsillo.com\/index.php\/producto\/padre-rico-padre-pobre-ed-25-aniversario\/","title":{"rendered":"Padre rico, padre pobre (Ed. 25 aniversario)"},"content":{"rendered":"<p><span class=\"a-text-bold\">Basado en el principio de que los bienes que generan ingreso siempre dan mejores resultados que los trabajos tradicionales, Robert Kiyosaki explica c\u00f3mo pueden adquirirse dichos bienes para, eventualmente, olvidarse de trabajar.<\/span><\/p>\n<p>El libro #1 de finanzas personales. Con un estilo claro y ameno, este libro te pondr\u00e1 en el camino directo al \u00e9xito financiero y as\u00ed lograr\u00e1s que el dinero trabaje para ti. Padre rico Padre pobre es el bestseller que revolucion\u00f3 la forma de entender las finanzas personales. El autor y conferencista Robert Kiyosaki desarroll\u00f3 una perspectiva econ\u00f3mica \u00fanica a partir de la exposici\u00f3n que tuvo a dos influencias: su propio padre, altamente educado pero muy inestable y el padre multimillonario, sin educaci\u00f3n universitaria, de su mejor amigo. Los problemas monetarios que su Padre pobre experiment\u00f3 toda la vida (con cheques mensuales muy respetables pero nunca suficientes) romp\u00edan con lo que le comunicaba su Padre rico: que la clase pobre y la clase media trabajan por dinero pero la clase alta, hace que el dinero trabaje para ellos. Kiyosaki presenta la filosof\u00eda detr\u00e1s de esta relaci\u00f3n excepcional con el dinero. Este libro aboga de manera convincente por el tipo de conocimiento financiero que nunca se ense\u00f1a en las escuelas. Padre rico padre pobre lo ayudar\u00e1 a: -Derribar el mito de que usted necesita tener un ingreso elevado para hacerse rico. -Desafiar la creencia de que su casa es una inversi\u00f3n. -Mostrar a los padres por qu\u00e9 no confiar en el sistema escolar para la ense\u00f1anza de sus hijos acerca del dinero. -Definir de una vez y para siempre qu\u00e9 es una inversi\u00f3n y qu\u00e9 es una obligaci\u00f3n. -Mostrar qu\u00e9 ense\u00f1ar a los hijos acerca del dinero para su futuro \u00e9xito financiero.<\/p>\n","protected":false},"excerpt":{"rendered":"<p>Robert T. Kiyosaki<\/p>\n","protected":false},"featured_media":1035,"template":"","meta":{"_joinchat":[]},"product_brand":[],"product_cat":[58,41],"product_tag":[34],"class_list":{"0":"post-1034","1":"product","2":"type-product","3":"status-publish","4":"has-post-thumbnail","6":"product_cat-desarrollo-humano-y-superacion","7":"product_cat-desarrollo-humano","8":"product_tag-penguin-random-house","10":"first","11":"outofstock","12":"shipping-taxable","13":"purchasable","14":"product-type-simple"},"_links":{"self":[{"href":"https:\/\/libreriahistoriasdebolsillo.com\/index.php\/wp-json\/wp\/v2\/product\/1034","targetHints":{"allow":["GET"]}}],"collection":[{"href":"https:\/\/libreriahistoriasdebolsillo.com\/index.php\/wp-json\/wp\/v2\/product"}],"about":[{"href":"https:\/\/libreriahistoriasdebolsillo.com\/index.php\/wp-json\/wp\/v2\/types\/product"}],"wp:featuredmedia":[{"embeddable":true,"href":"https:\/\/libreriahistoriasdebolsillo.com\/index.php\/wp-json\/wp\/v2\/media\/1035"}],"wp:attachment":[{"href":"https:\/\/libreriahistoriasdebolsillo.com\/index.php\/wp-json\/wp\/v2\/media?parent=1034"}],"wp:term":[{"taxonomy":"product_brand","embeddable":true,"href":"https:\/\/libreriahistoriasdebolsillo.com\/index.php\/wp-json\/wp\/v2\/product_brand?post=1034"},{"taxonomy":"product_cat","embeddable":true,"href":"https:\/\/libreriahistoriasdebolsillo.com\/index.php\/wp-json\/wp\/v2\/product_cat?post=1034"},{"taxonomy":"product_tag","embeddable":true,"href":"https:\/\/libreriahistoriasdebolsillo.com\/index.php\/wp-json\/wp\/v2\/product_tag?post=1034"}],"curies":[{"name":"wp","href":"https:\/\/api.w.org\/{rel}","templated":true}]}}