{"id":1038,"date":"2023-11-21T12:23:09","date_gmt":"2023-11-21T18:23:09","guid":{"rendered":"https:\/\/libreriahistoriasdebolsillo.com\/?post_type=product&#038;p=1038"},"modified":"2026-04-23T13:04:40","modified_gmt":"2026-04-23T19:04:40","slug":"si-lo-crees-lo-creas","status":"publish","type":"product","link":"https:\/\/libreriahistoriasdebolsillo.com\/index.php\/producto\/si-lo-crees-lo-creas\/","title":{"rendered":"Si lo crees, lo creas"},"content":{"rendered":"<p>Descubre los secretos para eliminar pensamientos y conductas negativas y desbloquear todo tu<b>\u00a0potencial para el \u00e9xito<\/b>. Si te sientes atrapado, abrumado o incapaz de escapar de tus pensamientos negativos, este libro te pondr\u00e1 en el\u00a0<b>camino correcto.<\/b><\/p>\n<p>Ya sea que esta negatividad provenga de una relaci\u00f3n pasada que termin\u00f3 mal, un traumainfantil, un fracaso profesional o simple inseguridad, este libro te ayudar\u00e1 a reconocer c\u00f3mo la\u00a0<b>negatividad consciente<\/b>\u00a0(y muchas veces inconsciente) afecta tu personalidad, tu perspectiva y tus decisiones.<\/p>\n<p><i>Si lo crees, lo creas<\/i>\u00a0est\u00e1 lleno de\u00a0<b>consejos reveladores<\/b>\u00a0del autor bestseller Brian Tracy, junto con el asesoramiento de la psicoterapeuta Christina Stein; aprender\u00e1s a identificar y\u00a0<b>superar patrones\u00a0<\/b>e ideas perjudiciales, a recuperar el control de tus pensamientos, sentimientos y acciones, a convertir lo negativo en positivo y a aceptar cambios de vida inesperados sin caer en viejos patrones negativos para alcanzar tus metas y\u00a0<b>sentirte satisfecho.<\/b><\/p>\n","protected":false},"excerpt":{"rendered":"<p>Brian Tracy<\/p>\n","protected":false},"featured_media":1039,"template":"","meta":{"_joinchat":[]},"product_brand":[],"product_cat":[58,41],"product_tag":[34],"class_list":{"0":"post-1038","1":"product","2":"type-product","3":"status-publish","4":"has-post-thumbnail","6":"product_cat-desarrollo-humano-y-superacion","7":"product_cat-desarrollo-humano","8":"product_tag-penguin-random-house","10":"first","11":"instock","12":"shipping-taxable","13":"purchasable","14":"product-type-simple"},"_links":{"self":[{"href":"https:\/\/libreriahistoriasdebolsillo.com\/index.php\/wp-json\/wp\/v2\/product\/1038","targetHints":{"allow":["GET"]}}],"collection":[{"href":"https:\/\/libreriahistoriasdebolsillo.com\/index.php\/wp-json\/wp\/v2\/product"}],"about":[{"href":"https:\/\/libreriahistoriasdebolsillo.com\/index.php\/wp-json\/wp\/v2\/types\/product"}],"wp:featuredmedia":[{"embeddable":true,"href":"https:\/\/libreriahistoriasdebolsillo.com\/index.php\/wp-json\/wp\/v2\/media\/1039"}],"wp:attachment":[{"href":"https:\/\/libreriahistoriasdebolsillo.com\/index.php\/wp-json\/wp\/v2\/media?parent=1038"}],"wp:term":[{"taxonomy":"product_brand","embeddable":true,"href":"https:\/\/libreriahistoriasdebolsillo.com\/index.php\/wp-json\/wp\/v2\/product_brand?post=1038"},{"taxonomy":"product_cat","embeddable":true,"href":"https:\/\/libreriahistoriasdebolsillo.com\/index.php\/wp-json\/wp\/v2\/product_cat?post=1038"},{"taxonomy":"product_tag","embeddable":true,"href":"https:\/\/libreriahistoriasdebolsillo.com\/index.php\/wp-json\/wp\/v2\/product_tag?post=1038"}],"curies":[{"name":"wp","href":"https:\/\/api.w.org\/{rel}","templated":true}]}}