{"id":1072,"date":"2023-11-21T12:48:15","date_gmt":"2023-11-21T18:48:15","guid":{"rendered":"https:\/\/libreriahistoriasdebolsillo.com\/?post_type=product&#038;p=1072"},"modified":"2024-10-02T14:48:40","modified_gmt":"2024-10-02T20:48:40","slug":"el-secreto-de-la-negociacion","status":"publish","type":"product","link":"https:\/\/libreriahistoriasdebolsillo.com\/index.php\/producto\/el-secreto-de-la-negociacion\/","title":{"rendered":"El secreto de la negociaci\u00f3n"},"content":{"rendered":"<p>C\u00d3MO IMPROVISAR ACUERDOS EN UN MUNDO CA\u00d3TICO \u201cTODOS TIENEN UN PLAN HASTA QUE RECIBEN UN PU\u00d1ETAZO EN LA CARA\u201d. (MIKE TYSON) Esto puede suceder en cualquier negociaci\u00f3n, ya que es, ante todo, una interacci\u00f3n y, para mantener una ventaja, debes ser flexible y estar abierto a las posibilidades. El secreto de la negociaci\u00f3n ense\u00f1a c\u00f3mo los maestros negociadores prosperan frente al caos y la incertidumbre. No se atrapan con planes r\u00edgidos y, en su lugar, entienden la negociaci\u00f3n como un proceso de exploraci\u00f3n que exige aprendizaje continuo, adaptaci\u00f3n e influencia. Michael Wheeler ilumina la naturaleza de la negociaci\u00f3n bas\u00e1ndose en su propia investigaci\u00f3n con ejemplos claros y pr\u00e1cticos extra\u00eddos de campos tan diversos como el jazz, los deportes, el teatro e incluso la estrategia militar. Aprende a ser un experto en conseguir acuerdos y una persona capaz de realizar movimientos inteligentes y creativos ante cualquier negociaci\u00f3n, tal como lo demanda el complejo mundo en el que nos desenvolvemos a diario.<\/p>\n","protected":false},"excerpt":{"rendered":"<p>Michael Wheeler<\/p>\n","protected":false},"featured_media":1073,"template":"","meta":{"_joinchat":[]},"product_brand":[],"product_cat":[58,41],"product_tag":[48],"class_list":{"0":"post-1072","1":"product","2":"type-product","3":"status-publish","4":"has-post-thumbnail","6":"product_cat-desarrollo-humano-y-superacion","7":"product_cat-desarrollo-humano","8":"product_tag-vr-editoras","10":"first","11":"instock","12":"shipping-taxable","13":"purchasable","14":"product-type-simple"},"_links":{"self":[{"href":"https:\/\/libreriahistoriasdebolsillo.com\/index.php\/wp-json\/wp\/v2\/product\/1072","targetHints":{"allow":["GET"]}}],"collection":[{"href":"https:\/\/libreriahistoriasdebolsillo.com\/index.php\/wp-json\/wp\/v2\/product"}],"about":[{"href":"https:\/\/libreriahistoriasdebolsillo.com\/index.php\/wp-json\/wp\/v2\/types\/product"}],"wp:featuredmedia":[{"embeddable":true,"href":"https:\/\/libreriahistoriasdebolsillo.com\/index.php\/wp-json\/wp\/v2\/media\/1073"}],"wp:attachment":[{"href":"https:\/\/libreriahistoriasdebolsillo.com\/index.php\/wp-json\/wp\/v2\/media?parent=1072"}],"wp:term":[{"taxonomy":"product_brand","embeddable":true,"href":"https:\/\/libreriahistoriasdebolsillo.com\/index.php\/wp-json\/wp\/v2\/product_brand?post=1072"},{"taxonomy":"product_cat","embeddable":true,"href":"https:\/\/libreriahistoriasdebolsillo.com\/index.php\/wp-json\/wp\/v2\/product_cat?post=1072"},{"taxonomy":"product_tag","embeddable":true,"href":"https:\/\/libreriahistoriasdebolsillo.com\/index.php\/wp-json\/wp\/v2\/product_tag?post=1072"}],"curies":[{"name":"wp","href":"https:\/\/api.w.org\/{rel}","templated":true}]}}