{"id":1092,"date":"2023-11-21T13:09:44","date_gmt":"2023-11-21T19:09:44","guid":{"rendered":"https:\/\/libreriahistoriasdebolsillo.com\/?post_type=product&#038;p=1092"},"modified":"2025-02-14T18:15:23","modified_gmt":"2025-02-15T00:15:23","slug":"hay-que-tener-mas-huevos-que-esperanza","status":"publish","type":"product","link":"https:\/\/libreriahistoriasdebolsillo.com\/index.php\/producto\/hay-que-tener-mas-huevos-que-esperanza\/","title":{"rendered":"Hay que tener m\u00e1s huevos que esperanza"},"content":{"rendered":"<p>En la vida no basta con tener esperanza para que los sue\u00f1os se hagan realidad, tambi\u00e9n es necesario tener huevos.<\/p>\n<p>Deja de esperar por \u201cel mejor momento\u201d o de pensar que no est\u00e1s a la altura de tus metas, porque todos tenemos el potencial para lograr lo que anhelamos.<\/p>\n<p>Recorre el camino de las emociones y aprende a superar los periodos de confusi\u00f3n y estancamiento.<\/p>\n<p>Descubre c\u00f3mo detectar oportunidades y canalizar tus energ\u00edas para convertirte en esa persona que siempre has deseado ser.<\/p>\n<p>\u00a1Olvida las quejas, las dudas, las culpas y consigue lo que quieras!<\/p>\n","protected":false},"excerpt":{"rendered":"<p>M\u00f3nica Borda<\/p>\n","protected":false},"featured_media":1093,"template":"","meta":{"_joinchat":[]},"product_brand":[],"product_cat":[58,41],"product_tag":[48],"class_list":{"0":"post-1092","1":"product","2":"type-product","3":"status-publish","4":"has-post-thumbnail","6":"product_cat-desarrollo-humano-y-superacion","7":"product_cat-desarrollo-humano","8":"product_tag-vr-editoras","10":"first","11":"instock","12":"shipping-taxable","13":"purchasable","14":"product-type-simple"},"_links":{"self":[{"href":"https:\/\/libreriahistoriasdebolsillo.com\/index.php\/wp-json\/wp\/v2\/product\/1092","targetHints":{"allow":["GET"]}}],"collection":[{"href":"https:\/\/libreriahistoriasdebolsillo.com\/index.php\/wp-json\/wp\/v2\/product"}],"about":[{"href":"https:\/\/libreriahistoriasdebolsillo.com\/index.php\/wp-json\/wp\/v2\/types\/product"}],"wp:featuredmedia":[{"embeddable":true,"href":"https:\/\/libreriahistoriasdebolsillo.com\/index.php\/wp-json\/wp\/v2\/media\/1093"}],"wp:attachment":[{"href":"https:\/\/libreriahistoriasdebolsillo.com\/index.php\/wp-json\/wp\/v2\/media?parent=1092"}],"wp:term":[{"taxonomy":"product_brand","embeddable":true,"href":"https:\/\/libreriahistoriasdebolsillo.com\/index.php\/wp-json\/wp\/v2\/product_brand?post=1092"},{"taxonomy":"product_cat","embeddable":true,"href":"https:\/\/libreriahistoriasdebolsillo.com\/index.php\/wp-json\/wp\/v2\/product_cat?post=1092"},{"taxonomy":"product_tag","embeddable":true,"href":"https:\/\/libreriahistoriasdebolsillo.com\/index.php\/wp-json\/wp\/v2\/product_tag?post=1092"}],"curies":[{"name":"wp","href":"https:\/\/api.w.org\/{rel}","templated":true}]}}