{"id":1114,"date":"2023-11-21T13:23:16","date_gmt":"2023-11-21T19:23:16","guid":{"rendered":"https:\/\/libreriahistoriasdebolsillo.com\/?post_type=product&#038;p=1114"},"modified":"2025-02-14T18:17:01","modified_gmt":"2025-02-15T00:17:01","slug":"genera-cambios-y-construye-tu-exito","status":"publish","type":"product","link":"https:\/\/libreriahistoriasdebolsillo.com\/index.php\/producto\/genera-cambios-y-construye-tu-exito\/","title":{"rendered":"Genera cambios y construye tu \u00e9xito"},"content":{"rendered":"<p>Una de las metas principales de este libro que tienes en tus manos es que aprendas a generar cambios y construir \u00e9xitos en todos los aspectos de tu vida, centr\u00e1ndote en aquello en lo que puedes puedes influir, \u00a1en tu persona!, dice Fernando Hern\u00e1ndez Avil\u00e9s y completa \u201cmientras tu coraz\u00f3n lata, tu mente sue\u00f1e y tus manos hagan, podemos trabajar de forma ordenada y precisa, hasta convertir lo imposible en realidad\u201d. Genera cambios y construye tu \u00e9xito te ofrece: -Una estructura \u00e1gil que facilita la lectura. -Ejercicios sencillos para poner en marcha tus motores de cambio. -Una gu\u00eda con las preguntas indicadas, que ser\u00e1n tu faro en este recorrido. -Experiencias exitosas de personas que se animaron a cambiar. -Acciones estrat\u00e9gicas para aplicar en cada paso del proceso. -Frases inspiradoras que te motivar\u00e1n durante tu transformaci\u00f3n. -Un kit de herramientas esenciales con las claves de cada cap\u00edtulo.<\/p>\n","protected":false},"excerpt":{"rendered":"<p>Fernando Hern\u00e1ndez Avil\u00e9s<\/p>\n","protected":false},"featured_media":1115,"template":"","meta":{"_joinchat":[]},"product_brand":[],"product_cat":[58,41],"product_tag":[48],"class_list":{"0":"post-1114","1":"product","2":"type-product","3":"status-publish","4":"has-post-thumbnail","6":"product_cat-desarrollo-humano-y-superacion","7":"product_cat-desarrollo-humano","8":"product_tag-vr-editoras","10":"first","11":"instock","12":"shipping-taxable","13":"purchasable","14":"product-type-simple"},"_links":{"self":[{"href":"https:\/\/libreriahistoriasdebolsillo.com\/index.php\/wp-json\/wp\/v2\/product\/1114","targetHints":{"allow":["GET"]}}],"collection":[{"href":"https:\/\/libreriahistoriasdebolsillo.com\/index.php\/wp-json\/wp\/v2\/product"}],"about":[{"href":"https:\/\/libreriahistoriasdebolsillo.com\/index.php\/wp-json\/wp\/v2\/types\/product"}],"wp:featuredmedia":[{"embeddable":true,"href":"https:\/\/libreriahistoriasdebolsillo.com\/index.php\/wp-json\/wp\/v2\/media\/1115"}],"wp:attachment":[{"href":"https:\/\/libreriahistoriasdebolsillo.com\/index.php\/wp-json\/wp\/v2\/media?parent=1114"}],"wp:term":[{"taxonomy":"product_brand","embeddable":true,"href":"https:\/\/libreriahistoriasdebolsillo.com\/index.php\/wp-json\/wp\/v2\/product_brand?post=1114"},{"taxonomy":"product_cat","embeddable":true,"href":"https:\/\/libreriahistoriasdebolsillo.com\/index.php\/wp-json\/wp\/v2\/product_cat?post=1114"},{"taxonomy":"product_tag","embeddable":true,"href":"https:\/\/libreriahistoriasdebolsillo.com\/index.php\/wp-json\/wp\/v2\/product_tag?post=1114"}],"curies":[{"name":"wp","href":"https:\/\/api.w.org\/{rel}","templated":true}]}}