{"id":1122,"date":"2023-11-21T13:29:50","date_gmt":"2023-11-21T19:29:50","guid":{"rendered":"https:\/\/libreriahistoriasdebolsillo.com\/?post_type=product&#038;p=1122"},"modified":"2024-03-29T15:36:20","modified_gmt":"2024-03-29T21:36:20","slug":"una-buena-forma-para-decir-adios","status":"publish","type":"product","link":"https:\/\/libreriahistoriasdebolsillo.com\/index.php\/producto\/una-buena-forma-para-decir-adios\/","title":{"rendered":"Una buena forma para decir adi\u00f3s"},"content":{"rendered":"<p><b>Libro bestseller.<\/b><\/p>\n<p><b>Del autor de\u00a0<i>Destellos<\/i>\u00a0y\u00a0<i>El lado f\u00e1cil de la gente dif\u00edcil<\/i>\u00a0y que ha motivado a m\u00e1s de 20 millones de personas en el mundo.<\/b><\/p>\n<p><b>Cesar Lozano ofrece a sus lectores palabras que los ayudar\u00e1n a sobrellevar el duelo por la muerte, la ruptura amorosa y los malos h\u00e1bitos.<\/b><\/p>\n<p>En este libro, el Dr.\u00a0<b>C\u00e9sar Lozano<\/b>\u00a0nos enfrenta al doloroso pero inevitable proceso de\u00a0<b>decir adi\u00f3s<\/b>\u00a0y nos gu\u00eda por la serie de cambios que cualquier despedida conlleva, ya sea como parte de nuestro crecimiento; la dolorosa muerte de un ser querido; el rompimiento de una relaci\u00f3n amorosa; el adi\u00f3s a una amistad, e incluso, el adi\u00f3s a los h\u00e1bitos y costumbres que nos hacen da\u00f1o. Una buena forma para decir adi\u00f3s dar\u00e1 la luz suficiente durante este proceso que marca significativamente nuestra vida.<\/p>\n<p>En su nuevo libro,\u00a0<i>Una buena forma para decir adi\u00f3s<\/i>, el Dr. C\u00e9sar Lozano comparte su experiencia en el\u00a0<b>dolor\u00a0<\/b>y el\u00a0<b>duelo<\/b>, adem\u00e1s de los aprendizajes para vivir de una manera sana despu\u00e9s de una triste despedida.<\/p>\n<p><b>En palabras de su autor:<\/b><\/p>\n<p>\u00abLa decisi\u00f3n es una herramienta poderosa porque determina el da\u00f1o del trance. Decide c\u00f3mo llevar el duelo; decide qu\u00e9 quieres hacer con tu vida y cu\u00e1l es la forma m\u00e1s correcta de sobrellevar la pena; decide la importancia de luchar por tus objetivos a pesar de la ausencia de alguien que incidi\u00f3 en ellos; decide, incluso, si vives el dolor o sufres la pena. El dolor est\u00e1, pero sufrimos cuando se involucran una serie de emociones que pueden ser destructivas para uno mismo o para quienes nos rodean. La decisi\u00f3n es fundamental en la p\u00e9rdida, pues marca la pauta a seguir\u00bb. -C\u00e9sar Lozano.<\/p>\n","protected":false},"excerpt":{"rendered":"<p>C\u00e9sar Lozano<\/p>\n","protected":false},"featured_media":1123,"template":"","meta":{"_joinchat":[]},"product_brand":[],"product_cat":[58,41],"product_tag":[34],"class_list":{"0":"post-1122","1":"product","2":"type-product","3":"status-publish","4":"has-post-thumbnail","6":"product_cat-desarrollo-humano-y-superacion","7":"product_cat-desarrollo-humano","8":"product_tag-penguin-random-house","10":"first","11":"outofstock","12":"shipping-taxable","13":"purchasable","14":"product-type-simple"},"_links":{"self":[{"href":"https:\/\/libreriahistoriasdebolsillo.com\/index.php\/wp-json\/wp\/v2\/product\/1122","targetHints":{"allow":["GET"]}}],"collection":[{"href":"https:\/\/libreriahistoriasdebolsillo.com\/index.php\/wp-json\/wp\/v2\/product"}],"about":[{"href":"https:\/\/libreriahistoriasdebolsillo.com\/index.php\/wp-json\/wp\/v2\/types\/product"}],"wp:featuredmedia":[{"embeddable":true,"href":"https:\/\/libreriahistoriasdebolsillo.com\/index.php\/wp-json\/wp\/v2\/media\/1123"}],"wp:attachment":[{"href":"https:\/\/libreriahistoriasdebolsillo.com\/index.php\/wp-json\/wp\/v2\/media?parent=1122"}],"wp:term":[{"taxonomy":"product_brand","embeddable":true,"href":"https:\/\/libreriahistoriasdebolsillo.com\/index.php\/wp-json\/wp\/v2\/product_brand?post=1122"},{"taxonomy":"product_cat","embeddable":true,"href":"https:\/\/libreriahistoriasdebolsillo.com\/index.php\/wp-json\/wp\/v2\/product_cat?post=1122"},{"taxonomy":"product_tag","embeddable":true,"href":"https:\/\/libreriahistoriasdebolsillo.com\/index.php\/wp-json\/wp\/v2\/product_tag?post=1122"}],"curies":[{"name":"wp","href":"https:\/\/api.w.org\/{rel}","templated":true}]}}