{"id":1150,"date":"2023-11-21T13:52:43","date_gmt":"2023-11-21T19:52:43","guid":{"rendered":"https:\/\/libreriahistoriasdebolsillo.com\/?post_type=product&#038;p=1150"},"modified":"2025-02-18T11:56:49","modified_gmt":"2025-02-18T17:56:49","slug":"el-fin-de-la-ansiedad","status":"publish","type":"product","link":"https:\/\/libreriahistoriasdebolsillo.com\/index.php\/producto\/el-fin-de-la-ansiedad\/","title":{"rendered":"El fin de la ansiedad"},"content":{"rendered":"<p><b>Todo lo que necesitas para vencer la ansiedad lo tienes dentro de ti.<\/b>\u00a0En este libro encontrar\u00e1s las herramientas para comprender por qu\u00e9 esta emoci\u00f3n se presenta en tu vida y aprender\u00e1s a ponerle remedio. Descubrir\u00e1s que convivir con ella puede ser sencillo e incluso divertido.<\/p>\n<p><i>El fin de la ansiedad<\/i>\u00a0se ha convertido en el libro de referencia en espa\u00f1ol sobre este trastorno mental, y es recomendado por los principalesperi\u00f3dicos y revistas especializados en psicolog\u00eda. A trav\u00e9s de su propia experiencia, su autor, Gio Zararri, nos ayudar\u00e1 a\u00a0<b>cambiar el modo de entender y superar uno de los problemas psicol\u00f3gicos m\u00e1s extendidos en nuestra \u00e9poca<\/b>. Desde la cercan\u00eda y el humor, Zararri nos ense\u00f1a que la ansiedad siempre llega por la necesidad inminente de un cambio: el nuestro<\/p>\n","protected":false},"excerpt":{"rendered":"<p>Gio Zararri<\/p>\n","protected":false},"featured_media":1151,"template":"","meta":{"_joinchat":[]},"product_brand":[],"product_cat":[60,41],"product_tag":[34],"class_list":{"0":"post-1150","1":"product","2":"type-product","3":"status-publish","4":"has-post-thumbnail","6":"product_cat-ciencia","7":"product_cat-desarrollo-humano","8":"product_tag-penguin-random-house","10":"first","11":"outofstock","12":"shipping-taxable","13":"purchasable","14":"product-type-simple"},"_links":{"self":[{"href":"https:\/\/libreriahistoriasdebolsillo.com\/index.php\/wp-json\/wp\/v2\/product\/1150","targetHints":{"allow":["GET"]}}],"collection":[{"href":"https:\/\/libreriahistoriasdebolsillo.com\/index.php\/wp-json\/wp\/v2\/product"}],"about":[{"href":"https:\/\/libreriahistoriasdebolsillo.com\/index.php\/wp-json\/wp\/v2\/types\/product"}],"wp:featuredmedia":[{"embeddable":true,"href":"https:\/\/libreriahistoriasdebolsillo.com\/index.php\/wp-json\/wp\/v2\/media\/1151"}],"wp:attachment":[{"href":"https:\/\/libreriahistoriasdebolsillo.com\/index.php\/wp-json\/wp\/v2\/media?parent=1150"}],"wp:term":[{"taxonomy":"product_brand","embeddable":true,"href":"https:\/\/libreriahistoriasdebolsillo.com\/index.php\/wp-json\/wp\/v2\/product_brand?post=1150"},{"taxonomy":"product_cat","embeddable":true,"href":"https:\/\/libreriahistoriasdebolsillo.com\/index.php\/wp-json\/wp\/v2\/product_cat?post=1150"},{"taxonomy":"product_tag","embeddable":true,"href":"https:\/\/libreriahistoriasdebolsillo.com\/index.php\/wp-json\/wp\/v2\/product_tag?post=1150"}],"curies":[{"name":"wp","href":"https:\/\/api.w.org\/{rel}","templated":true}]}}