{"id":1175,"date":"2023-11-21T14:28:36","date_gmt":"2023-11-21T20:28:36","guid":{"rendered":"https:\/\/libreriahistoriasdebolsillo.com\/?post_type=product&#038;p=1175"},"modified":"2024-04-30T17:26:28","modified_gmt":"2024-04-30T23:26:28","slug":"el-poder-del-ahora-ed-limitada-tapa-dura","status":"publish","type":"product","link":"https:\/\/libreriahistoriasdebolsillo.com\/index.php\/producto\/el-poder-del-ahora-ed-limitada-tapa-dura\/","title":{"rendered":"El poder del ahora (Ed. limitada tapa dura)"},"content":{"rendered":"<p><b>M\u00e1s de 4,000,000 ejemplares vendidos. El Bestseller #1 del<i>\u00a0New York Times.<\/i><\/b><\/p>\n<p><b>El cl\u00e1sico que consagr\u00f3 a Eckhart Tolle como uno de los gur\u00fas m\u00e1s importantes del mundo.\u00a0<i>El poder del ahora<\/i>\u00a0es un libro \u00fanico. Tiene la capacidad de crear una experiencia en los lectores y de cambiar su vida. Hoy ya es considerado una obra maestra.<\/b><\/p>\n<p><b>\u00abUno de los mejores libros de los \u00faltimos a\u00f1os. Cada frase evoca verdad y poder.\u00bb<\/b><\/p>\n<p><b>Deepak Chopra<\/b><\/p>\n<p>Para lograr la iluminaci\u00f3n aqu\u00ed y ahora s\u00f3lo tenemos que comprender nuestro papel de creadores de nuestro dolor. Es nuestra propia mente la que causa nuestros problemas con su corriente constante de pensamientos, aferr\u00e1ndose al pasado, preocup\u00e1ndose por el futuro. Cometemos el error de identificarnos con ella, de pensar que eso es lo que somos, cuando de hecho somos seres mucho m\u00e1s grandes. Escrito en un formato de preguntas y respuestas que lo hace muy accesible,\u00a0<i>El poder del ahora\u00a0<\/i>es una invitaci\u00f3n a la reflexi\u00f3n, que le abrir\u00e1 las puertas a la plenitud espiritual y le permitir\u00e1 ver la vida con nuevos ojos y empezar a disfrutar del verdadero poder del ahora.<\/p>\n","protected":false},"excerpt":{"rendered":"<p>Eckhart Tolle<\/p>\n","protected":false},"featured_media":1176,"template":"","meta":{"_joinchat":[]},"product_brand":[],"product_cat":[58,61,41],"product_tag":[34],"class_list":{"0":"post-1175","1":"product","2":"type-product","3":"status-publish","4":"has-post-thumbnail","6":"product_cat-desarrollo-humano-y-superacion","7":"product_cat-filosofia","8":"product_cat-desarrollo-humano","9":"product_tag-penguin-random-house","11":"first","12":"outofstock","13":"shipping-taxable","14":"purchasable","15":"product-type-simple"},"_links":{"self":[{"href":"https:\/\/libreriahistoriasdebolsillo.com\/index.php\/wp-json\/wp\/v2\/product\/1175","targetHints":{"allow":["GET"]}}],"collection":[{"href":"https:\/\/libreriahistoriasdebolsillo.com\/index.php\/wp-json\/wp\/v2\/product"}],"about":[{"href":"https:\/\/libreriahistoriasdebolsillo.com\/index.php\/wp-json\/wp\/v2\/types\/product"}],"wp:featuredmedia":[{"embeddable":true,"href":"https:\/\/libreriahistoriasdebolsillo.com\/index.php\/wp-json\/wp\/v2\/media\/1176"}],"wp:attachment":[{"href":"https:\/\/libreriahistoriasdebolsillo.com\/index.php\/wp-json\/wp\/v2\/media?parent=1175"}],"wp:term":[{"taxonomy":"product_brand","embeddable":true,"href":"https:\/\/libreriahistoriasdebolsillo.com\/index.php\/wp-json\/wp\/v2\/product_brand?post=1175"},{"taxonomy":"product_cat","embeddable":true,"href":"https:\/\/libreriahistoriasdebolsillo.com\/index.php\/wp-json\/wp\/v2\/product_cat?post=1175"},{"taxonomy":"product_tag","embeddable":true,"href":"https:\/\/libreriahistoriasdebolsillo.com\/index.php\/wp-json\/wp\/v2\/product_tag?post=1175"}],"curies":[{"name":"wp","href":"https:\/\/api.w.org\/{rel}","templated":true}]}}