{"id":1195,"date":"2023-11-21T15:04:04","date_gmt":"2023-11-21T21:04:04","guid":{"rendered":"https:\/\/libreriahistoriasdebolsillo.com\/?post_type=product&#038;p=1195"},"modified":"2023-12-08T11:23:43","modified_gmt":"2023-12-08T17:23:43","slug":"harry-potter-y-la-piedra-filosofal-edicion-especial-limitada-por-el-25o-aniversario-harry-potter-1","status":"publish","type":"product","link":"https:\/\/libreriahistoriasdebolsillo.com\/index.php\/producto\/harry-potter-y-la-piedra-filosofal-edicion-especial-limitada-por-el-25o-aniversario-harry-potter-1\/","title":{"rendered":"Harry Potter 1. La piedra filosofal (Edici\u00f3n especial limitada por el 25\u00ba aniversario pasta dura)"},"content":{"rendered":"<p><b>Celebra 25 a\u00f1os de magia junto al mago m\u00e1s querido de todos los tiempos con esta edici\u00f3n especial de\u00a0<\/b><i><b>Harry Potter y la piedra filosofal<\/b><\/i><\/p>\n<p>Harry Potter nunca ha o\u00eddo hablar de Hogwarts hasta que empiezan a caer unas misteriosas cartas en el felpudo del n\u00famero 4 de Privet Drive. Aunque sus horripilantes t\u00edos se apresuran a confiscarlas, el d\u00eda que Harry cumple once a\u00f1os, Rubeus Hagrid, un hombre gigantesco cuyos ojos brillan como escarabajos negros, irrumpe con una noticia extraordinaria: Harry Potter es un mago,y le han concedido una plaza en el Colegio Hogwarts de Magia y Hechicer\u00eda. \u00a1Est\u00e1 a punto de comenzar una aventura incre\u00edble!<\/p>\n<p><b>Esta edici\u00f3n especial limitada incluye:<\/b><\/p>\n<p>*\u00a1<b>ilustraciones in\u00e9ditas del archivo de la propia J.K. Rowling<\/b>!<\/p>\n<p><b>*Contenido adicional sobre la saga.<\/b><\/p>\n","protected":false},"excerpt":{"rendered":"<p>J.K. Rowling<\/p>\n","protected":false},"featured_media":1196,"template":"","meta":{"_joinchat":[]},"product_brand":[],"product_cat":[39,54,52],"product_tag":[34],"class_list":{"0":"post-1195","1":"product","2":"type-product","3":"status-publish","4":"has-post-thumbnail","6":"product_cat-fantasia","7":"product_cat-infantil","8":"product_cat-juvenil","9":"product_tag-penguin-random-house","11":"first","12":"outofstock","13":"shipping-taxable","14":"purchasable","15":"product-type-simple"},"_links":{"self":[{"href":"https:\/\/libreriahistoriasdebolsillo.com\/index.php\/wp-json\/wp\/v2\/product\/1195","targetHints":{"allow":["GET"]}}],"collection":[{"href":"https:\/\/libreriahistoriasdebolsillo.com\/index.php\/wp-json\/wp\/v2\/product"}],"about":[{"href":"https:\/\/libreriahistoriasdebolsillo.com\/index.php\/wp-json\/wp\/v2\/types\/product"}],"wp:featuredmedia":[{"embeddable":true,"href":"https:\/\/libreriahistoriasdebolsillo.com\/index.php\/wp-json\/wp\/v2\/media\/1196"}],"wp:attachment":[{"href":"https:\/\/libreriahistoriasdebolsillo.com\/index.php\/wp-json\/wp\/v2\/media?parent=1195"}],"wp:term":[{"taxonomy":"product_brand","embeddable":true,"href":"https:\/\/libreriahistoriasdebolsillo.com\/index.php\/wp-json\/wp\/v2\/product_brand?post=1195"},{"taxonomy":"product_cat","embeddable":true,"href":"https:\/\/libreriahistoriasdebolsillo.com\/index.php\/wp-json\/wp\/v2\/product_cat?post=1195"},{"taxonomy":"product_tag","embeddable":true,"href":"https:\/\/libreriahistoriasdebolsillo.com\/index.php\/wp-json\/wp\/v2\/product_tag?post=1195"}],"curies":[{"name":"wp","href":"https:\/\/api.w.org\/{rel}","templated":true}]}}