{"id":1199,"date":"2023-11-21T15:07:57","date_gmt":"2023-11-21T21:07:57","guid":{"rendered":"https:\/\/libreriahistoriasdebolsillo.com\/?post_type=product&#038;p=1199"},"modified":"2024-01-21T09:49:46","modified_gmt":"2024-01-21T15:49:46","slug":"el-tatuaje-invisible","status":"publish","type":"product","link":"https:\/\/libreriahistoriasdebolsillo.com\/index.php\/producto\/el-tatuaje-invisible\/","title":{"rendered":"El tatuaje invisible"},"content":{"rendered":"<p><b>En un pa\u00eds en el que la violencia es un mal sist\u00e9mico, un tatuador decide herir a una joven y marcarla de por vida.<\/b><\/p>\n<p>Emma y Samuel entran a un\u00a0<b>estudio de tatuajes<\/b>\u00a0en Tlatelolco y se topan de frente con alguien cuya perversi\u00f3n terminar\u00e1 por cambiar el rumbo de sus vidas. Este es un\u00a0<b>thriller de persecuci\u00f3n, crimen e impunidad<\/b>\u00a0que muestra las cicatrices visibles e invisibles de nuestra sociedad. El tatuaje invisible refleja la ira y el dolor en todas sus caras. En \u00e9l se reconocen las distintas\u00a0<b>formasde violencia que enfrentan las personas diariamente<\/b>\u00a0y c\u00f3mo \u00e9stas reciben e infligen da\u00f1o a la vez. Ese ciclo de crudeza humana, la b\u00fasqueda de autorreconocimiento y<b>\u00a0las batallas internas frente al libre albedr\u00edo<\/b>\u00a0juegan un papel en el desarrollo de los hechos y las consecuencias sobre la vida de otros.<\/p>\n<p>&nbsp;<\/p>\n","protected":false},"excerpt":{"rendered":"<p>Erick De Kerpel<\/p>\n","protected":false},"featured_media":1200,"template":"","meta":{"_joinchat":[]},"product_brand":[],"product_cat":[33,37],"product_tag":[34],"class_list":{"0":"post-1199","1":"product","2":"type-product","3":"status-publish","4":"has-post-thumbnail","6":"product_cat-ficcion-general","7":"product_cat-misterio-y-thriller","8":"product_tag-penguin-random-house","10":"first","11":"outofstock","12":"shipping-taxable","13":"purchasable","14":"product-type-simple"},"_links":{"self":[{"href":"https:\/\/libreriahistoriasdebolsillo.com\/index.php\/wp-json\/wp\/v2\/product\/1199","targetHints":{"allow":["GET"]}}],"collection":[{"href":"https:\/\/libreriahistoriasdebolsillo.com\/index.php\/wp-json\/wp\/v2\/product"}],"about":[{"href":"https:\/\/libreriahistoriasdebolsillo.com\/index.php\/wp-json\/wp\/v2\/types\/product"}],"wp:featuredmedia":[{"embeddable":true,"href":"https:\/\/libreriahistoriasdebolsillo.com\/index.php\/wp-json\/wp\/v2\/media\/1200"}],"wp:attachment":[{"href":"https:\/\/libreriahistoriasdebolsillo.com\/index.php\/wp-json\/wp\/v2\/media?parent=1199"}],"wp:term":[{"taxonomy":"product_brand","embeddable":true,"href":"https:\/\/libreriahistoriasdebolsillo.com\/index.php\/wp-json\/wp\/v2\/product_brand?post=1199"},{"taxonomy":"product_cat","embeddable":true,"href":"https:\/\/libreriahistoriasdebolsillo.com\/index.php\/wp-json\/wp\/v2\/product_cat?post=1199"},{"taxonomy":"product_tag","embeddable":true,"href":"https:\/\/libreriahistoriasdebolsillo.com\/index.php\/wp-json\/wp\/v2\/product_tag?post=1199"}],"curies":[{"name":"wp","href":"https:\/\/api.w.org\/{rel}","templated":true}]}}