{"id":1245,"date":"2023-11-21T15:44:43","date_gmt":"2023-11-21T21:44:43","guid":{"rendered":"https:\/\/libreriahistoriasdebolsillo.com\/?post_type=product&#038;p=1245"},"modified":"2026-01-08T18:00:03","modified_gmt":"2026-01-09T00:00:03","slug":"encuentrame","status":"publish","type":"product","link":"https:\/\/libreriahistoriasdebolsillo.com\/index.php\/producto\/encuentrame\/","title":{"rendered":"Encu\u00e9ntrame"},"content":{"rendered":"<p><b>VUELVEN ELIO Y OLIVER<\/b><\/p>\n<p><b>Por fin, la continuaci\u00f3n de<\/b><i><b>\u00a0Ll\u00e1mame por tu nombre<\/b><\/i><b>.<\/b><br \/>\n<b>Vuelve la historia de amor m\u00e1s popular de los \u00faltimos a\u00f1os.<\/b><\/p>\n<p><b>Uno de los mejores libros del a\u00f1o para<\/b><i><b>\u00a0Time<\/b><\/i><b>\u00a0y<\/b><i><b>\u00a0Vogue.<\/b><\/i><\/p>\n<p>En 2018, el mundo entero se conmovi\u00f3 con el amor de verano entre Elio y Oliver.<i>\u00a0Ll\u00e1mame por tu nombre,<\/i>\u00a0publicada originalmente m\u00e1s de diez a\u00f1os antes, se convirti\u00f3 en un fen\u00f3meno gracias a la pel\u00edcula estrenada aquel a\u00f1o. Y este relato de deseo, descubrimiento, pasi\u00f3n y veladas infinitas lleg\u00f3 a miles de lectores que, con el coraz\u00f3n en vilo, esperan conocer c\u00f3mo concluye esta historia. Por fin, en<i>\u00a0Encu\u00e9ntrame<\/i>, vuelven Elio y Oliver.<\/p>\n<p>Elio es ahora un pianista en auge a punto de mudarse a Par\u00eds; Oliver es profesor, padre de familia y puede que vuelva a visitar Europa; Samuel, el padre de Elio, vive en Italia y, en un viaje en tren para visitar a su hijo, tendr\u00e1 un encuentro que cambiar\u00e1 su vida. Este cruce de historias satisfar\u00e1 todas las expectativas, por inconfesables que sean.<\/p>\n","protected":false},"excerpt":{"rendered":"<p>Andr\u00e9 Aciman<\/p>\n","protected":false},"featured_media":1246,"template":"","meta":{"_joinchat":[]},"product_brand":[],"product_cat":[33,38],"product_tag":[34],"class_list":{"0":"post-1245","1":"product","2":"type-product","3":"status-publish","4":"has-post-thumbnail","6":"product_cat-ficcion-general","7":"product_cat-lgbtq","8":"product_tag-penguin-random-house","10":"first","11":"outofstock","12":"shipping-taxable","13":"purchasable","14":"product-type-simple"},"_links":{"self":[{"href":"https:\/\/libreriahistoriasdebolsillo.com\/index.php\/wp-json\/wp\/v2\/product\/1245","targetHints":{"allow":["GET"]}}],"collection":[{"href":"https:\/\/libreriahistoriasdebolsillo.com\/index.php\/wp-json\/wp\/v2\/product"}],"about":[{"href":"https:\/\/libreriahistoriasdebolsillo.com\/index.php\/wp-json\/wp\/v2\/types\/product"}],"wp:featuredmedia":[{"embeddable":true,"href":"https:\/\/libreriahistoriasdebolsillo.com\/index.php\/wp-json\/wp\/v2\/media\/1246"}],"wp:attachment":[{"href":"https:\/\/libreriahistoriasdebolsillo.com\/index.php\/wp-json\/wp\/v2\/media?parent=1245"}],"wp:term":[{"taxonomy":"product_brand","embeddable":true,"href":"https:\/\/libreriahistoriasdebolsillo.com\/index.php\/wp-json\/wp\/v2\/product_brand?post=1245"},{"taxonomy":"product_cat","embeddable":true,"href":"https:\/\/libreriahistoriasdebolsillo.com\/index.php\/wp-json\/wp\/v2\/product_cat?post=1245"},{"taxonomy":"product_tag","embeddable":true,"href":"https:\/\/libreriahistoriasdebolsillo.com\/index.php\/wp-json\/wp\/v2\/product_tag?post=1245"}],"curies":[{"name":"wp","href":"https:\/\/api.w.org\/{rel}","templated":true}]}}