{"id":1337,"date":"2023-11-21T17:18:20","date_gmt":"2023-11-21T23:18:20","guid":{"rendered":"https:\/\/libreriahistoriasdebolsillo.com\/?post_type=product&#038;p=1337"},"modified":"2025-06-19T17:48:25","modified_gmt":"2025-06-19T23:48:25","slug":"alaska-sin-ti","status":"publish","type":"product","link":"https:\/\/libreriahistoriasdebolsillo.com\/index.php\/producto\/alaska-sin-ti\/","title":{"rendered":"Wild 1. Alaska sin ti"},"content":{"rendered":"<p><strong>\u00bfQu\u00e9 poder tiene Alaska?<br \/>\n<\/strong><strong>\u00bfPor qu\u00e9 vale la pena renunciar a todo por este lugar?<\/strong><\/p>\n<p><strong>\u00a0<\/strong>Calla Fletcher no ten\u00eda ni dos a\u00f1os cuando su madre se la llev\u00f3 a Alaska, dejando a su padre atr\u00e1s. Ahora tiene veintis\u00e9is y es una chica de ciudad de la cabeza a los pies. Nada puede alejarla del bullicio de Toronto, excepto la noticia de que su padre est\u00e1 muy enfermo. Temiendo que esta sea su \u00faltima oportunidad de conocerlo, Calla decide emprender un largo viaje de regreso al remoto pueblo que la vio nacer.<\/p>\n<p>All\u00ed deber\u00e1 afrontar el inh\u00f3spito paisaje, las extra\u00f1as horas de luz y los precios desorbitados. Pero ning\u00fan desaf\u00edo ser\u00e1 mayor que tratar con Jonah, el grosero piloto de la aerol\u00ednea de su padre, que cree que Calla es una mimada que deber\u00eda volver a su querida vida en la gran ciudad. Pero ella piensa demostrarle que su coraz\u00f3n puede ser tan salvaje como Alaska.<\/p>\n<p><strong>Un viaje lleno de sentimientos que te har\u00e1 querer viajar a Alaska.<\/strong><\/p>\n","protected":false},"excerpt":{"rendered":"<p>K.A. Tucker<\/p>\n","protected":false},"featured_media":1338,"template":"","meta":{"_joinchat":[]},"product_brand":[],"product_cat":[52,35],"product_tag":[48],"class_list":{"0":"post-1337","1":"product","2":"type-product","3":"status-publish","4":"has-post-thumbnail","6":"product_cat-juvenil","7":"product_cat-romantica","8":"product_tag-vr-editoras","10":"first","11":"instock","12":"shipping-taxable","13":"purchasable","14":"product-type-simple"},"_links":{"self":[{"href":"https:\/\/libreriahistoriasdebolsillo.com\/index.php\/wp-json\/wp\/v2\/product\/1337","targetHints":{"allow":["GET"]}}],"collection":[{"href":"https:\/\/libreriahistoriasdebolsillo.com\/index.php\/wp-json\/wp\/v2\/product"}],"about":[{"href":"https:\/\/libreriahistoriasdebolsillo.com\/index.php\/wp-json\/wp\/v2\/types\/product"}],"wp:featuredmedia":[{"embeddable":true,"href":"https:\/\/libreriahistoriasdebolsillo.com\/index.php\/wp-json\/wp\/v2\/media\/1338"}],"wp:attachment":[{"href":"https:\/\/libreriahistoriasdebolsillo.com\/index.php\/wp-json\/wp\/v2\/media?parent=1337"}],"wp:term":[{"taxonomy":"product_brand","embeddable":true,"href":"https:\/\/libreriahistoriasdebolsillo.com\/index.php\/wp-json\/wp\/v2\/product_brand?post=1337"},{"taxonomy":"product_cat","embeddable":true,"href":"https:\/\/libreriahistoriasdebolsillo.com\/index.php\/wp-json\/wp\/v2\/product_cat?post=1337"},{"taxonomy":"product_tag","embeddable":true,"href":"https:\/\/libreriahistoriasdebolsillo.com\/index.php\/wp-json\/wp\/v2\/product_tag?post=1337"}],"curies":[{"name":"wp","href":"https:\/\/api.w.org\/{rel}","templated":true}]}}