{"id":1371,"date":"2023-11-21T17:42:51","date_gmt":"2023-11-21T23:42:51","guid":{"rendered":"https:\/\/libreriahistoriasdebolsillo.com\/?post_type=product&#038;p=1371"},"modified":"2024-01-19T18:48:38","modified_gmt":"2024-01-20T00:48:38","slug":"olvidaras-el-fuego","status":"publish","type":"product","link":"https:\/\/libreriahistoriasdebolsillo.com\/index.php\/producto\/olvidaras-el-fuego\/","title":{"rendered":"Olvidar\u00e1s el fuego"},"content":{"rendered":"<p><i><b>Olvidar\u00e1s el fuego<\/b><\/i><b>\u00a0es la primera novela que narra la entra\u00f1able historia y tragedia de Luis de Carvajal, alias \u201cJoseph Lumbroso\u201d, y de la suerte que corrieron sus manuscritos y memorias hallados en 2016 en una casa de subastas en Nueva York, tras haber sido robados del Archivo General de la Naci\u00f3n.<\/b><\/p>\n<p>La historia silenciada a lo largo de cuatro siglos del\u00a0<b>\u00e9xodo sefard\u00ed de Espa\u00f1a y Portugal<\/b>, y de los esfuerzos para sobrevivir a\u00a0<b>migracione<\/b>s,\u00a0<b>epidemias<\/b>,\u00a0<b>huracane<\/b>s,\u00a0<b>guerras<\/b>,\u00a0<b>intolerancia<\/b>,\u00a0<b>torturas<\/b>,\u00a0<b>intrigas pol\u00edticas<\/b>\u00a0y\u00a0<b>traicione<\/b>s es narrada de manera magistral por la pluma de\u00a0<b>Gabriela Riveros<\/b>.<\/p>\n<p>La autora nos lleva a 1596, a\u00f1o en que un espect\u00e1culo atroz fue presenciado por miles de personas en la Alameda Central de la Ciudad de M\u00e9xico: tras ser perseguido y torturado, el joven poeta, comerciante y l\u00edder religioso Luis de Carvajal, alias \u201cJoseph Lumbroso\u201d, fue quemado en la hoguera junto con su madre, dos de sus hermanas y cinco miembros de su comunidad, condenados por la Inquisici\u00f3n como herejes judaizantes.<\/p>\n<p>A trav\u00e9s de personajes de carne y hueso seremos testigos de su resistencia heroica y clandestina, de la lucha de hombres y mujeres, de familias enteras que dieron la vida por el derecho a la libertad de pensamiento y de credo religioso. De\u00a0<b>Europa<\/b>\u00a0a\u00a0<b>Nueva Espa\u00f1a<\/b>, de \u00c1frica a Asia, sus protagonistas custodian un secretoancestral asediados por un entorno pol\u00edtico en donde la diversidad cultural no solo fue considerada pecado, sino delito de Estado.<\/p>\n<p>Esta novela recupera la historia de una comunidad enraizada a lo largo de todo el continente, cuya cultura, conocimientos y rutas comerciales han sido fundamentales para la conformaci\u00f3n del mundo contempor\u00e1neo. Tambi\u00e9n nos remite a la posibilidad de encontrarnos a trav\u00e9s de los siglos y acortar la distancia con los otros, gracias a las palabras capaces de paliar los silencios y el olvido.<\/p>\n","protected":false},"excerpt":{"rendered":"<p>Gabriela Riveros<\/p>\n","protected":false},"featured_media":1374,"template":"","meta":{"_joinchat":[]},"product_brand":[],"product_cat":[33,56],"product_tag":[34],"class_list":{"0":"post-1371","1":"product","2":"type-product","3":"status-publish","4":"has-post-thumbnail","6":"product_cat-ficcion-general","7":"product_cat-historica","8":"product_tag-penguin-random-house","10":"first","11":"outofstock","12":"shipping-taxable","13":"purchasable","14":"product-type-simple"},"_links":{"self":[{"href":"https:\/\/libreriahistoriasdebolsillo.com\/index.php\/wp-json\/wp\/v2\/product\/1371","targetHints":{"allow":["GET"]}}],"collection":[{"href":"https:\/\/libreriahistoriasdebolsillo.com\/index.php\/wp-json\/wp\/v2\/product"}],"about":[{"href":"https:\/\/libreriahistoriasdebolsillo.com\/index.php\/wp-json\/wp\/v2\/types\/product"}],"wp:featuredmedia":[{"embeddable":true,"href":"https:\/\/libreriahistoriasdebolsillo.com\/index.php\/wp-json\/wp\/v2\/media\/1374"}],"wp:attachment":[{"href":"https:\/\/libreriahistoriasdebolsillo.com\/index.php\/wp-json\/wp\/v2\/media?parent=1371"}],"wp:term":[{"taxonomy":"product_brand","embeddable":true,"href":"https:\/\/libreriahistoriasdebolsillo.com\/index.php\/wp-json\/wp\/v2\/product_brand?post=1371"},{"taxonomy":"product_cat","embeddable":true,"href":"https:\/\/libreriahistoriasdebolsillo.com\/index.php\/wp-json\/wp\/v2\/product_cat?post=1371"},{"taxonomy":"product_tag","embeddable":true,"href":"https:\/\/libreriahistoriasdebolsillo.com\/index.php\/wp-json\/wp\/v2\/product_tag?post=1371"}],"curies":[{"name":"wp","href":"https:\/\/api.w.org\/{rel}","templated":true}]}}