{"id":1407,"date":"2023-11-21T18:09:19","date_gmt":"2023-11-22T00:09:19","guid":{"rendered":"https:\/\/libreriahistoriasdebolsillo.com\/?post_type=product&#038;p=1407"},"modified":"2024-04-26T16:27:48","modified_gmt":"2024-04-26T22:27:48","slug":"veronika-decide-morir-biblioteca-paulo-coelho","status":"publish","type":"product","link":"https:\/\/libreriahistoriasdebolsillo.com\/index.php\/producto\/veronika-decide-morir-biblioteca-paulo-coelho\/","title":{"rendered":"Biblioteca Paulo Coelho. Veronika decide morir"},"content":{"rendered":"<p><i>Veronika decide morir<\/i>\u00a0forma parte de la trilog\u00eda \u00abY al s\u00e9ptimo d\u00eda&#8230;\u00bb integrada tambi\u00e9n por\u00a0<i>A orillas del r\u00edo Piedra me sent\u00e9 y llor\u00e9\u00a0<\/i>y<i>\u00a0El demonio y la se\u00f1orita Prym.<\/i>\u00a0Ha sido traducida a 46 idiomas y su versi\u00f3n f\u00edlmica fue estrenada en 2009.<\/p>\n<p>Ad\u00e9ntrate en la obra de un autor provocador y valiente que rompe con los esquemas preconcebidos de nuestra sociedad. Un fen\u00f3meno literario con millones de seguidores en las redes sociales.<\/p>\n<p>Veronika es una joven completamente normal. Es guapa, no le faltan pretendientes y tiene un buen trabajo. Su vida transcurre sin mayores sobresaltos, sin grandes alegr\u00edas ni grandes tristezas. Pero no es feliz. Por eso, una ma\u00f1ana de noviembre, Veronika decide acabar con su vida.<\/p>\n<p>Sue\u00f1os y fantas\u00edas. Deseo y muerte. Locura y pasi\u00f3n. En su camino hacia la muerte, Veronika experimenta placeres nuevos y halla un nuevo sentido a la vida, un sentido que hab\u00eda permanecido oculto, cuando tal vez ya sea demasiado tarde para echarse atr\u00e1s.\u00a0<i>Veronika decide morir\u00a0<\/i>plantea que cada segundo de nuestra existencia optamos entre la alternativa de seguir adelante o de abandonar. Les dir\u00e9 que no sigan el manual de buena conducta; que descubran sus propias vidas, sus propios deseos, sus aventuras&#8230; \u00a1Y vivan!<\/p>\n<p>-Paulo Coelho-<\/p>\n","protected":false},"excerpt":{"rendered":"<p>Paulo Coelho<\/p>\n","protected":false},"featured_media":1408,"template":"","meta":{"_joinchat":[]},"product_brand":[],"product_cat":[58,33,51],"product_tag":[34],"class_list":{"0":"post-1407","1":"product","2":"type-product","3":"status-publish","4":"has-post-thumbnail","6":"product_cat-desarrollo-humano-y-superacion","7":"product_cat-ficcion-general","8":"product_cat-oferta","9":"product_tag-penguin-random-house","11":"first","12":"outofstock","13":"shipping-taxable","14":"purchasable","15":"product-type-simple"},"_links":{"self":[{"href":"https:\/\/libreriahistoriasdebolsillo.com\/index.php\/wp-json\/wp\/v2\/product\/1407","targetHints":{"allow":["GET"]}}],"collection":[{"href":"https:\/\/libreriahistoriasdebolsillo.com\/index.php\/wp-json\/wp\/v2\/product"}],"about":[{"href":"https:\/\/libreriahistoriasdebolsillo.com\/index.php\/wp-json\/wp\/v2\/types\/product"}],"wp:featuredmedia":[{"embeddable":true,"href":"https:\/\/libreriahistoriasdebolsillo.com\/index.php\/wp-json\/wp\/v2\/media\/1408"}],"wp:attachment":[{"href":"https:\/\/libreriahistoriasdebolsillo.com\/index.php\/wp-json\/wp\/v2\/media?parent=1407"}],"wp:term":[{"taxonomy":"product_brand","embeddable":true,"href":"https:\/\/libreriahistoriasdebolsillo.com\/index.php\/wp-json\/wp\/v2\/product_brand?post=1407"},{"taxonomy":"product_cat","embeddable":true,"href":"https:\/\/libreriahistoriasdebolsillo.com\/index.php\/wp-json\/wp\/v2\/product_cat?post=1407"},{"taxonomy":"product_tag","embeddable":true,"href":"https:\/\/libreriahistoriasdebolsillo.com\/index.php\/wp-json\/wp\/v2\/product_tag?post=1407"}],"curies":[{"name":"wp","href":"https:\/\/api.w.org\/{rel}","templated":true}]}}