{"id":1411,"date":"2023-11-21T18:18:07","date_gmt":"2023-11-22T00:18:07","guid":{"rendered":"https:\/\/libreriahistoriasdebolsillo.com\/?post_type=product&#038;p=1411"},"modified":"2024-01-05T11:28:25","modified_gmt":"2024-01-05T17:28:25","slug":"el-demonio-y-la-senorita-prym","status":"publish","type":"product","link":"https:\/\/libreriahistoriasdebolsillo.com\/index.php\/producto\/el-demonio-y-la-senorita-prym\/","title":{"rendered":"El demonio y la se\u00f1orita Prym"},"content":{"rendered":"<p>El peque\u00f1o pueblo de Viscos, una\u00a0<b>comunidad<\/b>\u00a0dividida por la codicia, la cobard\u00eda y el miedo, ser\u00e1 el escenario en el que se libre, durante el breve periodo de siete d\u00edas, una\u00a0<b>batalla<\/b>\u00a0decisiva entre el bien y el mal. Con la llegada de un\u00a0<b>extranjero<\/b>, todos los habitantes se convierten en\u00a0<b>c\u00f3mplices<\/b>\u00a0de una trama perversa que los marcar\u00e1 para siempre, ya que tendr\u00e1n que decidir a qu\u00e9 bando pertenecen.<\/p>\n","protected":false},"excerpt":{"rendered":"<p>Paulo Coelho<\/p>\n","protected":false},"featured_media":1412,"template":"","meta":{"_joinchat":[]},"product_brand":[],"product_cat":[58,33],"product_tag":[34],"class_list":{"0":"post-1411","1":"product","2":"type-product","3":"status-publish","4":"has-post-thumbnail","6":"product_cat-desarrollo-humano-y-superacion","7":"product_cat-ficcion-general","8":"product_tag-penguin-random-house","10":"first","11":"outofstock","12":"shipping-taxable","13":"purchasable","14":"product-type-simple"},"_links":{"self":[{"href":"https:\/\/libreriahistoriasdebolsillo.com\/index.php\/wp-json\/wp\/v2\/product\/1411","targetHints":{"allow":["GET"]}}],"collection":[{"href":"https:\/\/libreriahistoriasdebolsillo.com\/index.php\/wp-json\/wp\/v2\/product"}],"about":[{"href":"https:\/\/libreriahistoriasdebolsillo.com\/index.php\/wp-json\/wp\/v2\/types\/product"}],"wp:featuredmedia":[{"embeddable":true,"href":"https:\/\/libreriahistoriasdebolsillo.com\/index.php\/wp-json\/wp\/v2\/media\/1412"}],"wp:attachment":[{"href":"https:\/\/libreriahistoriasdebolsillo.com\/index.php\/wp-json\/wp\/v2\/media?parent=1411"}],"wp:term":[{"taxonomy":"product_brand","embeddable":true,"href":"https:\/\/libreriahistoriasdebolsillo.com\/index.php\/wp-json\/wp\/v2\/product_brand?post=1411"},{"taxonomy":"product_cat","embeddable":true,"href":"https:\/\/libreriahistoriasdebolsillo.com\/index.php\/wp-json\/wp\/v2\/product_cat?post=1411"},{"taxonomy":"product_tag","embeddable":true,"href":"https:\/\/libreriahistoriasdebolsillo.com\/index.php\/wp-json\/wp\/v2\/product_tag?post=1411"}],"curies":[{"name":"wp","href":"https:\/\/api.w.org\/{rel}","templated":true}]}}