{"id":1417,"date":"2023-11-21T18:21:48","date_gmt":"2023-11-22T00:21:48","guid":{"rendered":"https:\/\/libreriahistoriasdebolsillo.com\/?post_type=product&#038;p=1417"},"modified":"2024-04-23T18:04:38","modified_gmt":"2024-04-24T00:04:38","slug":"la-espia","status":"publish","type":"product","link":"https:\/\/libreriahistoriasdebolsillo.com\/index.php\/producto\/la-espia\/","title":{"rendered":"La esp\u00eda"},"content":{"rendered":"<p><b>\u00abNo s\u00e9 si el futuro se acordar\u00e1 de m\u00ed pero, en caso de que eso suceda, que jam\u00e1s me vean como una v\u00edctima, sino como alguien que dio pasos con coraje y pag\u00f3 sin miedo el precio que deb\u00eda pagar.\u00bb<\/b><\/p>\n<p>En su nueva novela, Paulo Coelho da vida a\u00a0<b>una de las mujeres m\u00e1s enigm\u00e1ticas de la historia: Mata Hari<\/b>, quien fuera acusada de\u00a0<b>espionaje\u00a0<\/b>durante la Primera Guerra Mundial. Aunque hubo poca evidencia para incriminarla, ella no pudo escapar de la persecuci\u00f3n y el enjuiciamiento por parte de la\u00a0<b>inteligencia militar francesa.<\/b><\/p>\n<p>Esta cautivadorae \u00edntima narraci\u00f3n nos presenta a una\u00a0<b>mujer\u00a0<\/b>que se atrevi\u00f3, en su tiempo, a\u00a0<b>hacer lo impensable<\/b>: desnudarse en p\u00fablico, ser independiente, seductora, exitosa, original e inteligente. A diferencia de otras mujeres de la \u00e9poca, ella ten\u00eda un sue\u00f1o firme: conquistar los escenarios europeos con su baile y alcanzar su propia\u00a0<b>libertad<\/b>. Su \u00fanico crimen fue ser una mujer\u00a0<b>independiente<\/b>.<\/p>\n","protected":false},"excerpt":{"rendered":"<p>Paulo Coelho<\/p>\n","protected":false},"featured_media":1418,"template":"","meta":{"_joinchat":[]},"product_brand":[],"product_cat":[58,33,51],"product_tag":[34],"class_list":{"0":"post-1417","1":"product","2":"type-product","3":"status-publish","4":"has-post-thumbnail","6":"product_cat-desarrollo-humano-y-superacion","7":"product_cat-ficcion-general","8":"product_cat-oferta","9":"product_tag-penguin-random-house","11":"first","12":"outofstock","13":"shipping-taxable","14":"purchasable","15":"product-type-simple"},"_links":{"self":[{"href":"https:\/\/libreriahistoriasdebolsillo.com\/index.php\/wp-json\/wp\/v2\/product\/1417","targetHints":{"allow":["GET"]}}],"collection":[{"href":"https:\/\/libreriahistoriasdebolsillo.com\/index.php\/wp-json\/wp\/v2\/product"}],"about":[{"href":"https:\/\/libreriahistoriasdebolsillo.com\/index.php\/wp-json\/wp\/v2\/types\/product"}],"wp:featuredmedia":[{"embeddable":true,"href":"https:\/\/libreriahistoriasdebolsillo.com\/index.php\/wp-json\/wp\/v2\/media\/1418"}],"wp:attachment":[{"href":"https:\/\/libreriahistoriasdebolsillo.com\/index.php\/wp-json\/wp\/v2\/media?parent=1417"}],"wp:term":[{"taxonomy":"product_brand","embeddable":true,"href":"https:\/\/libreriahistoriasdebolsillo.com\/index.php\/wp-json\/wp\/v2\/product_brand?post=1417"},{"taxonomy":"product_cat","embeddable":true,"href":"https:\/\/libreriahistoriasdebolsillo.com\/index.php\/wp-json\/wp\/v2\/product_cat?post=1417"},{"taxonomy":"product_tag","embeddable":true,"href":"https:\/\/libreriahistoriasdebolsillo.com\/index.php\/wp-json\/wp\/v2\/product_tag?post=1417"}],"curies":[{"name":"wp","href":"https:\/\/api.w.org\/{rel}","templated":true}]}}