{"id":1421,"date":"2023-11-21T18:25:46","date_gmt":"2023-11-22T00:25:46","guid":{"rendered":"https:\/\/libreriahistoriasdebolsillo.com\/?post_type=product&#038;p=1421"},"modified":"2023-12-23T14:18:51","modified_gmt":"2023-12-23T20:18:51","slug":"las-muertes-de-genji","status":"publish","type":"product","link":"https:\/\/libreriahistoriasdebolsillo.com\/index.php\/producto\/las-muertes-de-genji\/","title":{"rendered":"Las muertes de Genji"},"content":{"rendered":"<p><b>\u00abPorque a fin de cuentas, sea lo que sea, salvaje o no, ind\u00f3mita o no, infinita o no, pura o impura, la belleza arrolla, la belleza impone, la belleza acalla.\u00bb<\/b><\/p>\n<p>Tres expertos en\u00a0<b>literatura y gr\u00e1fica japonesa<\/b>\u00a0llegan a \u00c1msterdam para participar en una reuni\u00f3n, convocada por\u00a0<b>una extra\u00f1a mujer que lleva los dientes te\u00f1idos de negro<\/b>, a la antigua usanza japonesa. La vida de cada uno ha estado regida de una u otra manera por\u00a0<b>la Novela de Genji<\/b>, obra maestra escrita por\u00a0<b>Murasaki<\/b>\u00a0<b>Shikibu<\/b>\u00a0hace mil a\u00f1os. A la mitad de este relato, su protagonista, Genji, el pr\u00edncipe resplandeciente, muere sin que el lector sepa c\u00f3mo o por qu\u00e9, lo que constituye uno de los grandes misterios de la literatura. Entonces, en un monasterio localizado en las monta\u00f1as aleda\u00f1as a\u00a0<b>la ciudad de Kioto<\/b>, aparece una nueva versi\u00f3n muy antigua que incluye los 54 cap\u00edtulos de la novela m\u00e1s un documento peculiar con tres versiones distintas de la muerte de Genji. \u00bfSer\u00e1 alguna de ellas la versi\u00f3n original de Murasaki Shikibu? \u00bfC\u00f3mo saberlo?<\/p>\n<p>En\u00a0<i>Lasmuertes de Genji<\/i>, Vicente Herrasti adentra al lector en\u00a0<b>el mundo fascinante de la<\/b>\u00a0<b>Shikibu<\/b><b>.<\/b>\u00a0La aventura conduce a\u00a0<b>Pa\u00edses Bajos, Italia, Noruega, Par\u00eds y, por supuesto, a Jap\u00f3n,<\/b>\u00a0dejando claro el tremendo influjo que una obra de\u00a0<b>arte universal<\/b>\u00a0puede ejercer en la vida de los hombres.<\/p>\n","protected":false},"excerpt":{"rendered":"<p>Vicente Herrasti<\/p>\n","protected":false},"featured_media":1424,"template":"","meta":{"_joinchat":[]},"product_brand":[],"product_cat":[33],"product_tag":[34],"class_list":{"0":"post-1421","1":"product","2":"type-product","3":"status-publish","4":"has-post-thumbnail","6":"product_cat-ficcion-general","7":"product_tag-penguin-random-house","9":"first","10":"outofstock","11":"shipping-taxable","12":"purchasable","13":"product-type-simple"},"_links":{"self":[{"href":"https:\/\/libreriahistoriasdebolsillo.com\/index.php\/wp-json\/wp\/v2\/product\/1421","targetHints":{"allow":["GET"]}}],"collection":[{"href":"https:\/\/libreriahistoriasdebolsillo.com\/index.php\/wp-json\/wp\/v2\/product"}],"about":[{"href":"https:\/\/libreriahistoriasdebolsillo.com\/index.php\/wp-json\/wp\/v2\/types\/product"}],"wp:featuredmedia":[{"embeddable":true,"href":"https:\/\/libreriahistoriasdebolsillo.com\/index.php\/wp-json\/wp\/v2\/media\/1424"}],"wp:attachment":[{"href":"https:\/\/libreriahistoriasdebolsillo.com\/index.php\/wp-json\/wp\/v2\/media?parent=1421"}],"wp:term":[{"taxonomy":"product_brand","embeddable":true,"href":"https:\/\/libreriahistoriasdebolsillo.com\/index.php\/wp-json\/wp\/v2\/product_brand?post=1421"},{"taxonomy":"product_cat","embeddable":true,"href":"https:\/\/libreriahistoriasdebolsillo.com\/index.php\/wp-json\/wp\/v2\/product_cat?post=1421"},{"taxonomy":"product_tag","embeddable":true,"href":"https:\/\/libreriahistoriasdebolsillo.com\/index.php\/wp-json\/wp\/v2\/product_tag?post=1421"}],"curies":[{"name":"wp","href":"https:\/\/api.w.org\/{rel}","templated":true}]}}