{"id":1429,"date":"2023-11-21T18:30:51","date_gmt":"2023-11-22T00:30:51","guid":{"rendered":"https:\/\/libreriahistoriasdebolsillo.com\/?post_type=product&#038;p=1429"},"modified":"2024-07-01T12:31:47","modified_gmt":"2024-07-01T18:31:47","slug":"rayuela","status":"publish","type":"product","link":"https:\/\/libreriahistoriasdebolsillo.com\/index.php\/producto\/rayuela\/","title":{"rendered":"Rayuela"},"content":{"rendered":"<p><b>La obra maestra de Julio Cort\u00e1zar. Una novela que conmocion\u00f3 el panorama cultural de su tiempo y marc\u00f3 un hito insoslayable dentro de la narrativa contempor\u00e1nea.<\/b><\/p>\n<p>En\u00a0<i>Rayuela\u00a0<\/i>(1963), Julio Cort\u00e1zar supo condensar sus obsesiones est\u00e9ticas, literarias y vitales a partir de un mosaico diverso, profundo, inagotable que, a su vez, re?eja de forma maravillosa lo m\u00e1s esencial de su \u00e9poca.<\/p>\n<p>El amor turbulento de\u00a0<b>Oliveira\u00a0<\/b>y<b>\u00a0La Maga<\/b>, los amigos del Club de la Serpiente, las impredecibles caminatas por Par\u00eds -la ciudad que promete el cielo pero puede conducir al infierno-, encuentran su contracara en la aventura protagonizada por Oliveira,\u00a0<b>Talita\u00a0<\/b>y\u00a0<b>Traveler<\/b>\u00a0en Buenos Aires.<\/p>\n<p><i>Rayuela<\/i>\u00a0es un libro \u00fanico, abierto a m\u00faltiples lecturas, l\u00fadico, complejo, lleno de riesgo y humor, de una originalidad sin precedentes y un talento innato para in?uir en las futuras generaciones.<\/p>\n<p><b>Reconocidos autores opinaron&#8230;<\/b><\/p>\n<p>\u00ab<i>Rayuela<\/i>, la novela que mostr\u00f3 c\u00f3mo una manera de contar pod\u00eda ser en s\u00ed misma una subyugante historia.\u00bb \u00bb &#8211;<b>Mario Vargas Llosa<\/b>&#8211;<\/p>\n<p>\u00abSi no hay una voluntad de lenguaje en una novela en Am\u00e9rica Latina, para m\u00ed esa novela no existe. Yo creo que la hay en Cort\u00e1zar, que para m\u00ed es casi un Bol\u00edvar de la literatura latinoamericana. Es un hombre que nos ha liberado, que nos ha dicho que se puede hacer todo.\u00bb-<b>Carlos Fuentes<\/b>&#8211;<\/p>\n<p>\u00abProsa hecha de aire, sin peso ni cuerpo pero que sopla con \u00edmpetu y levanta en nuestras mentes bandadas de im\u00e1genes y visiones, vaso comunicante entre los ritmos callejeros de la ciudad y el soliloquio del poeta.\u00bb-<b>Octavio Paz-<\/b><\/p>\n<p>\u00abCort\u00e1zar es el mejor.\u00bb-<b>Roberto Bola\u00f1o<\/b>&#8211;<\/p>\n<p>\u00abSu fundaci\u00f3n de apertura es otra\u00a0<i>Rayuela<\/i>, un libro que es la misma novela, pero que empieza al cerrar este libro.\u00bb-<b>Julio Ortega-<\/b><\/p>\n<p>\u00abCort\u00e1zar nos ha dejado una obra tal vez inconclusa pero tan bella e indestructible como su recuerdo.\u00bb<\/p>\n<p>-Gabriel Garc\u00eda M\u00e1rquez-<\/p>\n<p>\u00abSu fundaci\u00f3n de apertura es otra Rayuela, un libro que es la misma novela, pero que empieza al cerrar este libro.\u00bb<\/p>\n<p>Julio Ortega<\/p>\n<p>\u00abCort\u00e1zar nos ha dejado una obra tal vez inconclusa pero tan bella e indestructible como su recuerdo.\u00bb<\/p>\n<p>Gabriel Garc\u00eda M\u00e1rquez<\/p>\n","protected":false},"excerpt":{"rendered":"<p>Julio Cort\u00e1zar<\/p>\n","protected":false},"featured_media":1431,"template":"","meta":{"_joinchat":[]},"product_brand":[],"product_cat":[33],"product_tag":[34],"class_list":{"0":"post-1429","1":"product","2":"type-product","3":"status-publish","4":"has-post-thumbnail","6":"product_cat-ficcion-general","7":"product_tag-penguin-random-house","9":"first","10":"outofstock","11":"shipping-taxable","12":"purchasable","13":"product-type-simple"},"_links":{"self":[{"href":"https:\/\/libreriahistoriasdebolsillo.com\/index.php\/wp-json\/wp\/v2\/product\/1429","targetHints":{"allow":["GET"]}}],"collection":[{"href":"https:\/\/libreriahistoriasdebolsillo.com\/index.php\/wp-json\/wp\/v2\/product"}],"about":[{"href":"https:\/\/libreriahistoriasdebolsillo.com\/index.php\/wp-json\/wp\/v2\/types\/product"}],"wp:featuredmedia":[{"embeddable":true,"href":"https:\/\/libreriahistoriasdebolsillo.com\/index.php\/wp-json\/wp\/v2\/media\/1431"}],"wp:attachment":[{"href":"https:\/\/libreriahistoriasdebolsillo.com\/index.php\/wp-json\/wp\/v2\/media?parent=1429"}],"wp:term":[{"taxonomy":"product_brand","embeddable":true,"href":"https:\/\/libreriahistoriasdebolsillo.com\/index.php\/wp-json\/wp\/v2\/product_brand?post=1429"},{"taxonomy":"product_cat","embeddable":true,"href":"https:\/\/libreriahistoriasdebolsillo.com\/index.php\/wp-json\/wp\/v2\/product_cat?post=1429"},{"taxonomy":"product_tag","embeddable":true,"href":"https:\/\/libreriahistoriasdebolsillo.com\/index.php\/wp-json\/wp\/v2\/product_tag?post=1429"}],"curies":[{"name":"wp","href":"https:\/\/api.w.org\/{rel}","templated":true}]}}