{"id":1445,"date":"2023-11-21T18:55:18","date_gmt":"2023-11-22T00:55:18","guid":{"rendered":"https:\/\/libreriahistoriasdebolsillo.com\/?post_type=product&#038;p=1445"},"modified":"2025-02-14T16:05:18","modified_gmt":"2025-02-14T22:05:18","slug":"que-yo-sea-yo-es-exactamente-tan-loco-como-que-tu-seas-tu","status":"publish","type":"product","link":"https:\/\/libreriahistoriasdebolsillo.com\/index.php\/producto\/que-yo-sea-yo-es-exactamente-tan-loco-como-que-tu-seas-tu\/","title":{"rendered":"Que yo sea yo es exactamente tan loco como que t\u00fa, seas t\u00fa"},"content":{"rendered":"<p>Que yo sea yo es exactamente tan loco como que t\u00fa, seas t\u00fa, es una novela que aborda varias tem\u00e1ticas de importancia para los adolescentes: la rebeld\u00eda, el sentido de pertenencia, el primer amor, la familia y la amistad. Todd-Hasak Lowy tiene un estilo ligero, que atrapa al lector en todo momento. Todo comienza cuando el padre de Darren le cuenta a su hijo que es gay; que esa es la raz\u00f3n por la que se separ\u00f3 de su mujer. De ah\u00ed en adelante, el protagonista comienza a replantearse todos los aspectos de su vida: incluso qui\u00e9n es \u00e9l y qu\u00e9 quiere lograr en la vida.<\/p>\n","protected":false},"excerpt":{"rendered":"<p>Todd Hasak-Lowy<\/p>\n","protected":false},"featured_media":1446,"template":"","meta":{"_joinchat":[]},"product_brand":[],"product_cat":[52,38],"product_tag":[48],"class_list":{"0":"post-1445","1":"product","2":"type-product","3":"status-publish","4":"has-post-thumbnail","6":"product_cat-juvenil","7":"product_cat-lgbtq","8":"product_tag-vr-editoras","10":"first","11":"outofstock","12":"shipping-taxable","13":"purchasable","14":"product-type-simple"},"_links":{"self":[{"href":"https:\/\/libreriahistoriasdebolsillo.com\/index.php\/wp-json\/wp\/v2\/product\/1445","targetHints":{"allow":["GET"]}}],"collection":[{"href":"https:\/\/libreriahistoriasdebolsillo.com\/index.php\/wp-json\/wp\/v2\/product"}],"about":[{"href":"https:\/\/libreriahistoriasdebolsillo.com\/index.php\/wp-json\/wp\/v2\/types\/product"}],"wp:featuredmedia":[{"embeddable":true,"href":"https:\/\/libreriahistoriasdebolsillo.com\/index.php\/wp-json\/wp\/v2\/media\/1446"}],"wp:attachment":[{"href":"https:\/\/libreriahistoriasdebolsillo.com\/index.php\/wp-json\/wp\/v2\/media?parent=1445"}],"wp:term":[{"taxonomy":"product_brand","embeddable":true,"href":"https:\/\/libreriahistoriasdebolsillo.com\/index.php\/wp-json\/wp\/v2\/product_brand?post=1445"},{"taxonomy":"product_cat","embeddable":true,"href":"https:\/\/libreriahistoriasdebolsillo.com\/index.php\/wp-json\/wp\/v2\/product_cat?post=1445"},{"taxonomy":"product_tag","embeddable":true,"href":"https:\/\/libreriahistoriasdebolsillo.com\/index.php\/wp-json\/wp\/v2\/product_tag?post=1445"}],"curies":[{"name":"wp","href":"https:\/\/api.w.org\/{rel}","templated":true}]}}