{"id":1466,"date":"2023-11-21T19:10:46","date_gmt":"2023-11-22T01:10:46","guid":{"rendered":"https:\/\/libreriahistoriasdebolsillo.com\/?post_type=product&#038;p=1466"},"modified":"2024-01-08T09:57:32","modified_gmt":"2024-01-08T15:57:32","slug":"aristoteles-y-dante-descubren-los-secretos-del-universo","status":"publish","type":"product","link":"https:\/\/libreriahistoriasdebolsillo.com\/index.php\/producto\/aristoteles-y-dante-descubren-los-secretos-del-universo\/","title":{"rendered":"Arist\u00f3teles y Dante descubren los secretos del universo"},"content":{"rendered":"<p>Arist\u00f3teles es introvertido y t\u00edmido. Dante es transparente y expresivo. Por motivos que parecen escapar a toda raz\u00f3n, estos dos chicos de diecisiete a\u00f1os se encuentran y construyen una amistad entra\u00f1able que les permitir\u00e1 redefinir el mundo del otro y aprender a creer en ellos mismos para descubrir los secretos del universo.<\/p>\n<p>El escritor multipremiado, Benjamin Alire S\u00e1enz, explora la lealtad y la confianza entre dos j\u00f3venes que est\u00e1n aprendiendo a ser adultos en un escenario fronterizo tan mexicano como estadounidense. Juntos deber\u00e1n crecer al mismo tiempo en que se adaptan a una sociedad que tambi\u00e9n est\u00e1 en permanente b\u00fasqueda de identidad.<\/p>\n","protected":false},"excerpt":{"rendered":"<p>Benjamin Alire S\u00e1enz<\/p>\n","protected":false},"featured_media":1467,"template":"","meta":{"_joinchat":[]},"product_brand":[],"product_cat":[52,38],"product_tag":[45],"class_list":{"0":"post-1466","1":"product","2":"type-product","3":"status-publish","4":"has-post-thumbnail","6":"product_cat-juvenil","7":"product_cat-lgbtq","8":"product_tag-planeta","10":"first","11":"outofstock","12":"shipping-taxable","13":"purchasable","14":"product-type-simple"},"_links":{"self":[{"href":"https:\/\/libreriahistoriasdebolsillo.com\/index.php\/wp-json\/wp\/v2\/product\/1466","targetHints":{"allow":["GET"]}}],"collection":[{"href":"https:\/\/libreriahistoriasdebolsillo.com\/index.php\/wp-json\/wp\/v2\/product"}],"about":[{"href":"https:\/\/libreriahistoriasdebolsillo.com\/index.php\/wp-json\/wp\/v2\/types\/product"}],"wp:featuredmedia":[{"embeddable":true,"href":"https:\/\/libreriahistoriasdebolsillo.com\/index.php\/wp-json\/wp\/v2\/media\/1467"}],"wp:attachment":[{"href":"https:\/\/libreriahistoriasdebolsillo.com\/index.php\/wp-json\/wp\/v2\/media?parent=1466"}],"wp:term":[{"taxonomy":"product_brand","embeddable":true,"href":"https:\/\/libreriahistoriasdebolsillo.com\/index.php\/wp-json\/wp\/v2\/product_brand?post=1466"},{"taxonomy":"product_cat","embeddable":true,"href":"https:\/\/libreriahistoriasdebolsillo.com\/index.php\/wp-json\/wp\/v2\/product_cat?post=1466"},{"taxonomy":"product_tag","embeddable":true,"href":"https:\/\/libreriahistoriasdebolsillo.com\/index.php\/wp-json\/wp\/v2\/product_tag?post=1466"}],"curies":[{"name":"wp","href":"https:\/\/api.w.org\/{rel}","templated":true}]}}