{"id":1500,"date":"2023-11-23T11:27:11","date_gmt":"2023-11-23T17:27:11","guid":{"rendered":"https:\/\/libreriahistoriasdebolsillo.com\/?post_type=product&#038;p=1500"},"modified":"2026-03-12T18:26:34","modified_gmt":"2026-03-13T00:26:34","slug":"rojo-blanco-y-sangre-azul","status":"publish","type":"product","link":"https:\/\/libreriahistoriasdebolsillo.com\/index.php\/producto\/rojo-blanco-y-sangre-azul\/","title":{"rendered":"Rojo, blanco y sangre azul"},"content":{"rendered":"<p>Alex Claremont-D\u00edaz, el hijo\u00a0<b>millennial<\/b>\u00a0de la\u00a0<b>presidenta de Estados Unidos<\/b>, es un tesoro para el marketing de la\u00a0<b>Casa Blanca<\/b>: atractivo, carism\u00e1tico e inteligente. Lo que nadie sabe es que no soporta al\u00a0<b>pr\u00edncipe Henry<\/b>, el hijo de la\u00a0<b>reina de Inglaterra<\/b>. As\u00ed que, cuando la\u00a0<b>prensa sensacionalista<\/b>\u00a0se hace con una fotograf\u00eda que refleja un altercado entre Alex yHenry, las relaciones entre Estados Unidos y el Reino Unido se enfr\u00edan. Ambos pa\u00edses trazan un plan para paliar los da\u00f1os. Lo que empieza como una falsa amistad, publicada en\u00a0<b>Instagram<\/b>, se va transformando en algo m\u00e1s profundo de lo que Alex y Henry podr\u00edan haber imaginado.<\/p>\n<p><b>\u00bfPUEDE EL AMOR CAMBIAR EL MUNDO?<\/b><\/p>\n","protected":false},"excerpt":{"rendered":"<p>Casey McQuiston<\/p>\n","protected":false},"featured_media":1501,"template":"","meta":{"_joinchat":[]},"product_brand":[],"product_cat":[52,38,51],"product_tag":[34],"class_list":{"0":"post-1500","1":"product","2":"type-product","3":"status-publish","4":"has-post-thumbnail","6":"product_cat-juvenil","7":"product_cat-lgbtq","8":"product_cat-oferta","9":"product_tag-penguin-random-house","11":"first","12":"outofstock","13":"sale","14":"shipping-taxable","15":"purchasable","16":"product-type-simple"},"_links":{"self":[{"href":"https:\/\/libreriahistoriasdebolsillo.com\/index.php\/wp-json\/wp\/v2\/product\/1500","targetHints":{"allow":["GET"]}}],"collection":[{"href":"https:\/\/libreriahistoriasdebolsillo.com\/index.php\/wp-json\/wp\/v2\/product"}],"about":[{"href":"https:\/\/libreriahistoriasdebolsillo.com\/index.php\/wp-json\/wp\/v2\/types\/product"}],"wp:featuredmedia":[{"embeddable":true,"href":"https:\/\/libreriahistoriasdebolsillo.com\/index.php\/wp-json\/wp\/v2\/media\/1501"}],"wp:attachment":[{"href":"https:\/\/libreriahistoriasdebolsillo.com\/index.php\/wp-json\/wp\/v2\/media?parent=1500"}],"wp:term":[{"taxonomy":"product_brand","embeddable":true,"href":"https:\/\/libreriahistoriasdebolsillo.com\/index.php\/wp-json\/wp\/v2\/product_brand?post=1500"},{"taxonomy":"product_cat","embeddable":true,"href":"https:\/\/libreriahistoriasdebolsillo.com\/index.php\/wp-json\/wp\/v2\/product_cat?post=1500"},{"taxonomy":"product_tag","embeddable":true,"href":"https:\/\/libreriahistoriasdebolsillo.com\/index.php\/wp-json\/wp\/v2\/product_tag?post=1500"}],"curies":[{"name":"wp","href":"https:\/\/api.w.org\/{rel}","templated":true}]}}