{"id":1513,"date":"2023-11-23T12:22:50","date_gmt":"2023-11-23T18:22:50","guid":{"rendered":"https:\/\/libreriahistoriasdebolsillo.com\/?post_type=product&#038;p=1513"},"modified":"2025-04-08T18:02:29","modified_gmt":"2025-04-09T00:02:29","slug":"heartstopper-3-edicion-de-lujo-tapa-dura","status":"publish","type":"product","link":"https:\/\/libreriahistoriasdebolsillo.com\/index.php\/producto\/heartstopper-3-edicion-de-lujo-tapa-dura\/","title":{"rendered":"Heartstopper 3 edici\u00f3n de lujo tapa dura"},"content":{"rendered":"<p><strong>\u00a1Edici\u00f3n de lujo de la novela gr\u00e1fica fen\u00f3meno en todo el mundo!<\/strong><\/p>\n<p>\u00a1El colegio organiza una excursi\u00f3n a Par\u00eds! Nick y Charlie van a aprovechar su visita a la ciudad del amor para contarles a sus compa\u00f1eros sobre su relaci\u00f3n, pero \u00bfse animar\u00e1n? Charlie tiene terror de que Nick sufra el mismo bullying que le hicieron a \u00e9l un a\u00f1o atr\u00e1s al salir del armario. Y Nick est\u00e1 preocupado porque sospecha que algo le ocurre a Charlie y no sabe qu\u00e9 hacer. \u00bfEs normal que coma tan poco? \u00bfDeber\u00eda hablar con \u00e9l? Mientras tanto, Tao y Elle tendr\u00e1n que hacerle frente a sus sentimientos, y Tara y Darcy van a contar su historia de amor para que Nick y Charlie se animen a compartir la suya con el mundo.<\/p>\n","protected":false},"excerpt":{"rendered":"<p>Alice Oseman<\/p>\n","protected":false},"featured_media":1515,"template":"","meta":{"_joinchat":[]},"product_brand":[],"product_cat":[52,38,67],"product_tag":[48],"class_list":{"0":"post-1513","1":"product","2":"type-product","3":"status-publish","4":"has-post-thumbnail","6":"product_cat-juvenil","7":"product_cat-lgbtq","8":"product_cat-manga","9":"product_tag-vr-editoras","11":"first","12":"instock","13":"shipping-taxable","14":"purchasable","15":"product-type-simple"},"_links":{"self":[{"href":"https:\/\/libreriahistoriasdebolsillo.com\/index.php\/wp-json\/wp\/v2\/product\/1513","targetHints":{"allow":["GET"]}}],"collection":[{"href":"https:\/\/libreriahistoriasdebolsillo.com\/index.php\/wp-json\/wp\/v2\/product"}],"about":[{"href":"https:\/\/libreriahistoriasdebolsillo.com\/index.php\/wp-json\/wp\/v2\/types\/product"}],"wp:featuredmedia":[{"embeddable":true,"href":"https:\/\/libreriahistoriasdebolsillo.com\/index.php\/wp-json\/wp\/v2\/media\/1515"}],"wp:attachment":[{"href":"https:\/\/libreriahistoriasdebolsillo.com\/index.php\/wp-json\/wp\/v2\/media?parent=1513"}],"wp:term":[{"taxonomy":"product_brand","embeddable":true,"href":"https:\/\/libreriahistoriasdebolsillo.com\/index.php\/wp-json\/wp\/v2\/product_brand?post=1513"},{"taxonomy":"product_cat","embeddable":true,"href":"https:\/\/libreriahistoriasdebolsillo.com\/index.php\/wp-json\/wp\/v2\/product_cat?post=1513"},{"taxonomy":"product_tag","embeddable":true,"href":"https:\/\/libreriahistoriasdebolsillo.com\/index.php\/wp-json\/wp\/v2\/product_tag?post=1513"}],"curies":[{"name":"wp","href":"https:\/\/api.w.org\/{rel}","templated":true}]}}