{"id":1522,"date":"2023-11-23T12:29:50","date_gmt":"2023-11-23T18:29:50","guid":{"rendered":"https:\/\/libreriahistoriasdebolsillo.com\/?post_type=product&#038;p=1522"},"modified":"2025-02-14T15:38:20","modified_gmt":"2025-02-14T21:38:20","slug":"heartstopper-4","status":"publish","type":"product","link":"https:\/\/libreriahistoriasdebolsillo.com\/index.php\/producto\/heartstopper-4\/","title":{"rendered":"Heartstopper 4"},"content":{"rendered":"<p>Pensar que Charlie cre\u00eda que jam\u00e1s podr\u00eda gustarle a Nick y ahora no son solo novios, sino que Charlie cree estar listo para declararle su amor.<\/p>\n<p>Y Nick siente lo mismo, pero\u2026 tiene tantas cosas en la cabeza. Salir del cl\u00f3set con su pap\u00e1 y el hecho de que Charlie quiz\u00e1 tenga un desorden alimenticio.<\/p>\n<p>Cuando el verano se vuelva oto\u00f1o y un nuevo a\u00f1o escolar comience, Nick y Charlie aprender\u00e1n lo que significa realmente amar.<\/p>\n","protected":false},"excerpt":{"rendered":"<p>Alice Oseman<\/p>\n","protected":false},"featured_media":1524,"template":"","meta":{"_joinchat":[]},"product_brand":[],"product_cat":[52,38,67],"product_tag":[48],"class_list":{"0":"post-1522","1":"product","2":"type-product","3":"status-publish","4":"has-post-thumbnail","6":"product_cat-juvenil","7":"product_cat-lgbtq","8":"product_cat-manga","9":"product_tag-vr-editoras","11":"first","12":"instock","13":"shipping-taxable","14":"purchasable","15":"product-type-simple"},"_links":{"self":[{"href":"https:\/\/libreriahistoriasdebolsillo.com\/index.php\/wp-json\/wp\/v2\/product\/1522","targetHints":{"allow":["GET"]}}],"collection":[{"href":"https:\/\/libreriahistoriasdebolsillo.com\/index.php\/wp-json\/wp\/v2\/product"}],"about":[{"href":"https:\/\/libreriahistoriasdebolsillo.com\/index.php\/wp-json\/wp\/v2\/types\/product"}],"wp:featuredmedia":[{"embeddable":true,"href":"https:\/\/libreriahistoriasdebolsillo.com\/index.php\/wp-json\/wp\/v2\/media\/1524"}],"wp:attachment":[{"href":"https:\/\/libreriahistoriasdebolsillo.com\/index.php\/wp-json\/wp\/v2\/media?parent=1522"}],"wp:term":[{"taxonomy":"product_brand","embeddable":true,"href":"https:\/\/libreriahistoriasdebolsillo.com\/index.php\/wp-json\/wp\/v2\/product_brand?post=1522"},{"taxonomy":"product_cat","embeddable":true,"href":"https:\/\/libreriahistoriasdebolsillo.com\/index.php\/wp-json\/wp\/v2\/product_cat?post=1522"},{"taxonomy":"product_tag","embeddable":true,"href":"https:\/\/libreriahistoriasdebolsillo.com\/index.php\/wp-json\/wp\/v2\/product_tag?post=1522"}],"curies":[{"name":"wp","href":"https:\/\/api.w.org\/{rel}","templated":true}]}}