{"id":1647,"date":"2023-11-23T16:00:05","date_gmt":"2023-11-23T22:00:05","guid":{"rendered":"https:\/\/libreriahistoriasdebolsillo.com\/?post_type=product&#038;p=1647"},"modified":"2025-06-28T11:27:18","modified_gmt":"2025-06-28T17:27:18","slug":"hecha-de-estrellas","status":"publish","type":"product","link":"https:\/\/libreriahistoriasdebolsillo.com\/index.php\/producto\/hecha-de-estrellas\/","title":{"rendered":"Hecha de estrellas"},"content":{"rendered":"<p>Mara y Owen son los gemelos m\u00e1s cercanos del mundo. As\u00ed que cuando \u00e9l es acusado de violaci\u00f3n, ella no sabe que pensar \u00bfpuede su hermano ser culpable de algo tan atroz? Dividida entre el amor de su familia y su sentido de justicia, Mara deber\u00e1 hacerle frente a un trauma del pasado que le impide ser libre y ser fuerte para enfrentar la realidad de su presente. Con sensibilidad y franqueza esta novela encara el abuso sexual, la culpa que enfrentan las v\u00edctimas y los l\u00edmites del consentimiento.<\/p>\n","protected":false},"excerpt":{"rendered":"<p>Ashley Herring Blake<\/p>\n","protected":false},"featured_media":1648,"template":"","meta":{"_joinchat":[]},"product_brand":[],"product_cat":[52,35],"product_tag":[48],"class_list":{"0":"post-1647","1":"product","2":"type-product","3":"status-publish","4":"has-post-thumbnail","6":"product_cat-juvenil","7":"product_cat-romantica","8":"product_tag-vr-editoras","10":"first","11":"instock","12":"shipping-taxable","13":"purchasable","14":"product-type-simple"},"_links":{"self":[{"href":"https:\/\/libreriahistoriasdebolsillo.com\/index.php\/wp-json\/wp\/v2\/product\/1647","targetHints":{"allow":["GET"]}}],"collection":[{"href":"https:\/\/libreriahistoriasdebolsillo.com\/index.php\/wp-json\/wp\/v2\/product"}],"about":[{"href":"https:\/\/libreriahistoriasdebolsillo.com\/index.php\/wp-json\/wp\/v2\/types\/product"}],"wp:featuredmedia":[{"embeddable":true,"href":"https:\/\/libreriahistoriasdebolsillo.com\/index.php\/wp-json\/wp\/v2\/media\/1648"}],"wp:attachment":[{"href":"https:\/\/libreriahistoriasdebolsillo.com\/index.php\/wp-json\/wp\/v2\/media?parent=1647"}],"wp:term":[{"taxonomy":"product_brand","embeddable":true,"href":"https:\/\/libreriahistoriasdebolsillo.com\/index.php\/wp-json\/wp\/v2\/product_brand?post=1647"},{"taxonomy":"product_cat","embeddable":true,"href":"https:\/\/libreriahistoriasdebolsillo.com\/index.php\/wp-json\/wp\/v2\/product_cat?post=1647"},{"taxonomy":"product_tag","embeddable":true,"href":"https:\/\/libreriahistoriasdebolsillo.com\/index.php\/wp-json\/wp\/v2\/product_tag?post=1647"}],"curies":[{"name":"wp","href":"https:\/\/api.w.org\/{rel}","templated":true}]}}