{"id":1652,"date":"2023-11-23T16:04:48","date_gmt":"2023-11-23T22:04:48","guid":{"rendered":"https:\/\/libreriahistoriasdebolsillo.com\/?post_type=product&#038;p=1652"},"modified":"2025-03-27T16:34:28","modified_gmt":"2025-03-27T22:34:28","slug":"amor-entre-paginas","status":"publish","type":"product","link":"https:\/\/libreriahistoriasdebolsillo.com\/index.php\/producto\/amor-entre-paginas\/","title":{"rendered":"Amor entre p\u00e1ginas"},"content":{"rendered":"<p><strong>Escrib\u00edan grandes novelas rom\u00e1nticas hasta que un giro de trama puso sus vidas patas para arriba.<\/strong><\/p>\n<p>Hace tres a\u00f1os, Katrina Freeling y Nathan van Huysen eran la sensaci\u00f3n del mundo literario y sus libros acababan siempre en la lista de los m\u00e1s vendidos. Sin embargo, justo despu\u00e9s de publicar su obra maestra, este d\u00fao literario se separ\u00f3 sin dar explicaciones (aunque las malas lenguas dicen que terminaron muy mal).<br \/>\nDesde entonces no han vuelto a hablarse, y ni pensaban hacerlo\u2026 si no fuera por el contrato que firmaron con su editorial y que les exige un \u00faltimo libro juntos.<br \/>\nDespu\u00e9s de varios fracasos personales y profesionales, Katrina y Nathan se han quedado sin opciones y escribir esta novela parece su \u00fanica salida.<br \/>\nLa idea es hacerlo lo m\u00e1s pronto posible y volver a separarse, pero entre los sentimientos a flor de piel y los recuerdos dolorosos, no ser\u00e1 nada f\u00e1cil escribir un romance.<br \/>\nEn tanto se dejan llevar por la pasi\u00f3n y la prosa, Katrina y Nathan descubrir\u00e1n que el amor, como los libros, no siempre se escribe bien a la primera.<\/p>\n","protected":false},"excerpt":{"rendered":"<p>Austin Siegemund-Broka y Emily Wibberley<\/p>\n","protected":false},"featured_media":1654,"template":"","meta":{"_joinchat":[]},"product_brand":[],"product_cat":[35],"product_tag":[48],"class_list":{"0":"post-1652","1":"product","2":"type-product","3":"status-publish","4":"has-post-thumbnail","6":"product_cat-romantica","7":"product_tag-vr-editoras","9":"first","10":"instock","11":"shipping-taxable","12":"purchasable","13":"product-type-simple"},"_links":{"self":[{"href":"https:\/\/libreriahistoriasdebolsillo.com\/index.php\/wp-json\/wp\/v2\/product\/1652","targetHints":{"allow":["GET"]}}],"collection":[{"href":"https:\/\/libreriahistoriasdebolsillo.com\/index.php\/wp-json\/wp\/v2\/product"}],"about":[{"href":"https:\/\/libreriahistoriasdebolsillo.com\/index.php\/wp-json\/wp\/v2\/types\/product"}],"wp:featuredmedia":[{"embeddable":true,"href":"https:\/\/libreriahistoriasdebolsillo.com\/index.php\/wp-json\/wp\/v2\/media\/1654"}],"wp:attachment":[{"href":"https:\/\/libreriahistoriasdebolsillo.com\/index.php\/wp-json\/wp\/v2\/media?parent=1652"}],"wp:term":[{"taxonomy":"product_brand","embeddable":true,"href":"https:\/\/libreriahistoriasdebolsillo.com\/index.php\/wp-json\/wp\/v2\/product_brand?post=1652"},{"taxonomy":"product_cat","embeddable":true,"href":"https:\/\/libreriahistoriasdebolsillo.com\/index.php\/wp-json\/wp\/v2\/product_cat?post=1652"},{"taxonomy":"product_tag","embeddable":true,"href":"https:\/\/libreriahistoriasdebolsillo.com\/index.php\/wp-json\/wp\/v2\/product_tag?post=1652"}],"curies":[{"name":"wp","href":"https:\/\/api.w.org\/{rel}","templated":true}]}}