{"id":1692,"date":"2023-11-24T12:22:30","date_gmt":"2023-11-24T18:22:30","guid":{"rendered":"https:\/\/libreriahistoriasdebolsillo.com\/?post_type=product&#038;p=1692"},"modified":"2024-02-06T17:36:31","modified_gmt":"2024-02-06T23:36:31","slug":"una-sirena-en-paris","status":"publish","type":"product","link":"https:\/\/libreriahistoriasdebolsillo.com\/index.php\/producto\/una-sirena-en-paris\/","title":{"rendered":"Una sirena en Par\u00eds"},"content":{"rendered":"<p>En pleno mes de junio, las aguas del Sena suben por sorpresa y amenazan con inundar Par\u00eds. Se rumorea que junto a los muelles est\u00e1n desapareciendo personas. Pero Gaspard Snow, un m\u00fasico en bancarrota, se empe\u00f1a en seguir la pista de un canto melanc\u00f3lico hasta la orilla del r\u00edo, donde encuentra a una criatura malherida. Lo incre\u00edble parece cierto: es una sirena y se llama Lula.<\/p>\n<p>VOLVER\u00c1S A SO\u00d1AR<\/p>\n<p>Sin otra posibilidad que esconderla en casa e intentar curarla, nada puede salir seg\u00fan el plan previsto. Porque todos los hombres que oyen cantar a Lula mueren en menos de tres d\u00edas. Y porque Lula tambi\u00e9n tiene los d\u00edas contados fuera del agua.<\/p>\n<p>AMAR\u00c1S LO IMPOSIBLE<\/p>\n<p>Con esta grandiosa f\u00e1bula moderna, Mathias Malzieu reivindica el poder de la imaginaci\u00f3n en una \u00e9poca oscura.<\/p>\n","protected":false},"excerpt":{"rendered":"<p>Mathias Malzieu<\/p>\n","protected":false},"featured_media":1694,"template":"","meta":{"_joinchat":[]},"product_brand":[],"product_cat":[33,51,35],"product_tag":[34],"class_list":{"0":"post-1692","1":"product","2":"type-product","3":"status-publish","4":"has-post-thumbnail","6":"product_cat-ficcion-general","7":"product_cat-oferta","8":"product_cat-romantica","9":"product_tag-penguin-random-house","11":"first","12":"outofstock","13":"sale","14":"shipping-taxable","15":"purchasable","16":"product-type-simple"},"_links":{"self":[{"href":"https:\/\/libreriahistoriasdebolsillo.com\/index.php\/wp-json\/wp\/v2\/product\/1692","targetHints":{"allow":["GET"]}}],"collection":[{"href":"https:\/\/libreriahistoriasdebolsillo.com\/index.php\/wp-json\/wp\/v2\/product"}],"about":[{"href":"https:\/\/libreriahistoriasdebolsillo.com\/index.php\/wp-json\/wp\/v2\/types\/product"}],"wp:featuredmedia":[{"embeddable":true,"href":"https:\/\/libreriahistoriasdebolsillo.com\/index.php\/wp-json\/wp\/v2\/media\/1694"}],"wp:attachment":[{"href":"https:\/\/libreriahistoriasdebolsillo.com\/index.php\/wp-json\/wp\/v2\/media?parent=1692"}],"wp:term":[{"taxonomy":"product_brand","embeddable":true,"href":"https:\/\/libreriahistoriasdebolsillo.com\/index.php\/wp-json\/wp\/v2\/product_brand?post=1692"},{"taxonomy":"product_cat","embeddable":true,"href":"https:\/\/libreriahistoriasdebolsillo.com\/index.php\/wp-json\/wp\/v2\/product_cat?post=1692"},{"taxonomy":"product_tag","embeddable":true,"href":"https:\/\/libreriahistoriasdebolsillo.com\/index.php\/wp-json\/wp\/v2\/product_tag?post=1692"}],"curies":[{"name":"wp","href":"https:\/\/api.w.org\/{rel}","templated":true}]}}