{"id":1749,"date":"2023-11-24T13:26:02","date_gmt":"2023-11-24T19:26:02","guid":{"rendered":"https:\/\/libreriahistoriasdebolsillo.com\/?post_type=product&#038;p=1749"},"modified":"2024-01-19T18:47:24","modified_gmt":"2024-01-20T00:47:24","slug":"la-amapola-de-westminster","status":"publish","type":"product","link":"https:\/\/libreriahistoriasdebolsillo.com\/index.php\/producto\/la-amapola-de-westminster\/","title":{"rendered":"La amapola de Westminster"},"content":{"rendered":"<p><b>\u00abLa lealtad es hija de la conveniencia, y la deslealtad no es un acto r\u00e9probo, sino una necesidad pol\u00edtica. Por eso un rey debe cuidarse de las alima\u00f1as que lo rodean. Peor ahora que el Reino es un cazo de leche en pleno hervor\u00bb.<\/b><\/p>\n<p>Durante una fiesta en el palacio de Westminster, una bella dama de compa\u00f1\u00eda es asesinada mientras danza ante la corte. Su compa\u00f1ero de baile, un joven escritor, es acusado del crimen, por dem\u00e1s tan ins\u00f3lito como inexplicable. Nadie ha visto al asesino apu\u00f1alar a la dama, pero m\u00e1s de cien invitados que han presenciado la danza se\u00f1alan al joven como culpable. Obligado a huir, es perseguido de manera implacable por el primer magistrado del Reino, un hombre de sesenta a\u00f1os y amante de la dama asesinada. El crimen, que sucede en el marco de la Guerra de los Cien A\u00f1os, trastorna la vida de ambos personajes quienes vivir\u00e1n una vor\u00e1gine durante los cinco d\u00edas de persecuci\u00f3n. Mientras, la novela traza a lo largo de sus p\u00e1ginas el cambio emocional de ambos antagonistas. Con La amapola de Westminster, P\u00e9rez de Ant\u00f3n nos traslada a la Inglaterra medieval y nos envuelve con una historia de misterio y aventura que acaece en los a\u00f1os ignotos y oscuros de un famoso escritor ingl\u00e9s cuyo nombre no revela la obra, pero que el lector descubrir\u00e1.<\/p>\n","protected":false},"excerpt":{"rendered":"<p>Francisco P\u00e9rez de Ant\u00f3n<\/p>\n","protected":false},"featured_media":1750,"template":"","meta":{"_joinchat":[]},"product_brand":[],"product_cat":[37,51],"product_tag":[34],"class_list":{"0":"post-1749","1":"product","2":"type-product","3":"status-publish","4":"has-post-thumbnail","6":"product_cat-misterio-y-thriller","7":"product_cat-oferta","8":"product_tag-penguin-random-house","10":"first","11":"outofstock","12":"shipping-taxable","13":"purchasable","14":"product-type-simple"},"_links":{"self":[{"href":"https:\/\/libreriahistoriasdebolsillo.com\/index.php\/wp-json\/wp\/v2\/product\/1749","targetHints":{"allow":["GET"]}}],"collection":[{"href":"https:\/\/libreriahistoriasdebolsillo.com\/index.php\/wp-json\/wp\/v2\/product"}],"about":[{"href":"https:\/\/libreriahistoriasdebolsillo.com\/index.php\/wp-json\/wp\/v2\/types\/product"}],"wp:featuredmedia":[{"embeddable":true,"href":"https:\/\/libreriahistoriasdebolsillo.com\/index.php\/wp-json\/wp\/v2\/media\/1750"}],"wp:attachment":[{"href":"https:\/\/libreriahistoriasdebolsillo.com\/index.php\/wp-json\/wp\/v2\/media?parent=1749"}],"wp:term":[{"taxonomy":"product_brand","embeddable":true,"href":"https:\/\/libreriahistoriasdebolsillo.com\/index.php\/wp-json\/wp\/v2\/product_brand?post=1749"},{"taxonomy":"product_cat","embeddable":true,"href":"https:\/\/libreriahistoriasdebolsillo.com\/index.php\/wp-json\/wp\/v2\/product_cat?post=1749"},{"taxonomy":"product_tag","embeddable":true,"href":"https:\/\/libreriahistoriasdebolsillo.com\/index.php\/wp-json\/wp\/v2\/product_tag?post=1749"}],"curies":[{"name":"wp","href":"https:\/\/api.w.org\/{rel}","templated":true}]}}