{"id":1751,"date":"2023-11-24T13:28:07","date_gmt":"2023-11-24T19:28:07","guid":{"rendered":"https:\/\/libreriahistoriasdebolsillo.com\/?post_type=product&#038;p=1751"},"modified":"2024-01-19T18:45:58","modified_gmt":"2024-01-20T00:45:58","slug":"evangelia","status":"publish","type":"product","link":"https:\/\/libreriahistoriasdebolsillo.com\/index.php\/producto\/evangelia\/","title":{"rendered":"Evangelia"},"content":{"rendered":"<p><b>Mar\u00eda ha dado a luz, y su primog\u00e9nita llevar\u00e1 el nombre de Emanuel. Mientras tanto, sentado a la derecha del Padre, el esp\u00edritu de Jes\u00fas est\u00e1 a la espera de volverse corp\u00f3reo para ser proclamado hijo de Dios&#8230;<\/b><\/p>\n<p><b>David Toscana, autor de\u00a0<i>Los puentes de K\u00f6nigsberg, El \u00faltimo lector<\/i>\u00a0y\u00a0<i>La ciudad que el diablo<\/i>\u00a0se llev\u00f3 plantea una nueva versi\u00f3n del evangelio a partir de una controversial pregunta: \u00bfqu\u00e9 ocurrir\u00eda si en el pesebre de Bel\u00e9n Mar\u00eda hubiera parido una hija y no al ni\u00f1o destinado a convertirse en Cristo?<\/b><\/p>\n<p><i>Ese d\u00eda ya no ocurrieron milagros. Salvo los planetas, que se mantuvieron en sus \u00f3rbitas perfectas, las muchas madres que dieron a luz y los vientres que se pre\u00f1aron, las flores que se abrieron, el trigo que ofrec\u00eda su grano&#8230; y los poetas que compon\u00edan versos para celebrar todas esas cosas.<\/i><\/p>\n<p>Mar\u00eda ha dado a luz, y su primog\u00e9nita llevar\u00e1 el nombre de Emanuel. Esto no debi\u00f3 ser as\u00ed y Jehov\u00e1 se siente defraudado; sin embargo, Emanuel es su hija y crecer\u00e1 para convertirse en una mujer nada dispuesta a obedecer y callar, como se espera de todas, e iniciar\u00e1 la ruta de aprendizaje, pr\u00e9dica, proselitismo y milagros que habr\u00e1 de conducirla a la cruz.<\/p>\n<p>Mientras tanto, sentado a la derecha del Padre, el esp\u00edritu de Jes\u00fas est\u00e1 a la espera de volverse corp\u00f3reo para ser proclamado hijo de Dios, aunque esto tarda m\u00e1s de la cuenta, a pesar de los esfuerzos de cierto arc\u00e1ngel que ha sido confinado al reino de este mundo.<\/p>\n<p><i>Evangelia\u00a0<\/i>sigue a la redentora y a sus ap\u00f3stoles tanto como al Se\u00f1or y su cohorte celestial, para mostrarlos en toda su majestad ante nosotros y proclamar as\u00ed la buena nueva.<\/p>\n","protected":false},"excerpt":{"rendered":"<p>David Toscana<\/p>\n","protected":false},"featured_media":1753,"template":"","meta":{"_joinchat":[]},"product_brand":[],"product_cat":[33,51],"product_tag":[34],"class_list":{"0":"post-1751","1":"product","2":"type-product","3":"status-publish","4":"has-post-thumbnail","6":"product_cat-ficcion-general","7":"product_cat-oferta","8":"product_tag-penguin-random-house","10":"first","11":"outofstock","12":"shipping-taxable","13":"purchasable","14":"product-type-simple"},"_links":{"self":[{"href":"https:\/\/libreriahistoriasdebolsillo.com\/index.php\/wp-json\/wp\/v2\/product\/1751","targetHints":{"allow":["GET"]}}],"collection":[{"href":"https:\/\/libreriahistoriasdebolsillo.com\/index.php\/wp-json\/wp\/v2\/product"}],"about":[{"href":"https:\/\/libreriahistoriasdebolsillo.com\/index.php\/wp-json\/wp\/v2\/types\/product"}],"wp:featuredmedia":[{"embeddable":true,"href":"https:\/\/libreriahistoriasdebolsillo.com\/index.php\/wp-json\/wp\/v2\/media\/1753"}],"wp:attachment":[{"href":"https:\/\/libreriahistoriasdebolsillo.com\/index.php\/wp-json\/wp\/v2\/media?parent=1751"}],"wp:term":[{"taxonomy":"product_brand","embeddable":true,"href":"https:\/\/libreriahistoriasdebolsillo.com\/index.php\/wp-json\/wp\/v2\/product_brand?post=1751"},{"taxonomy":"product_cat","embeddable":true,"href":"https:\/\/libreriahistoriasdebolsillo.com\/index.php\/wp-json\/wp\/v2\/product_cat?post=1751"},{"taxonomy":"product_tag","embeddable":true,"href":"https:\/\/libreriahistoriasdebolsillo.com\/index.php\/wp-json\/wp\/v2\/product_tag?post=1751"}],"curies":[{"name":"wp","href":"https:\/\/api.w.org\/{rel}","templated":true}]}}