{"id":1800,"date":"2023-11-24T15:16:45","date_gmt":"2023-11-24T21:16:45","guid":{"rendered":"https:\/\/libreriahistoriasdebolsillo.com\/?post_type=product&#038;p=1800"},"modified":"2025-03-27T16:35:11","modified_gmt":"2025-03-27T22:35:11","slug":"el-arte-de-resistir","status":"publish","type":"product","link":"https:\/\/libreriahistoriasdebolsillo.com\/index.php\/producto\/el-arte-de-resistir\/","title":{"rendered":"El arte de resistir"},"content":{"rendered":"<p>La Eneida no es un poema para tiempos de paz. Sus versos no son apropiados cuando todo va sobre ruedas, son ideales cuando sentimos la urgencia de encontrar nuestro camino hacia un despu\u00e9s que nos asombra por su diferencia con el antes en el que siempre hemos vivido. Por decirlo con otras palabras: la lectura de la Eneida es muy recomendable en medio del hurac\u00e1n, y a ser posible sin paraguas. Eneas es el hombre vencido, el h\u00e9roe sin patria a la que volver. Se aleja de las ruinas de Troya con su padre a cuestas y en busca de un nuevo comienzo, armado con sus posesiones m\u00e1s preciadas, en un barco sin timonel a la b\u00fasqueda de una tierra prometida en la que volver a empezar.<\/p>\n<p>A su m\u00e1s puro estilo, Marcolongo nos muestra en este maravilloso ensayo c\u00f3mo el poema \u00e9pico de Virgilio resuena en el mundo contempor\u00e1neo y c\u00f3mo sus tem\u00e1ticas y sus protagonistas nos pueden seguir emocionando a\u00fan hoy. De Eneas solemos recordar su huida de Troya o su tr\u00e1gica historia de amor con Dido, pero tendemos a olvidar el relato \u00e9pico de los or\u00edgenes m\u00edticos de Roma y su imperio. Su resiliencia y la fuerza de su esperanza son ejemplares y constituyen una lecci\u00f3n de sorprendente actualidad.<\/p>\n","protected":false},"excerpt":{"rendered":"<p>Andrea Marcolongo<\/p>\n","protected":false},"featured_media":1803,"template":"","meta":{"_joinchat":[]},"product_brand":[],"product_cat":[41],"product_tag":[34],"class_list":{"0":"post-1800","1":"product","2":"type-product","3":"status-publish","4":"has-post-thumbnail","6":"product_cat-desarrollo-humano","7":"product_tag-penguin-random-house","9":"first","10":"outofstock","11":"shipping-taxable","12":"purchasable","13":"product-type-simple"},"_links":{"self":[{"href":"https:\/\/libreriahistoriasdebolsillo.com\/index.php\/wp-json\/wp\/v2\/product\/1800","targetHints":{"allow":["GET"]}}],"collection":[{"href":"https:\/\/libreriahistoriasdebolsillo.com\/index.php\/wp-json\/wp\/v2\/product"}],"about":[{"href":"https:\/\/libreriahistoriasdebolsillo.com\/index.php\/wp-json\/wp\/v2\/types\/product"}],"wp:featuredmedia":[{"embeddable":true,"href":"https:\/\/libreriahistoriasdebolsillo.com\/index.php\/wp-json\/wp\/v2\/media\/1803"}],"wp:attachment":[{"href":"https:\/\/libreriahistoriasdebolsillo.com\/index.php\/wp-json\/wp\/v2\/media?parent=1800"}],"wp:term":[{"taxonomy":"product_brand","embeddable":true,"href":"https:\/\/libreriahistoriasdebolsillo.com\/index.php\/wp-json\/wp\/v2\/product_brand?post=1800"},{"taxonomy":"product_cat","embeddable":true,"href":"https:\/\/libreriahistoriasdebolsillo.com\/index.php\/wp-json\/wp\/v2\/product_cat?post=1800"},{"taxonomy":"product_tag","embeddable":true,"href":"https:\/\/libreriahistoriasdebolsillo.com\/index.php\/wp-json\/wp\/v2\/product_tag?post=1800"}],"curies":[{"name":"wp","href":"https:\/\/api.w.org\/{rel}","templated":true}]}}