{"id":1825,"date":"2023-11-24T16:43:38","date_gmt":"2023-11-24T22:43:38","guid":{"rendered":"https:\/\/libreriahistoriasdebolsillo.com\/?post_type=product&#038;p=1825"},"modified":"2024-10-11T10:57:35","modified_gmt":"2024-10-11T16:57:35","slug":"la-resistencia-judia","status":"publish","type":"product","link":"https:\/\/libreriahistoriasdebolsillo.com\/index.php\/producto\/la-resistencia-judia\/","title":{"rendered":"La resistencia jud\u00eda"},"content":{"rendered":"<p>Ante la amenaza de exterminio, muchos judios se negaron At pasivamente hacia su muerte a manos de los nazis durante la Segunda Guerra Mundial y opusieron una heroica Resist\u00eancia. Los prisioneros de Sobibor y de Treblinka organizaron levantamientos exitosos. M\u00e1s all\u00e1 de los alambrados de los campos, cientos de jud\u00edos estuvieron activos en la Resist\u00eancia francesa y miles lucharon con partidarios en otros pa\u00edses ocupados. Un mill\u00f3n y medio m\u00e1s sirvieron en las fuerzas armadas aliadas. Es increible que a los nazis les llev\u00f3 m\u00e1s tiempo someter a las fuerzas del gueto de Varsovia que derrotar al ej\u00e9rcito polaco en 1939. Este libro revela un cap\u00edtulo poco conocido de la historia y descubre muchas historias de increible valor frente a las adversidades.<\/p>\n","protected":false},"excerpt":{"rendered":"<p>Paul Roland<\/p>\n","protected":false},"featured_media":1827,"template":"","meta":{"_joinchat":[]},"product_brand":[],"product_cat":[42,51,55],"product_tag":[47],"class_list":{"0":"post-1825","1":"product","2":"type-product","3":"status-publish","4":"has-post-thumbnail","6":"product_cat-literatura-clasica","7":"product_cat-oferta","8":"product_cat-holocausto","9":"product_tag-editories-mexicanos-unidos","11":"first","12":"outofstock","13":"sale","14":"shipping-taxable","15":"purchasable","16":"product-type-simple"},"_links":{"self":[{"href":"https:\/\/libreriahistoriasdebolsillo.com\/index.php\/wp-json\/wp\/v2\/product\/1825","targetHints":{"allow":["GET"]}}],"collection":[{"href":"https:\/\/libreriahistoriasdebolsillo.com\/index.php\/wp-json\/wp\/v2\/product"}],"about":[{"href":"https:\/\/libreriahistoriasdebolsillo.com\/index.php\/wp-json\/wp\/v2\/types\/product"}],"wp:featuredmedia":[{"embeddable":true,"href":"https:\/\/libreriahistoriasdebolsillo.com\/index.php\/wp-json\/wp\/v2\/media\/1827"}],"wp:attachment":[{"href":"https:\/\/libreriahistoriasdebolsillo.com\/index.php\/wp-json\/wp\/v2\/media?parent=1825"}],"wp:term":[{"taxonomy":"product_brand","embeddable":true,"href":"https:\/\/libreriahistoriasdebolsillo.com\/index.php\/wp-json\/wp\/v2\/product_brand?post=1825"},{"taxonomy":"product_cat","embeddable":true,"href":"https:\/\/libreriahistoriasdebolsillo.com\/index.php\/wp-json\/wp\/v2\/product_cat?post=1825"},{"taxonomy":"product_tag","embeddable":true,"href":"https:\/\/libreriahistoriasdebolsillo.com\/index.php\/wp-json\/wp\/v2\/product_tag?post=1825"}],"curies":[{"name":"wp","href":"https:\/\/api.w.org\/{rel}","templated":true}]}}