{"id":1838,"date":"2023-11-24T17:11:47","date_gmt":"2023-11-24T23:11:47","guid":{"rendered":"https:\/\/libreriahistoriasdebolsillo.com\/?post_type=product&#038;p=1838"},"modified":"2024-01-25T15:07:27","modified_gmt":"2024-01-25T21:07:27","slug":"el-conde-de-montecristo","status":"publish","type":"product","link":"https:\/\/libreriahistoriasdebolsillo.com\/index.php\/producto\/el-conde-de-montecristo\/","title":{"rendered":"El conde de Montecristo (Pasta dura)"},"content":{"rendered":"<p>Dentro del canon literario del g\u00e9nero de aventuras, pocas novelas destacan como El Conde de Montecristo, novela publicada en 1844 y vigente hasta nuestros d\u00edas. Qui\u00e9n m\u00e1s podr\u00eda levantarse de sus cenizas que Edmund Dant\u00e9s, cuya misi\u00f3n es recuperar todo lo que le fue robado, su prometida, su grado militar y su honor. El protagonista va m\u00e1s all\u00e1 de la ficci\u00f3n en una constante lucha entre su deseo de venganza y su humanidad. Alejandro Dumas describi\u00f3, con magn\u00edfica soltura, c\u00f3mo a un hombre y a sus allegados m\u00e1s leales se les puede quitar todos sus bienes, la libertad e incluso las ganas de vivir sin caer en una narrativa inveros\u00edmil o melodram\u00e1tica<\/p>\n","protected":false},"excerpt":{"rendered":"<p>Edici\u00f3n en pasta dura<\/p>\n","protected":false},"featured_media":1839,"template":"","meta":{"_joinchat":[]},"product_brand":[],"product_cat":[42,51],"product_tag":[47],"class_list":{"0":"post-1838","1":"product","2":"type-product","3":"status-publish","4":"has-post-thumbnail","6":"product_cat-literatura-clasica","7":"product_cat-oferta","8":"product_tag-editories-mexicanos-unidos","10":"first","11":"outofstock","12":"sale","13":"shipping-taxable","14":"purchasable","15":"product-type-simple"},"_links":{"self":[{"href":"https:\/\/libreriahistoriasdebolsillo.com\/index.php\/wp-json\/wp\/v2\/product\/1838","targetHints":{"allow":["GET"]}}],"collection":[{"href":"https:\/\/libreriahistoriasdebolsillo.com\/index.php\/wp-json\/wp\/v2\/product"}],"about":[{"href":"https:\/\/libreriahistoriasdebolsillo.com\/index.php\/wp-json\/wp\/v2\/types\/product"}],"wp:featuredmedia":[{"embeddable":true,"href":"https:\/\/libreriahistoriasdebolsillo.com\/index.php\/wp-json\/wp\/v2\/media\/1839"}],"wp:attachment":[{"href":"https:\/\/libreriahistoriasdebolsillo.com\/index.php\/wp-json\/wp\/v2\/media?parent=1838"}],"wp:term":[{"taxonomy":"product_brand","embeddable":true,"href":"https:\/\/libreriahistoriasdebolsillo.com\/index.php\/wp-json\/wp\/v2\/product_brand?post=1838"},{"taxonomy":"product_cat","embeddable":true,"href":"https:\/\/libreriahistoriasdebolsillo.com\/index.php\/wp-json\/wp\/v2\/product_cat?post=1838"},{"taxonomy":"product_tag","embeddable":true,"href":"https:\/\/libreriahistoriasdebolsillo.com\/index.php\/wp-json\/wp\/v2\/product_tag?post=1838"}],"curies":[{"name":"wp","href":"https:\/\/api.w.org\/{rel}","templated":true}]}}