{"id":1857,"date":"2023-11-24T17:26:46","date_gmt":"2023-11-24T23:26:46","guid":{"rendered":"https:\/\/libreriahistoriasdebolsillo.com\/?post_type=product&#038;p=1857"},"modified":"2024-10-04T12:10:34","modified_gmt":"2024-10-04T18:10:34","slug":"robinson-crusoe","status":"publish","type":"product","link":"https:\/\/libreriahistoriasdebolsillo.com\/index.php\/producto\/robinson-crusoe\/","title":{"rendered":"Robinson Crusoe"},"content":{"rendered":"<p>Robinson Crusoe naufraga y termina en una\u00a0<b>isla desierta<\/b>, donde tendr\u00e1 que hacer uso de su inteligencia y perspicacia para defenderse de los\u00a0<b>peligros\u00a0<\/b>que esconde el lugar, deshabitado solo en apariencia. Publicado en 1719, se considera uno de los cl\u00e1sicos m\u00e1s le\u00eddos de todos los tiempos y, en rigor, se trata de la\u00a0<b>primera de las grandes novelas inglesas<\/b>, un texto fundacional.<\/p>\n<p>La presente edici\u00f3n incorpora una detallada cronolog\u00eda, adem\u00e1s de una introducci\u00f3n a cargo de John Richetti, catedr\u00e1tico em\u00e9rito A. M.Rosenthal de lengua inglesa en la Universidad de Pensilvania y uno de los m\u00e1s reconocidos especialistas en la literatura del siglo XVIII. La\u00a0<b>traducci\u00f3n a cargo de Julio Cort\u00e1zar<\/b>\u00a0aporta su valiosa interpretaci\u00f3n como autor e incluye bajo un mismo t\u00edtulo,\u00a0<i>Robinson Crusoe,<\/i>\u00a0esta obra y su secuela,\u00a0<i>M\u00e1s aventuras de Robinson Crusoe,<\/i>\u00a0ambas publicadas en 1719 con id\u00e9ntico \u00e9xito.<\/p>\n<p>Traducci\u00f3n de JULIO CORT\u00c1ZAR<\/p>\n","protected":false},"excerpt":{"rendered":"<p>Daniel Defoe<\/p>\n","protected":false},"featured_media":1859,"template":"","meta":{"_joinchat":[]},"product_brand":[],"product_cat":[42],"product_tag":[34],"class_list":{"0":"post-1857","1":"product","2":"type-product","3":"status-publish","4":"has-post-thumbnail","6":"product_cat-literatura-clasica","7":"product_tag-penguin-random-house","9":"first","10":"outofstock","11":"shipping-taxable","12":"purchasable","13":"product-type-simple"},"_links":{"self":[{"href":"https:\/\/libreriahistoriasdebolsillo.com\/index.php\/wp-json\/wp\/v2\/product\/1857","targetHints":{"allow":["GET"]}}],"collection":[{"href":"https:\/\/libreriahistoriasdebolsillo.com\/index.php\/wp-json\/wp\/v2\/product"}],"about":[{"href":"https:\/\/libreriahistoriasdebolsillo.com\/index.php\/wp-json\/wp\/v2\/types\/product"}],"wp:featuredmedia":[{"embeddable":true,"href":"https:\/\/libreriahistoriasdebolsillo.com\/index.php\/wp-json\/wp\/v2\/media\/1859"}],"wp:attachment":[{"href":"https:\/\/libreriahistoriasdebolsillo.com\/index.php\/wp-json\/wp\/v2\/media?parent=1857"}],"wp:term":[{"taxonomy":"product_brand","embeddable":true,"href":"https:\/\/libreriahistoriasdebolsillo.com\/index.php\/wp-json\/wp\/v2\/product_brand?post=1857"},{"taxonomy":"product_cat","embeddable":true,"href":"https:\/\/libreriahistoriasdebolsillo.com\/index.php\/wp-json\/wp\/v2\/product_cat?post=1857"},{"taxonomy":"product_tag","embeddable":true,"href":"https:\/\/libreriahistoriasdebolsillo.com\/index.php\/wp-json\/wp\/v2\/product_tag?post=1857"}],"curies":[{"name":"wp","href":"https:\/\/api.w.org\/{rel}","templated":true}]}}