{"id":1865,"date":"2023-11-24T17:36:18","date_gmt":"2023-11-24T23:36:18","guid":{"rendered":"https:\/\/libreriahistoriasdebolsillo.com\/?post_type=product&#038;p=1865"},"modified":"2025-08-02T16:34:57","modified_gmt":"2025-08-02T22:34:57","slug":"ana-de-avonlea","status":"publish","type":"product","link":"https:\/\/libreriahistoriasdebolsillo.com\/index.php\/producto\/ana-de-avonlea\/","title":{"rendered":"Ana de Avonlea (Pasta dura)"},"content":{"rendered":"<p>Despu\u00e9s de Ana, de las Tejas Verdes, este libro escrito por la autora canadiense Lucy Maud Montgomery en 1909, cubre el segundo cap\u00edtulo de la vida de Ana Shirley. La narrativa sigue a la protagonista desde los diecis\u00e9is a los dieciocho a\u00f1os, durante los dos a\u00f1os que ense\u00f1a en la escuela de Avonlea. En esta entrega de la saga de Ana se refleja su creciente maduraci\u00f3n y su influencia social: ya no es solo la granja Tejas Verdes, ahora juega un papel importante en la sociedad de Avonlea. Este lugar est\u00e1 lleno de personajes grandes y peque\u00f1os cuyas vidas se entrelazan con la de la chica. Mark Twain llam\u00f3 a Ana Shirley \u201cla ni\u00f1a m\u00e1s querida, conmovedora y encantadora desde la inmortal Alicia\u00bb. Un personaje literario entra\u00f1able que ha inspirado numerosas pel\u00edculas y recientemente la exitosa serie de streaming Anne with an E.<\/p>\n","protected":false},"excerpt":{"rendered":"<p>Lucy Maud Montgomeri<\/p>\n<p>edici\u00f3n en pasta dura<\/p>\n","protected":false},"featured_media":2697,"template":"","meta":{"_joinchat":[]},"product_brand":[],"product_cat":[42,51],"product_tag":[47],"class_list":{"0":"post-1865","1":"product","2":"type-product","3":"status-publish","4":"has-post-thumbnail","6":"product_cat-literatura-clasica","7":"product_cat-oferta","8":"product_tag-editories-mexicanos-unidos","10":"first","11":"instock","12":"sale","13":"shipping-taxable","14":"purchasable","15":"product-type-simple"},"_links":{"self":[{"href":"https:\/\/libreriahistoriasdebolsillo.com\/index.php\/wp-json\/wp\/v2\/product\/1865","targetHints":{"allow":["GET"]}}],"collection":[{"href":"https:\/\/libreriahistoriasdebolsillo.com\/index.php\/wp-json\/wp\/v2\/product"}],"about":[{"href":"https:\/\/libreriahistoriasdebolsillo.com\/index.php\/wp-json\/wp\/v2\/types\/product"}],"wp:featuredmedia":[{"embeddable":true,"href":"https:\/\/libreriahistoriasdebolsillo.com\/index.php\/wp-json\/wp\/v2\/media\/2697"}],"wp:attachment":[{"href":"https:\/\/libreriahistoriasdebolsillo.com\/index.php\/wp-json\/wp\/v2\/media?parent=1865"}],"wp:term":[{"taxonomy":"product_brand","embeddable":true,"href":"https:\/\/libreriahistoriasdebolsillo.com\/index.php\/wp-json\/wp\/v2\/product_brand?post=1865"},{"taxonomy":"product_cat","embeddable":true,"href":"https:\/\/libreriahistoriasdebolsillo.com\/index.php\/wp-json\/wp\/v2\/product_cat?post=1865"},{"taxonomy":"product_tag","embeddable":true,"href":"https:\/\/libreriahistoriasdebolsillo.com\/index.php\/wp-json\/wp\/v2\/product_tag?post=1865"}],"curies":[{"name":"wp","href":"https:\/\/api.w.org\/{rel}","templated":true}]}}