{"id":1903,"date":"2023-11-24T18:19:26","date_gmt":"2023-11-25T00:19:26","guid":{"rendered":"https:\/\/libreriahistoriasdebolsillo.com\/?post_type=product&#038;p=1903"},"modified":"2025-05-14T12:55:26","modified_gmt":"2025-05-14T18:55:26","slug":"lisistrata","status":"publish","type":"product","link":"https:\/\/libreriahistoriasdebolsillo.com\/index.php\/producto\/lisistrata\/","title":{"rendered":"Lis\u00edstrata"},"content":{"rendered":"<p>Lis\u00edstrata se estren\u00f3 en el 411 a. C., en un momento cr\u00edtico para Atenas, cada vez m\u00e1s asfixiada por la guerra contra Esparta. Con el rumor de batalla de fondo, la hero\u00edna protagonista de esta comedia propone a todas las mujeres que secunden una huelga de sexo hasta que los hombres dejen de guerrear. La radical propuesta y su divertido desarrollo la convierten en la obra m\u00e1s conocida de Arist\u00f3fanes, y tambien en la m\u00e1s universal por las lecciones antibelicistas y de solidaridad entre las mujeres que se pueden extraer de ella.<\/p>\n","protected":false},"excerpt":{"rendered":"<p>Arist\u00f3fanes<\/p>\n","protected":false},"featured_media":1905,"template":"","meta":{"_joinchat":[]},"product_brand":[],"product_cat":[42],"product_tag":[48],"class_list":{"0":"post-1903","1":"product","2":"type-product","3":"status-publish","4":"has-post-thumbnail","6":"product_cat-literatura-clasica","7":"product_tag-vr-editoras","9":"first","10":"instock","11":"shipping-taxable","12":"purchasable","13":"product-type-simple"},"_links":{"self":[{"href":"https:\/\/libreriahistoriasdebolsillo.com\/index.php\/wp-json\/wp\/v2\/product\/1903","targetHints":{"allow":["GET"]}}],"collection":[{"href":"https:\/\/libreriahistoriasdebolsillo.com\/index.php\/wp-json\/wp\/v2\/product"}],"about":[{"href":"https:\/\/libreriahistoriasdebolsillo.com\/index.php\/wp-json\/wp\/v2\/types\/product"}],"wp:featuredmedia":[{"embeddable":true,"href":"https:\/\/libreriahistoriasdebolsillo.com\/index.php\/wp-json\/wp\/v2\/media\/1905"}],"wp:attachment":[{"href":"https:\/\/libreriahistoriasdebolsillo.com\/index.php\/wp-json\/wp\/v2\/media?parent=1903"}],"wp:term":[{"taxonomy":"product_brand","embeddable":true,"href":"https:\/\/libreriahistoriasdebolsillo.com\/index.php\/wp-json\/wp\/v2\/product_brand?post=1903"},{"taxonomy":"product_cat","embeddable":true,"href":"https:\/\/libreriahistoriasdebolsillo.com\/index.php\/wp-json\/wp\/v2\/product_cat?post=1903"},{"taxonomy":"product_tag","embeddable":true,"href":"https:\/\/libreriahistoriasdebolsillo.com\/index.php\/wp-json\/wp\/v2\/product_tag?post=1903"}],"curies":[{"name":"wp","href":"https:\/\/api.w.org\/{rel}","templated":true}]}}