{"id":1921,"date":"2023-11-24T18:39:37","date_gmt":"2023-11-25T00:39:37","guid":{"rendered":"https:\/\/libreriahistoriasdebolsillo.com\/?post_type=product&#038;p=1921"},"modified":"2024-12-09T17:37:02","modified_gmt":"2024-12-09T23:37:02","slug":"cuentos-completos-y-las-aventuras-de-arthur-gordon-pym","status":"publish","type":"product","link":"https:\/\/libreriahistoriasdebolsillo.com\/index.php\/producto\/cuentos-completos-y-las-aventuras-de-arthur-gordon-pym\/","title":{"rendered":"Cuentos completos y las aventuras de Arthur Gordon Pym (Pasta dura)"},"content":{"rendered":"<p>Edgar Allan Poe es una de las m\u00e1s grandes figuras de la literatura: un pante\u00f3n reservado para aquellos llevados a la inmortalidad por sus obras. La narrativa de Poe es el pilar sobre el que descansa el cuento moderno; su estilo y elegancia marc\u00f3 no solo la literatura de su pa\u00eds, sino el g\u00e9nero g\u00f3tico, el incipiente g\u00e9nero detectivesco e incluso muchos de los movimientos literarios posteriores. As\u00ed pues, en esta ocasi\u00f3n se presenta una selecci\u00f3n \u00fanica de sus cuentos completos y la edici\u00f3n integra de su novela corta las aventuras de Arthur Gordon Pym, para que el lector sea testigo de la magia del maestro del terror.<\/p>\n","protected":false},"excerpt":{"rendered":"<p>Edgar Allan Poe<\/p>\n<p>edici\u00f3n en pasta dura<\/p>\n","protected":false},"featured_media":2719,"template":"","meta":{"_joinchat":[]},"product_brand":[],"product_cat":[42,51],"product_tag":[47],"class_list":{"0":"post-1921","1":"product","2":"type-product","3":"status-publish","4":"has-post-thumbnail","6":"product_cat-literatura-clasica","7":"product_cat-oferta","8":"product_tag-editories-mexicanos-unidos","10":"first","11":"outofstock","12":"sale","13":"shipping-taxable","14":"purchasable","15":"product-type-simple"},"_links":{"self":[{"href":"https:\/\/libreriahistoriasdebolsillo.com\/index.php\/wp-json\/wp\/v2\/product\/1921","targetHints":{"allow":["GET"]}}],"collection":[{"href":"https:\/\/libreriahistoriasdebolsillo.com\/index.php\/wp-json\/wp\/v2\/product"}],"about":[{"href":"https:\/\/libreriahistoriasdebolsillo.com\/index.php\/wp-json\/wp\/v2\/types\/product"}],"wp:featuredmedia":[{"embeddable":true,"href":"https:\/\/libreriahistoriasdebolsillo.com\/index.php\/wp-json\/wp\/v2\/media\/2719"}],"wp:attachment":[{"href":"https:\/\/libreriahistoriasdebolsillo.com\/index.php\/wp-json\/wp\/v2\/media?parent=1921"}],"wp:term":[{"taxonomy":"product_brand","embeddable":true,"href":"https:\/\/libreriahistoriasdebolsillo.com\/index.php\/wp-json\/wp\/v2\/product_brand?post=1921"},{"taxonomy":"product_cat","embeddable":true,"href":"https:\/\/libreriahistoriasdebolsillo.com\/index.php\/wp-json\/wp\/v2\/product_cat?post=1921"},{"taxonomy":"product_tag","embeddable":true,"href":"https:\/\/libreriahistoriasdebolsillo.com\/index.php\/wp-json\/wp\/v2\/product_tag?post=1921"}],"curies":[{"name":"wp","href":"https:\/\/api.w.org\/{rel}","templated":true}]}}