{"id":1925,"date":"2023-11-24T18:43:37","date_gmt":"2023-11-25T00:43:37","guid":{"rendered":"https:\/\/libreriahistoriasdebolsillo.com\/?post_type=product&#038;p=1925"},"modified":"2024-11-18T12:58:43","modified_gmt":"2024-11-18T18:58:43","slug":"ciclo-onirico","status":"publish","type":"product","link":"https:\/\/libreriahistoriasdebolsillo.com\/index.php\/producto\/ciclo-onirico\/","title":{"rendered":"Ciclo on\u00edrico"},"content":{"rendered":"<p>El Maestro del horror, H. P. Lovecraft, abre las puertas del miedo, suspenso y terror en las fant\u00e1sticas tierras del sue\u00f1o con t\u00edtulos como Los otros dioses, Azathoth, El extra\u00f1o, La ciudad sin nombre, Hypnos, Las ratas en las paredes, entre otros; cuya etapa literaria de la obra lovecraftiana es conocida como el Ciclo on\u00edrico (1920-1927), donde los relatos se desarrollan en mundos antiguos y m\u00e1gicos reflejando culturas y leyendas de la regi\u00f3n mediterr\u00e1nea. De manera que, en esta segunda entrega dedicada a la obra completa de H. P. Lovecraft, se presenta una edici\u00f3n \u00edntegra de los relatos que componen este grandioso, glorioso y peligroso mundo de la vigilia.<\/p>\n","protected":false},"excerpt":{"rendered":"<p>H.P. Lovecraft<\/p>\n","protected":false},"featured_media":2714,"template":"","meta":{"_joinchat":[]},"product_brand":[],"product_cat":[42,51],"product_tag":[47],"class_list":{"0":"post-1925","1":"product","2":"type-product","3":"status-publish","4":"has-post-thumbnail","6":"product_cat-literatura-clasica","7":"product_cat-oferta","8":"product_tag-editories-mexicanos-unidos","10":"first","11":"outofstock","12":"sale","13":"shipping-taxable","14":"purchasable","15":"product-type-simple"},"_links":{"self":[{"href":"https:\/\/libreriahistoriasdebolsillo.com\/index.php\/wp-json\/wp\/v2\/product\/1925","targetHints":{"allow":["GET"]}}],"collection":[{"href":"https:\/\/libreriahistoriasdebolsillo.com\/index.php\/wp-json\/wp\/v2\/product"}],"about":[{"href":"https:\/\/libreriahistoriasdebolsillo.com\/index.php\/wp-json\/wp\/v2\/types\/product"}],"wp:featuredmedia":[{"embeddable":true,"href":"https:\/\/libreriahistoriasdebolsillo.com\/index.php\/wp-json\/wp\/v2\/media\/2714"}],"wp:attachment":[{"href":"https:\/\/libreriahistoriasdebolsillo.com\/index.php\/wp-json\/wp\/v2\/media?parent=1925"}],"wp:term":[{"taxonomy":"product_brand","embeddable":true,"href":"https:\/\/libreriahistoriasdebolsillo.com\/index.php\/wp-json\/wp\/v2\/product_brand?post=1925"},{"taxonomy":"product_cat","embeddable":true,"href":"https:\/\/libreriahistoriasdebolsillo.com\/index.php\/wp-json\/wp\/v2\/product_cat?post=1925"},{"taxonomy":"product_tag","embeddable":true,"href":"https:\/\/libreriahistoriasdebolsillo.com\/index.php\/wp-json\/wp\/v2\/product_tag?post=1925"}],"curies":[{"name":"wp","href":"https:\/\/api.w.org\/{rel}","templated":true}]}}