{"id":1927,"date":"2023-11-24T18:45:39","date_gmt":"2023-11-25T00:45:39","guid":{"rendered":"https:\/\/libreriahistoriasdebolsillo.com\/?post_type=product&#038;p=1927"},"modified":"2024-12-04T17:28:29","modified_gmt":"2024-12-04T23:28:29","slug":"la-llamada-de-cthulhu-y-otros-relatos-cosmicos","status":"publish","type":"product","link":"https:\/\/libreriahistoriasdebolsillo.com\/index.php\/producto\/la-llamada-de-cthulhu-y-otros-relatos-cosmicos\/","title":{"rendered":"La llamada de Cthulhu y otros relatos c\u00f3smicos (Pasta dura)"},"content":{"rendered":"<p>La cosmovisi\u00f3n lovecraftiana est\u00e1 poblada por seres primigenios que, ocultos en las sombras siderales, tejen los destinos de los mundos. El espacio de los llamados \u201cmitos de Cthulhu\u201d se convierte en un testimonio de horror c\u00f3smico narrado sombr\u00edamente por sus alienados protagonistas, a quienes se les permite vislumbrar el engranaje construido por estos dioses arquet\u00edpicos.<\/p>\n<p>Los relatos reunidos en este volumen se tejen entorno al temible Cthulhu, poder primordial, soberano de cavidades marinas de un universo poblado por seres h\u00edbridos y una legi\u00f3n de antiguos moradores, desde el terrible Nyarlathotep hasta el elusivo Dag\u00f3n. M\u00e1s que un narrador fant\u00e1stico, el autor es el art\u00edfice de una mitolog\u00eda personal donde cada lector recrea su propia pesadilla.<\/p>\n","protected":false},"excerpt":{"rendered":"<p>H.P. Lovecraft<\/p>\n<p>edici\u00f3n de bolsillo en pasta dura<\/p>\n","protected":false},"featured_media":1928,"template":"","meta":{"_joinchat":[]},"product_brand":[],"product_cat":[42,51],"product_tag":[47],"class_list":{"0":"post-1927","1":"product","2":"type-product","3":"status-publish","4":"has-post-thumbnail","6":"product_cat-literatura-clasica","7":"product_cat-oferta","8":"product_tag-editories-mexicanos-unidos","10":"first","11":"outofstock","12":"shipping-taxable","13":"purchasable","14":"product-type-simple"},"_links":{"self":[{"href":"https:\/\/libreriahistoriasdebolsillo.com\/index.php\/wp-json\/wp\/v2\/product\/1927","targetHints":{"allow":["GET"]}}],"collection":[{"href":"https:\/\/libreriahistoriasdebolsillo.com\/index.php\/wp-json\/wp\/v2\/product"}],"about":[{"href":"https:\/\/libreriahistoriasdebolsillo.com\/index.php\/wp-json\/wp\/v2\/types\/product"}],"wp:featuredmedia":[{"embeddable":true,"href":"https:\/\/libreriahistoriasdebolsillo.com\/index.php\/wp-json\/wp\/v2\/media\/1928"}],"wp:attachment":[{"href":"https:\/\/libreriahistoriasdebolsillo.com\/index.php\/wp-json\/wp\/v2\/media?parent=1927"}],"wp:term":[{"taxonomy":"product_brand","embeddable":true,"href":"https:\/\/libreriahistoriasdebolsillo.com\/index.php\/wp-json\/wp\/v2\/product_brand?post=1927"},{"taxonomy":"product_cat","embeddable":true,"href":"https:\/\/libreriahistoriasdebolsillo.com\/index.php\/wp-json\/wp\/v2\/product_cat?post=1927"},{"taxonomy":"product_tag","embeddable":true,"href":"https:\/\/libreriahistoriasdebolsillo.com\/index.php\/wp-json\/wp\/v2\/product_tag?post=1927"}],"curies":[{"name":"wp","href":"https:\/\/api.w.org\/{rel}","templated":true}]}}