{"id":1935,"date":"2023-11-24T18:52:23","date_gmt":"2023-11-25T00:52:23","guid":{"rendered":"https:\/\/libreriahistoriasdebolsillo.com\/?post_type=product&#038;p=1935"},"modified":"2025-01-13T11:08:31","modified_gmt":"2025-01-13T17:08:31","slug":"desde-el-mas-alla","status":"publish","type":"product","link":"https:\/\/libreriahistoriasdebolsillo.com\/index.php\/producto\/desde-el-mas-alla\/","title":{"rendered":"Desde el m\u00e1s all\u00e1 (Pasta dura)"},"content":{"rendered":"<p><span data-sheets-value=\"{&quot;1&quot;:2,&quot;2&quot;:&quot;Desde el M\u00e1s All\u00e1, cuenta el suceso que conmociona a todo un pueblo cuando un cient\u00edfico, Crawford Tillinghast, inventa un dispositivo que emite una resonancia que estimula la gl\u00e1ndula pineal, pero lo que consigue es crear una m\u00e1quina que sirve como puente entre dos universos muy distintos: el nuestro y otro bastante aterrador.\\nH. P. Lovecraft se caracteriza por reflejar en sus relatos la imposibilidad de percibir el universo en su totalidad, pues considera que la verdad s\u00f3lo se puede descubrir de forma sensorial, ya que la realidad es sutil y enga\u00f1osa.&quot;}\" data-sheets-userformat=\"{&quot;2&quot;:897,&quot;3&quot;:{&quot;1&quot;:0},&quot;10&quot;:1,&quot;11&quot;:4,&quot;12&quot;:0}\"><em>Desde el m\u00e1s all\u00e1<\/em>, cuenta el suceso que conmociona a todo un pueblo cuando un cient\u00edfico, Crawford Tillinghast, inventa un dispositivo que emite una resonancia que estimula la gl\u00e1ndula pineal, pero lo que consigue es crear una m\u00e1quina que sirve como puente entre dos universos muy distintos: el nuestro y otro bastante aterrador.<\/span><\/p>\n<p><span data-sheets-value=\"{&quot;1&quot;:2,&quot;2&quot;:&quot;Desde el M\u00e1s All\u00e1, cuenta el suceso que conmociona a todo un pueblo cuando un cient\u00edfico, Crawford Tillinghast, inventa un dispositivo que emite una resonancia que estimula la gl\u00e1ndula pineal, pero lo que consigue es crear una m\u00e1quina que sirve como puente entre dos universos muy distintos: el nuestro y otro bastante aterrador.\\nH. P. Lovecraft se caracteriza por reflejar en sus relatos la imposibilidad de percibir el universo en su totalidad, pues considera que la verdad s\u00f3lo se puede descubrir de forma sensorial, ya que la realidad es sutil y enga\u00f1osa.&quot;}\" data-sheets-userformat=\"{&quot;2&quot;:897,&quot;3&quot;:{&quot;1&quot;:0},&quot;10&quot;:1,&quot;11&quot;:4,&quot;12&quot;:0}\">H. P. Lovecraft se caracteriza por reflejar en sus relatos la imposibilidad de percibir el universo en su totalidad, pues considera que la verdad s\u00f3lo se puede descubrir de forma sensorial.<\/span><\/p>\n","protected":false},"excerpt":{"rendered":"<p>H.P. Lovecraft<\/p>\n<p>edici\u00f3n de bolsillo en pasta dura<\/p>\n","protected":false},"featured_media":1936,"template":"","meta":{"_joinchat":[]},"product_brand":[],"product_cat":[42,51],"product_tag":[47],"class_list":{"0":"post-1935","1":"product","2":"type-product","3":"status-publish","4":"has-post-thumbnail","6":"product_cat-literatura-clasica","7":"product_cat-oferta","8":"product_tag-editories-mexicanos-unidos","10":"first","11":"outofstock","12":"shipping-taxable","13":"purchasable","14":"product-type-simple"},"_links":{"self":[{"href":"https:\/\/libreriahistoriasdebolsillo.com\/index.php\/wp-json\/wp\/v2\/product\/1935","targetHints":{"allow":["GET"]}}],"collection":[{"href":"https:\/\/libreriahistoriasdebolsillo.com\/index.php\/wp-json\/wp\/v2\/product"}],"about":[{"href":"https:\/\/libreriahistoriasdebolsillo.com\/index.php\/wp-json\/wp\/v2\/types\/product"}],"wp:featuredmedia":[{"embeddable":true,"href":"https:\/\/libreriahistoriasdebolsillo.com\/index.php\/wp-json\/wp\/v2\/media\/1936"}],"wp:attachment":[{"href":"https:\/\/libreriahistoriasdebolsillo.com\/index.php\/wp-json\/wp\/v2\/media?parent=1935"}],"wp:term":[{"taxonomy":"product_brand","embeddable":true,"href":"https:\/\/libreriahistoriasdebolsillo.com\/index.php\/wp-json\/wp\/v2\/product_brand?post=1935"},{"taxonomy":"product_cat","embeddable":true,"href":"https:\/\/libreriahistoriasdebolsillo.com\/index.php\/wp-json\/wp\/v2\/product_cat?post=1935"},{"taxonomy":"product_tag","embeddable":true,"href":"https:\/\/libreriahistoriasdebolsillo.com\/index.php\/wp-json\/wp\/v2\/product_tag?post=1935"}],"curies":[{"name":"wp","href":"https:\/\/api.w.org\/{rel}","templated":true}]}}