{"id":1941,"date":"2023-11-24T18:57:55","date_gmt":"2023-11-25T00:57:55","guid":{"rendered":"https:\/\/libreriahistoriasdebolsillo.com\/?post_type=product&#038;p=1941"},"modified":"2025-03-27T16:35:18","modified_gmt":"2025-03-27T22:35:18","slug":"leyendas-y-mitos-celtas","status":"publish","type":"product","link":"https:\/\/libreriahistoriasdebolsillo.com\/index.php\/producto\/leyendas-y-mitos-celtas\/","title":{"rendered":"Leyendas y mitos Celtas (Pasta dura)"},"content":{"rendered":"<p>Los celtas dejaron un rico legado de mitos, leyendas, costumbres y folclore, que se cuentan entre los m\u00e1s antiguos y perdurables de Europa, aunque no formaron un imperio y reinos comprend\u00edan una gran variedad de pa\u00edses y culturas. El misterio de los celtas se debe a que no dejaron testimonios escritos. En consecuencia, nuestro conocimiento de ellos se basa en pruebas indirectas proporcionadas por la arqueolog\u00eda, la ling\u00fc\u00edstica y los comentarios cl\u00e1sicos.Los celtas eran polite\u00edstas y ten\u00edan dioses para todos los aspectos importantes de su vida: la guerra, la caza, la fertilidad, la curaci\u00f3n, las buenas cosechas, etc\u00e9tera. Es gracias a los monjes cristianos a quienes debemos la supervivencia de las antiguas tradiciones orales de los celtas paganos y una visi\u00f3n m\u00e1s l\u00facida de la naturaleza de sus deidades.Los relatos recopilados en esta minuciosa edici\u00f3n se agrupan en torno a secuencias que siguen las haza\u00f1as de h\u00e9roes, reyes legendarios y personajes m\u00edticos desde sus ins\u00f3litas formas de concepci\u00f3n y nacimiento hasta sus sorprendentes muertes. Los mitos celtas, presentes en la literatura vern\u00e1cula irlandesa, galesa y continental, han inspirado la imaginaci\u00f3n de poetas y narradores desde el siglo XII hasta nuestros d\u00edas. Sus temas e im\u00e1genes arquet\u00edpicos, aunque revestidos de nuevas formas en cada nueva generaci\u00f3n, nunca pierden su fuerza y encanto.<\/p>\n","protected":false},"excerpt":{"rendered":"<p>Edici\u00f3n en pasta dura<\/p>\n","protected":false},"featured_media":1942,"template":"","meta":{"_joinchat":[]},"product_brand":[],"product_cat":[42,51],"product_tag":[47],"class_list":{"0":"post-1941","1":"product","2":"type-product","3":"status-publish","4":"has-post-thumbnail","6":"product_cat-literatura-clasica","7":"product_cat-oferta","8":"product_tag-editories-mexicanos-unidos","10":"first","11":"outofstock","12":"sale","13":"shipping-taxable","14":"purchasable","15":"product-type-simple"},"_links":{"self":[{"href":"https:\/\/libreriahistoriasdebolsillo.com\/index.php\/wp-json\/wp\/v2\/product\/1941","targetHints":{"allow":["GET"]}}],"collection":[{"href":"https:\/\/libreriahistoriasdebolsillo.com\/index.php\/wp-json\/wp\/v2\/product"}],"about":[{"href":"https:\/\/libreriahistoriasdebolsillo.com\/index.php\/wp-json\/wp\/v2\/types\/product"}],"wp:featuredmedia":[{"embeddable":true,"href":"https:\/\/libreriahistoriasdebolsillo.com\/index.php\/wp-json\/wp\/v2\/media\/1942"}],"wp:attachment":[{"href":"https:\/\/libreriahistoriasdebolsillo.com\/index.php\/wp-json\/wp\/v2\/media?parent=1941"}],"wp:term":[{"taxonomy":"product_brand","embeddable":true,"href":"https:\/\/libreriahistoriasdebolsillo.com\/index.php\/wp-json\/wp\/v2\/product_brand?post=1941"},{"taxonomy":"product_cat","embeddable":true,"href":"https:\/\/libreriahistoriasdebolsillo.com\/index.php\/wp-json\/wp\/v2\/product_cat?post=1941"},{"taxonomy":"product_tag","embeddable":true,"href":"https:\/\/libreriahistoriasdebolsillo.com\/index.php\/wp-json\/wp\/v2\/product_tag?post=1941"}],"curies":[{"name":"wp","href":"https:\/\/api.w.org\/{rel}","templated":true}]}}