{"id":2211,"date":"2023-11-25T13:41:41","date_gmt":"2023-11-25T19:41:41","guid":{"rendered":"https:\/\/libreriahistoriasdebolsillo.com\/?post_type=product&#038;p=2211"},"modified":"2025-08-07T17:34:16","modified_gmt":"2025-08-07T23:34:16","slug":"harry-potter-y-el-misterio-del-principe-harry-potter-6","status":"publish","type":"product","link":"https:\/\/libreriahistoriasdebolsillo.com\/index.php\/producto\/harry-potter-y-el-misterio-del-principe-harry-potter-6\/","title":{"rendered":"Harry Potter 6. El misterio del pr\u00edncipe"},"content":{"rendered":"<p>Una noche de verano, Dumbledore llega a Privet Drive para recoger a Harry Potter. Tiene la mano de la varita ennegrecida y arrugada, pero no explica el motivo. Entre los magos circulan\u00a0<b>secretos y sospechas<\/b>, y ni siquiera Hogwarts se encuentra a salvo. Harry est\u00e1 convencido de que\u00a0<b>Malfoy<\/b>\u00a0lleva grabada la\u00a0<b>Marca Tenebrosa<\/b>: hay un mort\u00edfago entre ellos. As\u00ed, Harry necesitar\u00e1 practicar su magia m\u00e1s potente y contar con la ayuda de amigos de verdad para explorar los secretos m\u00e1s oscuros de Voldemort, mientras Dumbledore se prepara para afrontar su destino&#8230;<\/p>\n","protected":false},"excerpt":{"rendered":"<p>J.K. Rowling<\/p>\n","protected":false},"featured_media":2212,"template":"","meta":{"_joinchat":[]},"product_brand":[],"product_cat":[39,54,52],"product_tag":[34],"class_list":{"0":"post-2211","1":"product","2":"type-product","3":"status-publish","4":"has-post-thumbnail","6":"product_cat-fantasia","7":"product_cat-infantil","8":"product_cat-juvenil","9":"product_tag-penguin-random-house","11":"first","12":"outofstock","13":"shipping-taxable","14":"purchasable","15":"product-type-simple"},"_links":{"self":[{"href":"https:\/\/libreriahistoriasdebolsillo.com\/index.php\/wp-json\/wp\/v2\/product\/2211","targetHints":{"allow":["GET"]}}],"collection":[{"href":"https:\/\/libreriahistoriasdebolsillo.com\/index.php\/wp-json\/wp\/v2\/product"}],"about":[{"href":"https:\/\/libreriahistoriasdebolsillo.com\/index.php\/wp-json\/wp\/v2\/types\/product"}],"wp:featuredmedia":[{"embeddable":true,"href":"https:\/\/libreriahistoriasdebolsillo.com\/index.php\/wp-json\/wp\/v2\/media\/2212"}],"wp:attachment":[{"href":"https:\/\/libreriahistoriasdebolsillo.com\/index.php\/wp-json\/wp\/v2\/media?parent=2211"}],"wp:term":[{"taxonomy":"product_brand","embeddable":true,"href":"https:\/\/libreriahistoriasdebolsillo.com\/index.php\/wp-json\/wp\/v2\/product_brand?post=2211"},{"taxonomy":"product_cat","embeddable":true,"href":"https:\/\/libreriahistoriasdebolsillo.com\/index.php\/wp-json\/wp\/v2\/product_cat?post=2211"},{"taxonomy":"product_tag","embeddable":true,"href":"https:\/\/libreriahistoriasdebolsillo.com\/index.php\/wp-json\/wp\/v2\/product_tag?post=2211"}],"curies":[{"name":"wp","href":"https:\/\/api.w.org\/{rel}","templated":true}]}}