{"id":2226,"date":"2023-11-25T13:53:36","date_gmt":"2023-11-25T19:53:36","guid":{"rendered":"https:\/\/libreriahistoriasdebolsillo.com\/?post_type=product&#038;p=2226"},"modified":"2024-04-27T17:17:18","modified_gmt":"2024-04-27T23:17:18","slug":"la-tierra-de-las-historias-2-el-regreso-de-la-hechicera","status":"publish","type":"product","link":"https:\/\/libreriahistoriasdebolsillo.com\/index.php\/producto\/la-tierra-de-las-historias-2-el-regreso-de-la-hechicera\/","title":{"rendered":"La tierra de las historias 2. El regreso de la hechicera"},"content":{"rendered":"<p>Viaja a la m\u00edtica Tierra de las Historias, ese lugar donde todos los cuentos de hadas son reales. La tierra de las historias ya no es ese lugar que Alex y Conner recuerdan de su primer viaje. La cruel hechicera que maldijo a la Bella Durmiente est\u00e1 de regreso con sed de venganza. Y toda la tierra de los cuentos de hadas se enfrenta a un gran peligro. Cuando la maldad de la hechicera llega al mundo de Alex y Conner -?su madre secuestrada!-, los mellizos tienen que desobedecer a su abuela y encontrar la manera de volver a la tierra de las historias para rescatarla. Con ayuda de sus viejos amigos, Alex y Conner deber\u00e1n enfrentarse a todo tipo de desaf\u00edos y a los villanos m\u00e1s temidos de todos los tiempos??lograr\u00e1n salvar a su madre?<\/p>\n","protected":false},"excerpt":{"rendered":"<p>Chris Colfer<\/p>\n","protected":false},"featured_media":2600,"template":"","meta":{"_joinchat":[]},"product_brand":[],"product_cat":[39,54,52],"product_tag":[48],"class_list":{"0":"post-2226","1":"product","2":"type-product","3":"status-publish","4":"has-post-thumbnail","6":"product_cat-fantasia","7":"product_cat-infantil","8":"product_cat-juvenil","9":"product_tag-vr-editoras","11":"first","12":"instock","13":"shipping-taxable","14":"purchasable","15":"product-type-simple"},"_links":{"self":[{"href":"https:\/\/libreriahistoriasdebolsillo.com\/index.php\/wp-json\/wp\/v2\/product\/2226","targetHints":{"allow":["GET"]}}],"collection":[{"href":"https:\/\/libreriahistoriasdebolsillo.com\/index.php\/wp-json\/wp\/v2\/product"}],"about":[{"href":"https:\/\/libreriahistoriasdebolsillo.com\/index.php\/wp-json\/wp\/v2\/types\/product"}],"wp:featuredmedia":[{"embeddable":true,"href":"https:\/\/libreriahistoriasdebolsillo.com\/index.php\/wp-json\/wp\/v2\/media\/2600"}],"wp:attachment":[{"href":"https:\/\/libreriahistoriasdebolsillo.com\/index.php\/wp-json\/wp\/v2\/media?parent=2226"}],"wp:term":[{"taxonomy":"product_brand","embeddable":true,"href":"https:\/\/libreriahistoriasdebolsillo.com\/index.php\/wp-json\/wp\/v2\/product_brand?post=2226"},{"taxonomy":"product_cat","embeddable":true,"href":"https:\/\/libreriahistoriasdebolsillo.com\/index.php\/wp-json\/wp\/v2\/product_cat?post=2226"},{"taxonomy":"product_tag","embeddable":true,"href":"https:\/\/libreriahistoriasdebolsillo.com\/index.php\/wp-json\/wp\/v2\/product_tag?post=2226"}],"curies":[{"name":"wp","href":"https:\/\/api.w.org\/{rel}","templated":true}]}}