{"id":2266,"date":"2023-11-25T15:27:09","date_gmt":"2023-11-25T21:27:09","guid":{"rendered":"https:\/\/libreriahistoriasdebolsillo.com\/?post_type=product&#038;p=2266"},"modified":"2025-03-11T12:47:38","modified_gmt":"2025-03-11T18:47:38","slug":"sanctum-saga-asylum-2","status":"publish","type":"product","link":"https:\/\/libreriahistoriasdebolsillo.com\/index.php\/producto\/sanctum-saga-asylum-2\/","title":{"rendered":"Asylum 2. Sanctum"},"content":{"rendered":"<p>UNA NOVELA DE LA SAGA ASYLUM, BEST SELLER DE NEW YORK TIMES Dan, Abby y Jordan siguen traumados por el verano que compartieron en Brookline. Mientras intentan seguir adelante, hay alguien que est\u00e1 decido a mantener el terror vivo, y les env\u00eda fotos inquietantes de una vieja feria, estilo circense. Adem\u00e1s, Dan recibe una lista de coordenadas que se\u00f1alan casas antiguas en las cercan\u00edas del asilo, y est\u00e1 convencido de que la \u00fanica forma de terminar con esa pesadilla es regresando al Colegio Preparatorio New Hampshire para seguir las pistas. Pero cuando \u00e9l y sus amigos vuelven con la excusa de pasar un fin de semana como potenciales estudiantes, descubren que las fotos no solo son reales, sino que en el campus se est\u00e1 celebrando la feria, luego de muchos a\u00f1os sin llevarse a cabo, coincidentemente con Halloween. Mientras los chicos escapan de sus anfitriones para visitar los lugares que figuran en la lista, descubren un secreto mucho m\u00e1s oscuro de lo que hab\u00edan imaginado. El alcance de la violencia y el misterio supera todas las expectativas. La trama criminal crece con cada pista seguida. La sangre, tambi\u00e9n. En esta excitante secuela de Asylum podr\u00e1s encontrar fotos vintage de ferias y circos, que te ayudar\u00e1n a experimentar la historia de estos tres j\u00f3venes que viven enredados entre el pasado, el presente y las alucinaciones. \u00bfQu\u00e9 es Sanctum? Una trama que te llevar\u00e1 al borde de la desesperaci\u00f3n. Y de la locura.<\/p>\n","protected":false},"excerpt":{"rendered":"<p>Madeleine Roux<\/p>\n","protected":false},"featured_media":2645,"template":"","meta":{"_joinchat":[]},"product_brand":[],"product_cat":[52,36],"product_tag":[48],"class_list":{"0":"post-2266","1":"product","2":"type-product","3":"status-publish","4":"has-post-thumbnail","6":"product_cat-juvenil","7":"product_cat-terror-y-paranormal","8":"product_tag-vr-editoras","10":"first","11":"instock","12":"shipping-taxable","13":"purchasable","14":"product-type-simple"},"_links":{"self":[{"href":"https:\/\/libreriahistoriasdebolsillo.com\/index.php\/wp-json\/wp\/v2\/product\/2266","targetHints":{"allow":["GET"]}}],"collection":[{"href":"https:\/\/libreriahistoriasdebolsillo.com\/index.php\/wp-json\/wp\/v2\/product"}],"about":[{"href":"https:\/\/libreriahistoriasdebolsillo.com\/index.php\/wp-json\/wp\/v2\/types\/product"}],"wp:featuredmedia":[{"embeddable":true,"href":"https:\/\/libreriahistoriasdebolsillo.com\/index.php\/wp-json\/wp\/v2\/media\/2645"}],"wp:attachment":[{"href":"https:\/\/libreriahistoriasdebolsillo.com\/index.php\/wp-json\/wp\/v2\/media?parent=2266"}],"wp:term":[{"taxonomy":"product_brand","embeddable":true,"href":"https:\/\/libreriahistoriasdebolsillo.com\/index.php\/wp-json\/wp\/v2\/product_brand?post=2266"},{"taxonomy":"product_cat","embeddable":true,"href":"https:\/\/libreriahistoriasdebolsillo.com\/index.php\/wp-json\/wp\/v2\/product_cat?post=2266"},{"taxonomy":"product_tag","embeddable":true,"href":"https:\/\/libreriahistoriasdebolsillo.com\/index.php\/wp-json\/wp\/v2\/product_tag?post=2266"}],"curies":[{"name":"wp","href":"https:\/\/api.w.org\/{rel}","templated":true}]}}