{"id":2276,"date":"2023-11-25T15:35:29","date_gmt":"2023-11-25T21:35:29","guid":{"rendered":"https:\/\/libreriahistoriasdebolsillo.com\/?post_type=product&#038;p=2276"},"modified":"2024-11-01T17:29:15","modified_gmt":"2024-11-01T23:29:15","slug":"mr-mercedes-trilogia-bill-hodges-1","status":"publish","type":"product","link":"https:\/\/libreriahistoriasdebolsillo.com\/index.php\/producto\/mr-mercedes-trilogia-bill-hodges-1\/","title":{"rendered":"Trilog\u00eda Bill Hodges 1. Mr. Mercedes"},"content":{"rendered":"<p><b>De Stephen King, maestro del terror y el suspenso.<\/b><\/p>\n<p><b>\u00bfQui\u00e9n es el cazador y qui\u00e9n la presa? Bill Hodges polic\u00eda jubilado. Brady Hartsfield asesino m\u00faltiple cuya culpabilidad bill hodges nunca logr\u00f3 demostrar. Ahora vuelven a encontrarse y cientos de vidas est\u00e1n en juego.<\/b><\/p>\n<p>Justo antes del amanecer, en una decadente ciudad estadounidense, cientos de desempleados esperan la apertura de la oficina de solicitudes para reclamar uno de los mil puestos de trabajo que se han anunciado. Han hecho cola durante toda la noche. De pronto, invisible hasta que lo tienen pr\u00e1cticamente encima, un Mercedes surge de la fr\u00eda niebla de la madrugada. Su conductor atropella a todos los que encuentra a su alcance. Acto seguido, el coche da marcha atr\u00e1s y vuelve a arremeter contra ellos. El asesino huye dejando ocho muertos y quince heridos.<\/p>\n<p>Meses despu\u00e9s,\u00a0<b>Bill Hodges<\/b>, un polic\u00eda jubilado que sigueobsesionado con este caso sin resolver, recibe una carta an\u00f3nima de quien se declara culpable de la masacre:\u00a0<b>Brady Hartsfield<\/b>. \u00c9l vive todav\u00eda con su madre alcoh\u00f3lica y disfrut\u00f3 tanto de la sensaci\u00f3n de la muerte debajo de los neum\u00e1ticos del Mercedes, que ahora quiere recuperarla.<\/p>\n","protected":false},"excerpt":{"rendered":"<p>Stephen King<\/p>\n","protected":false},"featured_media":2277,"template":"","meta":{"_joinchat":[]},"product_brand":[],"product_cat":[36],"product_tag":[34],"class_list":{"0":"post-2276","1":"product","2":"type-product","3":"status-publish","4":"has-post-thumbnail","6":"product_cat-terror-y-paranormal","7":"product_tag-penguin-random-house","9":"first","10":"outofstock","11":"shipping-taxable","12":"purchasable","13":"product-type-simple"},"_links":{"self":[{"href":"https:\/\/libreriahistoriasdebolsillo.com\/index.php\/wp-json\/wp\/v2\/product\/2276","targetHints":{"allow":["GET"]}}],"collection":[{"href":"https:\/\/libreriahistoriasdebolsillo.com\/index.php\/wp-json\/wp\/v2\/product"}],"about":[{"href":"https:\/\/libreriahistoriasdebolsillo.com\/index.php\/wp-json\/wp\/v2\/types\/product"}],"wp:featuredmedia":[{"embeddable":true,"href":"https:\/\/libreriahistoriasdebolsillo.com\/index.php\/wp-json\/wp\/v2\/media\/2277"}],"wp:attachment":[{"href":"https:\/\/libreriahistoriasdebolsillo.com\/index.php\/wp-json\/wp\/v2\/media?parent=2276"}],"wp:term":[{"taxonomy":"product_brand","embeddable":true,"href":"https:\/\/libreriahistoriasdebolsillo.com\/index.php\/wp-json\/wp\/v2\/product_brand?post=2276"},{"taxonomy":"product_cat","embeddable":true,"href":"https:\/\/libreriahistoriasdebolsillo.com\/index.php\/wp-json\/wp\/v2\/product_cat?post=2276"},{"taxonomy":"product_tag","embeddable":true,"href":"https:\/\/libreriahistoriasdebolsillo.com\/index.php\/wp-json\/wp\/v2\/product_tag?post=2276"}],"curies":[{"name":"wp","href":"https:\/\/api.w.org\/{rel}","templated":true}]}}