{"id":2329,"date":"2023-11-25T16:30:49","date_gmt":"2023-11-25T22:30:49","guid":{"rendered":"https:\/\/libreriahistoriasdebolsillo.com\/?post_type=product&#038;p=2329"},"modified":"2023-11-29T16:04:44","modified_gmt":"2023-11-29T22:04:44","slug":"arsene-lupin-3-la-aguja-hueca","status":"publish","type":"product","link":"https:\/\/libreriahistoriasdebolsillo.com\/index.php\/producto\/arsene-lupin-3-la-aguja-hueca\/","title":{"rendered":"Ars\u00e8ne Lupin 3. La aguja hueca"},"content":{"rendered":"<p>Un codiciado enigma ha sido descubierto por Ars\u00e8ne Lupin, el c\u00e9lebre ladr\u00f3n de los mil disfraces. Pero tendr\u00e1 que resguardarlo de un estudiante que podr\u00eda desenmara\u00f1ar el misterio.<\/p>\n<p>Este secreto que han ocultado los reyes de Francia por siglos desencadenar\u00e1 una sorprendente persecuci\u00f3n que los pondr\u00e1 al borde del abismo. La integridad y el deseo, las apariencias y la verdad, terminar\u00e1n por sumergir al maestro del enga\u00f1o en un torbellino de emociones.<\/p>\n<p>No te quedes fuera de una nueva entrega llena de aventuras e intriga. \u00bfSer\u00e1 este el fin del invencible caballero?<\/p>\n","protected":false},"excerpt":{"rendered":"<p>Maurice Leblanc<\/p>\n","protected":false},"featured_media":2673,"template":"","meta":{"_joinchat":[]},"product_brand":[],"product_cat":[37],"product_tag":[48],"class_list":{"0":"post-2329","1":"product","2":"type-product","3":"status-publish","4":"has-post-thumbnail","6":"product_cat-misterio-y-thriller","7":"product_tag-vr-editoras","9":"first","10":"instock","11":"shipping-taxable","12":"purchasable","13":"product-type-simple"},"_links":{"self":[{"href":"https:\/\/libreriahistoriasdebolsillo.com\/index.php\/wp-json\/wp\/v2\/product\/2329","targetHints":{"allow":["GET"]}}],"collection":[{"href":"https:\/\/libreriahistoriasdebolsillo.com\/index.php\/wp-json\/wp\/v2\/product"}],"about":[{"href":"https:\/\/libreriahistoriasdebolsillo.com\/index.php\/wp-json\/wp\/v2\/types\/product"}],"wp:featuredmedia":[{"embeddable":true,"href":"https:\/\/libreriahistoriasdebolsillo.com\/index.php\/wp-json\/wp\/v2\/media\/2673"}],"wp:attachment":[{"href":"https:\/\/libreriahistoriasdebolsillo.com\/index.php\/wp-json\/wp\/v2\/media?parent=2329"}],"wp:term":[{"taxonomy":"product_brand","embeddable":true,"href":"https:\/\/libreriahistoriasdebolsillo.com\/index.php\/wp-json\/wp\/v2\/product_brand?post=2329"},{"taxonomy":"product_cat","embeddable":true,"href":"https:\/\/libreriahistoriasdebolsillo.com\/index.php\/wp-json\/wp\/v2\/product_cat?post=2329"},{"taxonomy":"product_tag","embeddable":true,"href":"https:\/\/libreriahistoriasdebolsillo.com\/index.php\/wp-json\/wp\/v2\/product_tag?post=2329"}],"curies":[{"name":"wp","href":"https:\/\/api.w.org\/{rel}","templated":true}]}}