{"id":2337,"date":"2023-11-25T16:40:27","date_gmt":"2023-11-25T22:40:27","guid":{"rendered":"https:\/\/libreriahistoriasdebolsillo.com\/?post_type=product&#038;p=2337"},"modified":"2024-08-05T15:42:37","modified_gmt":"2024-08-05T21:42:37","slug":"sadie","status":"publish","type":"product","link":"https:\/\/libreriahistoriasdebolsillo.com\/index.php\/producto\/sadie\/","title":{"rendered":"Sadie"},"content":{"rendered":"<p>Como tantas otras historias, esta comienza con una chica muerta\u2026 El mundo de Sadie se desmorona cuando su hermana menor es brutalmente asesinada. Pero no piensa quedarse de brazos cruzados. Ella vengar\u00e1 a Mattie. Ella har\u00e1 que quien le arrebat\u00f3 la vida lo pague. As\u00ed que cuando la policia da el caso por perdido, la joven se fuga de su hogar siguiendo un par de pistas que podr\u00edan guiarla hasta el asesino. Mientras tanto, un locutor famoso se obsesiona con la desapaci\u00f3n de Sadie, y comienza a investigar el caso en su podcast \u201cLas chicas\u201d. En \u00e9l intent\u00e1 comprender que ocurri\u00f3 con ella y si su ausencia est\u00e1 vinculada al crimen de Mattie, con la esperanza de resolver el misterio que la envuelve antes de que sea demasiado tarde. Un relato cruento y desgarrador que te mantendr\u00e1 atrapado hasta la \u00faltima p\u00e1gina.<\/p>\n","protected":false},"excerpt":{"rendered":"<p>Courtney Summers<\/p>\n","protected":false},"featured_media":2338,"template":"","meta":{"_joinchat":[]},"product_brand":[],"product_cat":[52,37],"product_tag":[48],"class_list":{"0":"post-2337","1":"product","2":"type-product","3":"status-publish","4":"has-post-thumbnail","6":"product_cat-juvenil","7":"product_cat-misterio-y-thriller","8":"product_tag-vr-editoras","10":"first","11":"instock","12":"shipping-taxable","13":"purchasable","14":"product-type-simple"},"_links":{"self":[{"href":"https:\/\/libreriahistoriasdebolsillo.com\/index.php\/wp-json\/wp\/v2\/product\/2337","targetHints":{"allow":["GET"]}}],"collection":[{"href":"https:\/\/libreriahistoriasdebolsillo.com\/index.php\/wp-json\/wp\/v2\/product"}],"about":[{"href":"https:\/\/libreriahistoriasdebolsillo.com\/index.php\/wp-json\/wp\/v2\/types\/product"}],"wp:featuredmedia":[{"embeddable":true,"href":"https:\/\/libreriahistoriasdebolsillo.com\/index.php\/wp-json\/wp\/v2\/media\/2338"}],"wp:attachment":[{"href":"https:\/\/libreriahistoriasdebolsillo.com\/index.php\/wp-json\/wp\/v2\/media?parent=2337"}],"wp:term":[{"taxonomy":"product_brand","embeddable":true,"href":"https:\/\/libreriahistoriasdebolsillo.com\/index.php\/wp-json\/wp\/v2\/product_brand?post=2337"},{"taxonomy":"product_cat","embeddable":true,"href":"https:\/\/libreriahistoriasdebolsillo.com\/index.php\/wp-json\/wp\/v2\/product_cat?post=2337"},{"taxonomy":"product_tag","embeddable":true,"href":"https:\/\/libreriahistoriasdebolsillo.com\/index.php\/wp-json\/wp\/v2\/product_tag?post=2337"}],"curies":[{"name":"wp","href":"https:\/\/api.w.org\/{rel}","templated":true}]}}