{"id":2385,"date":"2023-11-25T17:40:34","date_gmt":"2023-11-25T23:40:34","guid":{"rendered":"https:\/\/libreriahistoriasdebolsillo.com\/?post_type=product&#038;p=2385"},"modified":"2024-03-21T15:07:05","modified_gmt":"2024-03-21T21:07:05","slug":"tormenta-de-espadas-cancion-de-hielo-y-fuego-3","status":"publish","type":"product","link":"https:\/\/libreriahistoriasdebolsillo.com\/index.php\/producto\/tormenta-de-espadas-cancion-de-hielo-y-fuego-3\/","title":{"rendered":"Canci\u00f3n de hielo y fuego 3. Tormenta de espadas"},"content":{"rendered":"<p><b><i>Tormenta de espadas<\/i>\u00a0es el tercer volumen de Canci\u00f3n de hielo y fuego, la monumental saga de fantas\u00eda \u00e9pica del escritor George R. R. Martin que ha vendido m\u00e1s de 20 millones de ejemplares en todo el mundo.<\/b><\/p>\n<p><b>De la saga que inspir\u00f3 la filmaci\u00f3n de la aclamada serie televisiva de HBO:\u00a0<i>Game of Thrones.<\/i><\/b><\/p>\n<p>Arrasados por la guerra, los Siete Reinos pronto sufrir\u00e1n el largu\u00edsimo invierno que se predice como inusitadamente crudo. Y mientras empeoran la violencia y el clima, los personajes entra\u00f1ables e infames que ya conocemos contin\u00faan debati\u00e9ndose entre feroces batallas y perversas intrigas palaciegas: Joffrey, el cruel rey adolescente, hace de las suyas ante el azoro de los propios miembros de su clan, los Lannister; Robb Stark, rey de Invernalia, ha ganado todos sus combates, pero est\u00e1 perdiendo la guerra; Daenerys, la princesa de los tres dragones, ya est\u00e1 al frente de un ej\u00e9rcito de mercenarios para cumplir su destino: recuperar el reino del cual fue despojada. Pero tambi\u00e9n otra fuerza armada, con la que nadie contaba, surge desde m\u00e1s all\u00e1 del Muro de Hielo: se trata de los Otros, un ej\u00e9rcito sobrenatural de muertos vivientes, cuyos cuerpos inertes no podr\u00e1n ser detenidos.<\/p>\n<p>\u00c9sta es\u00a0<i>Tormenta de espadas<\/i>, la tercera entrega de Canci\u00f3n de hielo y fuego que, adem\u00e1s de enriquecer el universo imaginario de la saga, pone a prueba a todos sus personajes principales. Algunos pierden pero otros, como el autor mismo, se robustecen.<\/p>\n","protected":false},"excerpt":{"rendered":"<p>George R.R. Martin<\/p>\n","protected":false},"featured_media":2386,"template":"","meta":{"_joinchat":[]},"product_brand":[],"product_cat":[39,51],"product_tag":[34],"class_list":{"0":"post-2385","1":"product","2":"type-product","3":"status-publish","4":"has-post-thumbnail","6":"product_cat-fantasia","7":"product_cat-oferta","8":"product_tag-penguin-random-house","10":"first","11":"outofstock","12":"sale","13":"shipping-taxable","14":"purchasable","15":"product-type-simple"},"_links":{"self":[{"href":"https:\/\/libreriahistoriasdebolsillo.com\/index.php\/wp-json\/wp\/v2\/product\/2385","targetHints":{"allow":["GET"]}}],"collection":[{"href":"https:\/\/libreriahistoriasdebolsillo.com\/index.php\/wp-json\/wp\/v2\/product"}],"about":[{"href":"https:\/\/libreriahistoriasdebolsillo.com\/index.php\/wp-json\/wp\/v2\/types\/product"}],"wp:featuredmedia":[{"embeddable":true,"href":"https:\/\/libreriahistoriasdebolsillo.com\/index.php\/wp-json\/wp\/v2\/media\/2386"}],"wp:attachment":[{"href":"https:\/\/libreriahistoriasdebolsillo.com\/index.php\/wp-json\/wp\/v2\/media?parent=2385"}],"wp:term":[{"taxonomy":"product_brand","embeddable":true,"href":"https:\/\/libreriahistoriasdebolsillo.com\/index.php\/wp-json\/wp\/v2\/product_brand?post=2385"},{"taxonomy":"product_cat","embeddable":true,"href":"https:\/\/libreriahistoriasdebolsillo.com\/index.php\/wp-json\/wp\/v2\/product_cat?post=2385"},{"taxonomy":"product_tag","embeddable":true,"href":"https:\/\/libreriahistoriasdebolsillo.com\/index.php\/wp-json\/wp\/v2\/product_tag?post=2385"}],"curies":[{"name":"wp","href":"https:\/\/api.w.org\/{rel}","templated":true}]}}