{"id":2387,"date":"2023-11-25T17:42:12","date_gmt":"2023-11-25T23:42:12","guid":{"rendered":"https:\/\/libreriahistoriasdebolsillo.com\/?post_type=product&#038;p=2387"},"modified":"2024-03-21T15:07:00","modified_gmt":"2024-03-21T21:07:00","slug":"festin-de-cuervos-cancion-de-hielo-y-fuego-4","status":"publish","type":"product","link":"https:\/\/libreriahistoriasdebolsillo.com\/index.php\/producto\/festin-de-cuervos-cancion-de-hielo-y-fuego-4\/","title":{"rendered":"Canci\u00f3n de hielo y fuego 4. Fest\u00edn de cuervos"},"content":{"rendered":"<p><i><b>Fest\u00edn de cuervos<\/b><\/i><b>\u00a0es el cuarto volumen de Canci\u00f3n de hielo y fuego, la monumental saga de fantas\u00eda \u00e9pica del escritor George R. R. Martin que ha vendido m\u00e1s de 20 millones de ejemplares en todo el mundo.<\/b><\/p>\n<p><b>La saga que inspir\u00f3 la filmaci\u00f3n de la aclamada serie televisiva de HBO:\u00a0<\/b><i><b>Game of Thrones<\/b><\/i><b>.<\/b><\/p>\n<p>Cuando se apaga el clamor de las espadas, solamente queda carro\u00f1a para los cuervos. Luego de siglos de guerras descarnadas, los siete poderes que dividen la tierra se han diezmado unos a otros hasta alcanzar una dif\u00edcil tregua. Muy pocos reclamos leg\u00edtimos existen ya por el Trono de Hierro, y la guerra que ha convertido al mundo en poco m\u00e1s que un desierto al fin ha terminado. O eso parece. Pero no pasa mucho tiempo antes de que los sobrevivientes, los proscritos, los renegados y los carro\u00f1eros de los Siete Reinos se re\u00fanan.<\/p>\n<p>Ahora, como cuervos humanos que acechan un banquete de cenizas, nuevas intrigas y peligrosas alianzas se forman, a la vez que rostros sorprendentes algunos familiares, otros desconocidos emergen de un siniestro crep\u00fasculo de caos y luchas pasadas para asumir los desaf\u00edos de los terribles tiempos que se avecinan. Nobles y plebeyos, soldados y hechiceros, asesinos y sabios se unen para hacer valer su vida y sus fortunas. Porque en un fest\u00edn de cuervos, muchos son los invitados&#8230;pero s\u00f3lo unos pocos logran sobrevivir.<\/p>\n","protected":false},"excerpt":{"rendered":"<p>George R.R. Martin<\/p>\n","protected":false},"featured_media":2388,"template":"","meta":{"_joinchat":[]},"product_brand":[],"product_cat":[39,51],"product_tag":[34],"class_list":{"0":"post-2387","1":"product","2":"type-product","3":"status-publish","4":"has-post-thumbnail","6":"product_cat-fantasia","7":"product_cat-oferta","8":"product_tag-penguin-random-house","10":"first","11":"outofstock","12":"sale","13":"shipping-taxable","14":"purchasable","15":"product-type-simple"},"_links":{"self":[{"href":"https:\/\/libreriahistoriasdebolsillo.com\/index.php\/wp-json\/wp\/v2\/product\/2387","targetHints":{"allow":["GET"]}}],"collection":[{"href":"https:\/\/libreriahistoriasdebolsillo.com\/index.php\/wp-json\/wp\/v2\/product"}],"about":[{"href":"https:\/\/libreriahistoriasdebolsillo.com\/index.php\/wp-json\/wp\/v2\/types\/product"}],"wp:featuredmedia":[{"embeddable":true,"href":"https:\/\/libreriahistoriasdebolsillo.com\/index.php\/wp-json\/wp\/v2\/media\/2388"}],"wp:attachment":[{"href":"https:\/\/libreriahistoriasdebolsillo.com\/index.php\/wp-json\/wp\/v2\/media?parent=2387"}],"wp:term":[{"taxonomy":"product_brand","embeddable":true,"href":"https:\/\/libreriahistoriasdebolsillo.com\/index.php\/wp-json\/wp\/v2\/product_brand?post=2387"},{"taxonomy":"product_cat","embeddable":true,"href":"https:\/\/libreriahistoriasdebolsillo.com\/index.php\/wp-json\/wp\/v2\/product_cat?post=2387"},{"taxonomy":"product_tag","embeddable":true,"href":"https:\/\/libreriahistoriasdebolsillo.com\/index.php\/wp-json\/wp\/v2\/product_tag?post=2387"}],"curies":[{"name":"wp","href":"https:\/\/api.w.org\/{rel}","templated":true}]}}